-- http://www.phpmyadmin.net
-- 
-- Erstellungszeit: 13. März 2011 um 14:39
-- Server Version: 4.1.18
-- PHP-Version: 4.4.2
-- 
-- Datenbank: `niki`
-- 

-- --------------------------------------------------------

-- 
-- Tabellenstruktur für Tabelle `alldrivers`
-- 

CREATE TABLE IF NOT EXISTS `alldrivers` (
  `a_id` int(4) NOT NULL auto_increment,
  `a_lname` varchar(20) NOT NULL default '',
  `a_fname` varchar(20) NOT NULL default '',
  PRIMARY KEY  (`a_id`)
) ENGINE=MyISAM DEFAULT CHARSET=latin1 AUTO_INCREMENT=819 ;

-- 
-- Daten für Tabelle `alldrivers`
-- 

INSERT INTO `alldrivers` (`a_id`, `a_lname`, `a_fname`) VALUES 
(1, 'ABATE', 'Carlo'),
(2, 'ABECASSIS', 'George'),
(3, 'ACHESON', 'Kenny'),
(4, 'ADAMS', 'Philippe'),
(5, 'ADER', 'Walt'),
(6, 'ADOLFF', 'Kurt'),
(7, 'AGABASHIAN', 'Fred'),
(8, 'AHRENS', 'Kurt Jr.'),
(9, 'ALBERS', 'Christijan'),
(10, 'ALBORETO', 'Michele'),
(11, 'ALESI', 'Jean'),
(12, 'ALGUERSUARI', 'Jaime'),
(13, 'ALLIOT', 'Philippe'),
(14, 'ALLISON', 'Cliff'),
(15, 'ALONSO', 'Fernando'),
(16, 'AMATI', 'Giovanna'),
(17, 'AMICK', 'George'),
(18, 'AMICK', 'Red'),
(19, 'AMON', 'Chris'),
(20, 'ANDERSON', 'Bob'),
(21, 'ANDERSSON', 'Conny'),
(22, 'ANDRETTI', 'Mario'),
(23, 'ANDRETTI', 'Michael'),
(24, 'ANDREWS', 'Keith'),
(25, 'APICELLA', 'Marco'),
(26, 'ARMI', 'Frank'),
(27, 'ARNOLD', 'Chuck'),
(28, 'ARNOUX', 'Rene'),
(29, 'ARUNDELL', 'Peter'),
(30, 'ASCARI', 'Alberto'),
(31, 'ASHDOWN', 'Peter'),
(32, 'ASHLEY', 'Ian'),
(33, 'ASHMORE', 'Gerry'),
(34, 'ASTON', 'Bill'),
(35, 'ATTWOOD', 'Richard'),
(36, 'AYULO', 'Manny'),
(37, 'BADOER', 'Luca'),
(38, 'BAGHETTI', 'Giancarlo'),
(39, 'BAILEY', 'Julian'),
(40, 'BALDI', 'Mauro'),
(41, 'BALL', 'Bobby'),
(42, 'BALSA', 'Marcel'),
(43, 'BANDINI', 'Lorenzo'),
(44, 'BANKS', 'Henry'),
(45, 'BARBAZZA', 'Fabrizio'),
(46, 'BARBER', 'John'),
(47, 'BARBER', 'Skip'),
(48, 'BARILLA', 'Paolo'),
(49, 'BARRICHELLO', 'Rubens'),
(50, 'BARTELS', 'Michael'),
(51, 'BARTH', 'Edgar'),
(52, 'BASSI', 'Giorgio'),
(53, 'BAUER', 'Erwin'),
(54, 'BAUMGARTNER', 'Zsolt'),
(55, 'BAYOL', 'Elie'),
(56, 'BEAUMAN', 'Don'),
(57, 'BECHEM', 'Karl–Guenther'),
(58, 'BEHRA', 'Jean'),
(59, 'BELL', 'Derek'),
(60, 'BELLOF', 'Stefan'),
(61, 'BELMONDO', 'Paul'),
(62, 'BELSO', 'Tom'),
(63, 'BELTOISE', 'Jean-Pierre'),
(64, 'BERETTA', 'Olivier'),
(65, 'BERG', 'Allen'),
(66, 'BERGER', 'Georges'),
(67, 'BERGER', 'Gerhard'),
(68, 'BERNARD', 'Eric'),
(69, 'BERNOLDI', 'Enrique'),
(70, 'BERTAGGIA', 'Enrico'),
(71, 'BETTENHAUSEN', 'Tony'),
(72, 'BEUTTLER', 'Mike'),
(73, 'BHANUBANDH', 'Birabongse'),
(74, 'BIANCHI', 'Lucien'),
(75, 'BIANCO', 'Gino'),
(76, 'BINDER', 'Hans'),
(77, 'BIONDETTI', 'Clemente'),
(78, 'BIRGER', 'Pablo'),
(79, 'BISCH', 'Art'),
(80, 'BLANCHARD', 'Harry'),
(81, 'BLEEKEMOLEN', 'Michael'),
(82, 'BLIGNAUT', 'Alex'),
(83, 'BLOKDYK', 'Trevor'),
(84, 'BLUNDELL', 'Mark'),
(85, 'BOESEL', 'Raul'),
(86, 'BOFFA', 'Menato'),
(87, 'BONDURANT', 'Bob'),
(88, 'BONETTO', 'Felice'),
(89, 'BONNIER', 'Jo'),
(90, 'BONOMI', 'Roberto'),
(91, 'BORDEU', 'Juan Manuel'),
(92, 'BORGUDD', 'Slim'),
(93, 'BOTHA', 'Luki'),
(94, 'BOULLION', 'Jean-Christophe'),
(95, 'BOURDAIS', 'Sebastien'),
(96, 'BOUTSEN', 'Thierry'),
(97, 'BOYD', 'Johnny'),
(98, 'BRABHAM', 'David'),
(99, 'BRABHAM', 'Gary'),
(100, 'BRABHAM', 'Jack'),
(101, 'BRACK', 'Bill'),
(102, 'BRAMBILLA', 'Ernesto'),
(103, 'BRAMBILLA', 'Vittorio'),
(104, 'BRANCA', 'Toni'),
(105, 'BRANCATELLI', 'Gianfranco'),
(106, 'BRANDON', 'Eric'),
(107, 'BRANSON', 'Don'),
(108, 'BRIDGER', 'Tom'),
(109, 'BRISE', 'Tony'),
(110, 'BRISTOW', 'Chris'),
(111, 'BROEKER', 'Peter'),
(112, 'BROOKS', 'Tony'),
(113, 'BROWN', 'Alan'),
(114, 'BROWN', 'Walt'),
(115, 'BROWN', 'Warwick'),
(116, 'BRUDES', 'Adolf'),
(117, 'BRUNDLE', 'Martin'),
(118, 'BRUNI', 'Gianmaria'),
(119, 'BRYAN', 'Jimmy'),
(120, 'BUCCI', 'Clemar'),
(121, 'BUCKNUM', 'Ronnie'),
(122, 'BUEB', 'Ivor'),
(123, 'BUEMI', 'Sebastien'),
(124, 'BUENO', 'Luiz'),
(125, 'BURGESS', 'Ian'),
(126, 'BURTI', 'Luciano'),
(127, 'BUSSINELLO', 'Roberto'),
(128, 'BUTTON', 'Jenson'),
(129, 'BYRNE', 'Tommy'),
(130, 'CABIANCA', 'Giulio'),
(131, 'CADE', 'Phil'),
(132, 'CAFFI', 'Alex'),
(133, 'CAMPBELL-JONES', 'John'),
(134, 'CAMPOS', 'Adrian'),
(135, 'CANNON', 'John'),
(136, 'CANTONI', 'Eitel'),
(137, 'CANTRELL', 'Bill'),
(138, 'CAPELLI', 'Ivan'),
(139, 'CARINI', 'Piero'),
(140, 'CARTER', 'Duane'),
(141, 'CASTELLOTTI', 'Eugenio'),
(142, 'CECOTTO', 'Johnny'),
(143, 'CEVERT', 'Francois'),
(144, 'CHABOUD', 'Eugène'),
(145, 'CHAMBERLAIN', 'Jay'),
(146, 'CHAPMAN', 'Colin'),
(147, 'CHARLTON', 'Dave'),
(148, 'CHAVES', 'Pedro Matos'),
(149, 'CHEESBOURG', 'Bill'),
(150, 'CHEEVER', 'Eddie'),
(151, 'CHIESA', 'Andrea'),
(152, 'CHIMERI', 'Ettore'),
(153, 'CHIRON', 'Louis'),
(154, 'CHITWOOD', 'Joie'),
(155, 'CHRISTIE', 'Bob'),
(156, 'CLAES', 'Johnny'),
(157, 'CLAPHAM', 'David'),
(158, 'CLARK', 'Jim'),
(159, 'COGAN', 'Kevin'),
(160, 'COLLINS', 'Peter'),
(161, 'COLLOMB', 'Bernard'),
(162, 'COLOMBO', 'Alberto'),
(163, 'COMAS', 'Erik'),
(164, 'COMOTTI', 'Franco'),
(165, 'CONNOR', 'George'),
(166, 'CONSTANTINE', 'George'),
(167, 'CORDTS', 'John'),
(168, 'COULTHARD', 'David'),
(169, 'COURAGE', 'Piers'),
(170, 'CRAFT', 'Chris'),
(171, 'CRAWFORD', 'Jim'),
(172, 'CRAWFORD', 'Ray'),
(173, 'CRESPO', 'Alberto'),
(174, 'CREUS', 'Antonio'),
(175, 'CROCKETT', 'Larry'),
(176, 'CROOK', 'Tony'),
(177, 'CROSS', 'Art'),
(178, 'CROSSLEY', 'Geoff'),
(179, 'DA MATTA', 'Cristiano'),
(180, 'DA SLIVA RAMOS', 'Hernando'),
(181, 'DAIGH', 'Chuck'),
(182, 'DALMAS', 'Yannick'),
(183, 'DALY', 'Derek'),
(184, 'DANNER', 'Christian'),
(185, 'DAPONTE', 'Jorge'),
(186, 'DAVIDSON', 'Anthony'),
(187, 'DAVIES', 'Jimmy'),
(188, 'DAVIS', 'Colin'),
(189, 'DAYWALT', 'Jimmy'),
(190, 'DE ADAMICH', 'Andrea'),
(191, 'DE ANGELIS', 'Elio'),
(192, 'DE ARAUJO CABRAL', 'Mario'),
(193, 'DE CESARIS', 'Andrea'),
(194, 'DE CHANGY', 'Alain'),
(195, 'DE DRYVER', 'Bernard'),
(196, 'DE FILIPPIS', 'Maria Teresa'),
(197, 'DE GRAFFENRIED', 'Emmanuel'),
(198, 'DE KLERK', 'Peter'),
(199, 'DE LA ROSA', 'Pedro'),
(200, 'DE PORTAGO', 'Alfonso'),
(201, 'DE RIU', 'Giovanni'),
(202, 'DE TOMASO', 'Alejandro'),
(203, 'DE TORNACO', 'Charles'),
(204, 'DE VILLOTA', 'Emilio'),
(205, 'DE VOS', 'Ernie'),
(206, 'DELETRAZ', 'Jean-Denis'),
(207, 'DEPAILLER', 'Patrick'),
(208, 'DINIZ', 'Pedro'),
(209, 'DINSMORE', 'Duke'),
(210, 'DOCHNAL', 'Frank'),
(211, 'DOLHEM', 'Jose'),
(212, 'DONNELLY', 'Martin'),
(213, 'DONOHUE', 'Mark'),
(214, 'DOORNBOS', 'Robert'),
(215, 'D''OREY', 'Fritz'),
(216, 'DOWNING', 'Ken'),
(217, 'DRAKE', 'Bob'),
(218, 'DRIVER', 'Paddy'),
(219, 'DROGO', 'Piero'),
(220, 'DUKE', 'Geoff'),
(221, 'DUMFRIES', 'Johnny'),
(222, 'DUNCAN', 'Len'),
(223, 'DUSIO', 'Piero'),
(224, 'EATON', 'George'),
(225, 'ECCLESTONE', 'Bernie'),
(226, 'EDMUNDS', 'Don'),
(227, 'EDWARDS', 'Guy'),
(228, 'ELFORD', 'Vic'),
(229, 'ELISIAN', 'Ed'),
(230, 'EMERY', 'Paul'),
(231, 'ENGE', 'Tomas'),
(232, 'ENGLAND', 'Paul'),
(233, 'ERTL', 'Harald'),
(234, 'ESTEFANO', 'Nasif'),
(235, 'ETANCELIN', 'Philippe'),
(236, 'EVANS', 'Bob'),
(237, 'FABI', 'Corrado'),
(238, 'FABI', 'Teo'),
(239, 'FABRE', 'Pascal'),
(240, 'FACETTI', 'Carlo'),
(241, 'FAGIOLI', 'Luigi'),
(242, 'FAIRMAN', 'Jack'),
(243, 'FANGIO', 'Juan Manuel'),
(244, 'FARINA', 'Nino'),
(245, 'FAULKNER', 'Walt'),
(246, 'FERGUSON', 'William'),
(247, 'FIRMAN', 'Ralph'),
(248, 'FISCHER', 'Ludwig'),
(249, 'FISCHER', 'Rudi'),
(250, 'FISHER', 'Mike'),
(251, 'FISICHELLA', 'Giancarlo'),
(252, 'FITCH', 'John'),
(253, 'FITTIPALDI', 'Christian'),
(254, 'FITTIPALDI', 'Emerson'),
(255, 'FITTIPALDI', 'Wilson'),
(256, 'FITZAU', 'Theo'),
(257, 'FLAHERTY', 'Pat'),
(258, 'FLINTERMAN', 'Jan'),
(259, 'FLOCKHART', 'Ron'),
(260, 'FOHR', 'Myron'),
(261, 'FOITEK', 'Gregor'),
(262, 'FOLLMER', 'George'),
(263, 'FONDER', 'George'),
(264, 'FONTANA', 'Norberto'),
(265, 'FONTES BAYARDO', 'Azdrubal'),
(266, 'FORBERG', 'Carl'),
(267, 'FORCE', 'Gene'),
(268, 'FORINI', 'Franco'),
(269, 'FOTHERINGHAM-PARKER', 'Philip'),
(270, 'FOYT', 'A.J.'),
(271, 'FRANCIA', 'Giorgio'),
(272, 'FREELAND', 'Don'),
(273, 'FRENTZEN', 'Heinz-Harald'),
(274, 'FRERE', 'Paul'),
(275, 'FRIESACHER', 'Patrick'),
(276, 'FRY', 'Joe'),
(277, 'FUSHIDA', 'Hiroshi'),
(278, 'GABBIANI', 'Beppe'),
(279, 'GACHOT', 'Bertrand'),
(280, 'GAILLARD', 'Patrick'),
(281, 'GALICA', 'Divina'),
(282, 'GALLI', 'Nanni'),
(283, 'GALVEZ', 'Oscar Alfredo'),
(284, 'GAMBLE', 'Fred'),
(285, 'GANLEY', 'Howden'),
(286, 'GARDNER', 'Frank'),
(287, 'GARRETT', 'Billy'),
(288, 'GARTNER', 'Jo'),
(289, 'GAZE', 'Tony'),
(290, 'GEKI', 'NN'),
(291, 'GENDEBIEN', 'Olivier'),
(292, 'GENE', 'Marc'),
(293, 'GEORGE', 'Elmer'),
(294, 'GERARD', 'Bob'),
(295, 'GERINI', 'Gerino'),
(296, 'GETHIN', 'Peter'),
(297, 'GHINZANI', 'Piercarlo'),
(298, 'GIACOMELLI', 'Bruno'),
(299, 'GIBSON', 'Dick'),
(300, 'GINTHER', 'Richie'),
(301, 'GIRAUD-CABANTOUS', 'Yves'),
(302, 'GIUNTI', 'Ignazio'),
(303, 'GLOCK', 'Timo'),
(304, 'GLOECKLER', 'Helm'),
(305, 'GODIA', 'Paco'),
(306, 'GODIN DE BEAUFORT', 'Carel'),
(307, 'GOETHALS', 'Christian'),
(308, 'GOLDSMITH', 'Paul'),
(309, 'GONZALEZ', 'Jose Froilan'),
(310, 'GONZALEZ', 'Oscar'),
(311, 'GORDINI', 'Aldo'),
(312, 'GOULD', 'Horace'),
(313, 'GOUNON', 'Jean-Marc'),
(314, 'GREEN', 'Cecil'),
(315, 'GREENE', 'Keith'),
(316, 'GREGORY', 'Masten'),
(317, 'GRIFFITH', 'Cliff'),
(318, 'GRIGNARD', 'Georges'),
(319, 'GRIM', 'Bobby'),
(320, 'GROSJEAN', 'Romain'),
(321, 'GROUILLARD', 'Olivier'),
(322, 'GUBBY', 'Brian'),
(323, 'GUELFI', 'Andre'),
(324, 'GUERRA', 'Miguel Angel'),
(325, 'GUERRERO', 'Roberto'),
(326, 'GUGELMIN', 'Mauricio'),
(327, 'GURNEY', 'Dan'),
(328, 'HAHNE', 'Hubert'),
(329, 'HAILWOOD', 'Mike'),
(330, 'HAKKINEN', 'Mika'),
(331, 'HALFORD', 'Bruce'),
(332, 'HALL', 'Jim'),
(333, 'HAMILTON', 'Duncan'),
(334, 'HAMILTON', 'Lewis'),
(335, 'HAMPSHIRE', 'David'),
(336, 'HANKS', 'Sam'),
(337, 'HANSGEN', 'Walt'),
(338, 'HARRIS', 'Mike'),
(339, 'HARRISON', 'Cuth'),
(340, 'HART', 'Brian'),
(341, 'HARTLEY', 'Gene'),
(342, 'HASEMI', 'Masahiro'),
(343, 'HATTORI', 'Naoki'),
(344, 'HAWKINS', 'Paul'),
(345, 'HAWTHORN', 'Mike'),
(346, 'HAYJE', 'Boy'),
(347, 'HEEKS', 'Willi'),
(348, 'HEIDFELD', 'Nick'),
(349, 'HELFRICH', 'Theo'),
(350, 'HELLINGS', 'Mack'),
(351, 'HENTON', 'Brian'),
(352, 'HERBERT', 'Johnny'),
(353, 'HERMAN', 'Al'),
(354, 'HERRMANN', 'Hans'),
(355, 'HESNAULT', 'Francois'),
(356, 'HEYER', 'Hans'),
(357, 'HILL', 'Damon'),
(358, 'HILL', 'Graham'),
(359, 'HILL', 'Phil'),
(360, 'HIRT', 'Peter'),
(361, 'HOBBS', 'David'),
(362, 'HOCKING', 'Gary'),
(363, 'HOFFMANN', 'Ingo'),
(364, 'HOLLAND', 'Bill'),
(365, 'HOLMES', 'Jackie'),
(366, 'HOMEIER', 'Bill'),
(367, 'HOSHINO', 'Kazuyoshi'),
(368, 'HOYT', 'Jerry'),
(369, 'HULME', 'Denny'),
(370, 'HUNT', 'James'),
(371, 'HURTUBISE', 'Jim'),
(372, 'HUTCHISON', 'Gus'),
(373, 'ICKX', 'Jacky'),
(374, 'IDE', 'Yuji'),
(375, 'IGLESIAS', 'Jesus'),
(376, 'INOUE', 'Taki'),
(377, 'IRELAND', 'Innes'),
(378, 'IRVINE', 'Eddie'),
(379, 'IRWIN', 'Chris'),
(380, 'JABOUILLE', 'Jean-Pierre'),
(381, 'JACKSON', 'Jimmy'),
(382, 'JAMES', 'Joe'),
(383, 'JAMES', 'John'),
(384, 'JARIER', 'Jean-Pierre'),
(385, 'JEAN', 'Max'),
(386, 'JOHANSSON', 'Stefan'),
(387, 'JOHNSON', 'Eddie'),
(388, 'JOHNSON', 'Leslie'),
(389, 'JOHNSTONE', 'Bruce'),
(390, 'JONES', 'Alan'),
(391, 'JONES', 'Tom'),
(392, 'JOVER', 'Juan'),
(393, 'KARCH', 'Oswald'),
(394, 'KARTHIKEYAN', 'Narain'),
(395, 'KATAYAMA', 'Ukyo'),
(396, 'KAVANAGH', 'Ken'),
(397, 'KEEGAN', 'Rupert'),
(398, 'KEIZAN', 'Eddie'),
(399, 'KELLER', 'Al'),
(400, 'KELLY', 'Joe'),
(401, 'KENNEDY', 'Dave'),
(402, 'KESSEL', 'Loris'),
(403, 'KESSLER', 'Bruce'),
(404, 'KIESA', 'Nicolas'),
(405, 'KINNUNEN', 'Leo'),
(406, 'KLADIS', 'Danny'),
(407, 'KLENK', 'Hans'),
(408, 'KLIEN', 'Christian'),
(409, 'KLING', 'Karl'),
(410, 'KLODWIG', 'Ernst'),
(411, 'KOBAYASHI', 'Kamui'),
(412, 'KOINIGG', 'Helmuth'),
(413, 'KOVALAINEN', 'Heikki'),
(414, 'KOZAROWITZKY', 'Mikko'),
(415, 'KRAKAU', 'Willi'),
(416, 'KRAUSE', 'Rudolf'),
(417, 'KUBICA', 'Robert'),
(418, 'KUHNKE', 'Kurt'),
(419, 'KUWASHIMA', 'Masami'),
(420, 'LA CAZE', 'Robert'),
(421, 'LAFFITE', 'Jacques'),
(422, 'LAGORCE', 'Franck'),
(423, 'LAMMERS', 'Jan'),
(424, 'LAMY', 'Pedro'),
(425, 'LANDI', 'Chico'),
(426, 'LANG', 'Hermann'),
(427, 'LANGES', 'Claudio'),
(428, 'LARINI', 'Nicola'),
(429, 'LARRAURI', 'Oscar'),
(430, 'LARROUSSE', 'Gerard'),
(431, 'LARSON', 'Jud'),
(432, 'LAUDA', 'Niki'),
(433, 'LAURENT', 'Roger'),
(434, 'LAVAGGI', 'Giovanni'),
(435, 'LAWRENCE', 'Chris'),
(436, 'LECLERE', 'Michel'),
(437, 'LEDERLE', 'Neville'),
(438, 'LEES', 'Geoff'),
(439, 'LEGAT', 'Arthur'),
(440, 'LEHTO', 'JJ'),
(441, 'LEONI', 'Lamberto'),
(442, 'LESTON', 'Les'),
(443, 'LEVEGH', 'Pierre'),
(444, 'LEVRETT', 'Bayliss'),
(445, 'LEWIS', 'Jackie'),
(446, 'LEWIS-EVANS', 'Stuart'),
(447, 'LIGIER', 'Guy'),
(448, 'LINDEN', 'Andy'),
(449, 'LIPPI', 'Roberto'),
(450, 'LIUZZI', 'Vitantonio'),
(451, 'LOMBARDI', 'Lella'),
(452, 'LONDONO', 'Ricardo'),
(453, 'LOOF', 'Ernst'),
(454, 'LOUVEAU', 'Henri'),
(455, 'LOVE', 'John'),
(456, 'LOVELY', 'Pete'),
(457, 'LOYER', 'Roger'),
(458, 'LUCAS', 'Jean'),
(459, 'LUCIENBONNET', 'Jean'),
(460, 'LUNGER', 'Brett'),
(461, 'MACDOWEL', 'Mike'),
(462, 'MACKAY-FRASER', 'Herbert'),
(463, 'MACKEY', 'Bill'),
(464, 'MACKLIN', 'Lance'),
(465, 'MAGEE', 'Damien'),
(466, 'MAGGS', 'Tony'),
(467, 'MAGILL', 'Mike'),
(468, 'MAGLIOLI', 'Umberto'),
(469, 'MAGNUSSEN', 'Jan'),
(470, 'MAIRESSE', 'Guy'),
(471, 'MAIRESSE', 'Willy'),
(472, 'MANSELL', 'Nigel'),
(473, 'MANTOVANI', 'Sergio'),
(474, 'MANTZ', 'Johnny'),
(475, 'MANZON', 'Robert'),
(476, 'MARIMON', 'Onofre'),
(477, 'MARKO', 'Helmut'),
(478, 'MARQUES', 'Tarso'),
(479, 'MARR', 'Leslie'),
(480, 'MARSH', 'Tony'),
(481, 'MARTIN', 'Eugene'),
(482, 'MARTINI', 'Pierluigi'),
(483, 'MASS', 'Jochen'),
(484, 'MASSA', 'Felipe'),
(485, 'MAY', 'Michael'),
(486, 'MAYER', 'Timmy'),
(487, 'MAZET', 'Francois'),
(488, 'MAZZACANE', 'Gaston'),
(489, 'MCALPINE', 'Kenneth'),
(490, 'MCCARTHY', 'Perry'),
(491, 'MCCOY', 'Ernie'),
(492, 'MCDOWELL', 'Johnny'),
(493, 'MCGRATH', 'Jack'),
(494, 'MCGUIRE', 'Brian'),
(495, 'MCLAREN', 'Bruce'),
(496, 'MCNISH', 'Allan'),
(497, 'MCRAE', 'Graham'),
(498, 'MCWITHEY', 'Jim'),
(499, 'MENDITEGUY', 'Carlos'),
(500, 'MERKEL', 'Harry'),
(501, 'MERZARIO', 'Arturo'),
(502, 'MIERES', 'Roberto'),
(503, 'MIGAULT', 'Francois'),
(504, 'MILES', 'John'),
(505, 'MILES', 'Ken'),
(506, 'MILHOUX', 'Andre'),
(507, 'MILLER', 'Chet'),
(508, 'MITTER', 'Gerhard'),
(509, 'MODENA', 'Stefano'),
(510, 'MONARCH', 'Thomas'),
(511, 'MONTAGNY', 'Franck'),
(512, 'MONTEIRO', 'Tiago'),
(513, 'MONTERMINI', 'Andrea'),
(514, 'MONTEVERDI', 'Peter'),
(515, 'MONTGOMERIE-CHARRING', 'Robin'),
(516, 'MONTOYA', 'Juan Pablo'),
(517, 'MORBIDELLI', 'Gianni'),
(518, 'MORENO', 'Roberto'),
(519, 'MORGAN', 'Dave'),
(520, 'MOSER', 'Silvio'),
(521, 'MOSS', 'Bill'),
(522, 'MOSS', 'Stirling'),
(523, 'MUNARON', 'Gino'),
(524, 'MURRAY', 'David'),
(525, 'MUSSO', 'Luigi'),
(526, 'NAKAJIMA', 'Kazuki'),
(527, 'NAKAJIMA', 'Satoru'),
(528, 'NAKANO', 'Shinji'),
(529, 'NALON', 'Duke'),
(530, 'NANNINI', 'Alessandro'),
(531, 'NASPETTI', 'Emanuele'),
(532, 'NATILI', 'Massimo'),
(533, 'NAYLOR', 'Brian'),
(534, 'NAZARUK', 'Mike'),
(535, 'NEEDELL', 'Tiff'),
(536, 'NELLEMAN', 'Jac'),
(537, 'NEVE', 'Patrick'),
(538, 'NICHOLSON', 'John'),
(539, 'NIDAY', 'Cal'),
(540, 'NIEDERMAYR', 'Helmut'),
(541, 'NIEMANN', 'Brausch'),
(542, 'NILSSON', 'Gunnar'),
(543, 'NODA', 'Hideki'),
(544, 'NUCKEY', 'Rodney'),
(545, 'O''BRIEN', 'Robert'),
(546, 'O''CONNOR', 'Pat'),
(547, 'OLIVER', 'Jackie'),
(548, 'ONGAIS', 'Danny'),
(549, 'OPPITZHAUSER', 'Karl'),
(550, 'OWEN', 'Arthur'),
(551, 'PACE', 'Carlos'),
(552, 'PAGANI', 'Nello'),
(553, 'PALETTI', 'Riccardo'),
(554, 'PALM', 'Torsten'),
(555, 'PALMER', 'Jonathan'),
(556, 'PANIS', 'Olivier'),
(557, 'PANTANO', 'Giorgio'),
(558, 'PAPIS', 'Massimiliano'),
(559, 'PARKES', 'Mike'),
(560, 'PARNELL', 'Reg'),
(561, 'PARNELL', 'Tim'),
(562, 'PARSONS', 'Johnnie'),
(563, 'PATRESE', 'Riccardo'),
(564, 'PEASE', 'Al'),
(565, 'PENSKE', 'Roger'),
(566, 'PERDISA', 'Cesare'),
(567, 'PEREZ-SALA', 'Luis'),
(568, 'PERKINS', 'Larry'),
(569, 'PESCAROLO', 'Henri'),
(570, 'PESENTI-ROSSI', 'Alessandro'),
(571, 'PETERS', 'Josef'),
(572, 'PETERSON', 'Ronnie'),
(573, 'PIAN', 'Alfredo'),
(574, 'PICARD', 'Francois'),
(575, 'PIETERSE', 'Ernie'),
(576, 'PIETSCH', 'Paul'),
(577, 'PILETTE', 'Andre'),
(578, 'PILETTE', 'Teddy'),
(579, 'PIOTTI', 'Luigi'),
(580, 'PIPER', 'David'),
(581, 'PIQUET', 'Nelson'),
(582, 'PIQUET', 'Nelson Jr.'),
(583, 'PIROCCHI', 'Renato'),
(584, 'PIRONI', 'Didier'),
(585, 'PIRRO', 'Emanuele'),
(586, 'PIZZONIA', 'Antonio'),
(587, 'POLLET', 'Jacques'),
(588, 'PON', 'Ben'),
(589, 'POORE', 'Dennis'),
(590, 'POSEY', 'Sam'),
(591, 'POZZI', 'Charles'),
(592, 'PRETORIUS', 'Jackie'),
(593, 'PRINOTH', 'Ernesto'),
(594, 'PROPHET', 'David'),
(595, 'PROST', 'Alain'),
(596, 'PRYCE', 'Tom'),
(597, 'PURLEY', 'David'),
(598, 'PUZEY', 'Clive'),
(599, 'QUESTER', 'Dieter'),
(600, 'RABY', 'Ian'),
(601, 'RAHAL', 'Bobby'),
(602, 'RAIKKONEN', 'Kimi'),
(603, 'RAPHANEL', 'Pierre-Henri'),
(604, 'RATHMANN', 'Dick'),
(605, 'RATHMANN', 'Jim'),
(606, 'RATZENBERGER', 'Roland'),
(607, 'REBAQUE', 'Hector'),
(608, 'REDMAN', 'Brian'),
(609, 'REECE', 'Jimmy'),
(610, 'REED', 'Ray'),
(611, 'REES', 'Alan'),
(612, 'REGAZZONI', 'Clay'),
(613, 'REUTEMANN', 'Carlos'),
(614, 'REVENTLOW', 'Lance'),
(615, 'REVSON', 'Peter'),
(616, 'RHODES', 'John'),
(617, 'RIBEIRO', 'Alex'),
(618, 'RICHARDSON', 'Ken'),
(619, 'RIESS', 'Fritz'),
(620, 'RIGSBY', 'Jim'),
(621, 'RINDT', 'Jochen'),
(622, 'RISELEY-PRICHARD', 'John'),
(623, 'ROBARTS', 'Richard'),
(624, 'RODRIGUEZ', 'Pedro'),
(625, 'RODRIGUEZ', 'Ricardo'),
(626, 'RODRIGUEZ LARRETA', 'Alberto'),
(627, 'ROL', 'Franco'),
(628, 'ROLLINSON', 'Alan'),
(629, 'ROLT', 'Tony'),
(630, 'ROOS', 'Bertil'),
(631, 'ROSBERG', 'Keke'),
(632, 'ROSBERG', 'Nico'),
(633, 'ROSE', 'Mauri'),
(634, 'ROSIER', 'Louis'),
(635, 'ROSSET', 'Ricardo'),
(636, 'ROTHENGATTER', 'Huub'),
(637, 'RUBY', 'Lloyd'),
(638, 'RUDAZ', 'Jean-Claude'),
(639, 'RUSSO', 'Eddie'),
(640, 'RUSSO', 'Paul'),
(641, 'RUTTMAN', 'Troy'),
(642, 'RYAN', 'Peter'),
(643, 'SACHS', 'Eddie'),
(644, 'SAID', 'Bob'),
(645, 'SALAZAR', 'Eliseo'),
(646, 'SALO', 'Mika'),
(647, 'SALVADORI', 'Roy'),
(648, 'SANESI', 'Consalvo'),
(649, 'SARRAZIN', 'Stephane'),
(650, 'SATO', 'Takuma'),
(651, 'SCARBOROUGH', 'Carl'),
(652, 'SCARFIOTTI', 'Ludovico'),
(653, 'SCARLATTI', 'Giorgio'),
(654, 'SCHECKTER', 'Ian'),
(655, 'SCHECKTER', 'Jody'),
(656, 'SCHELL', 'Harry'),
(657, 'SCHENKEN', 'Tim'),
(658, 'SCHERRER', 'Albert'),
(659, 'SCHIATTARELLA', 'Domenico'),
(660, 'SCHILLER', 'Heinz'),
(661, 'SCHINDLER', 'Bill'),
(662, 'SCHLESSER', 'Jean-Louis'),
(663, 'SCHLESSER', 'Jo'),
(664, 'SCHNEIDER', 'Bernd'),
(665, 'SCHOELLER', 'Rudolf'),
(666, 'SCHROEDER', 'Rob'),
(667, 'SCHUMACHER', 'Michael'),
(668, 'SCHUMACHER', 'Ralf'),
(669, 'SCHUPPAN', 'Vern'),
(670, 'SCHWELM CRUZ', 'Adolfo'),
(671, 'SCOTT', 'Bob'),
(672, 'SCOTT BROWN', 'Archie'),
(673, 'SCOTTI', 'Piero'),
(674, 'SEIDEL', 'Wolfgang'),
(675, 'SEIFFERT', 'Guenther'),
(676, 'SENNA', 'Ayrton'),
(677, 'SERAFINI', 'Dorino'),
(678, 'SERRA', 'Chico'),
(679, 'SERRURIER', 'Doug'),
(680, 'SERVOZ-GAVIN', 'Johnny'),
(681, 'SETTEMBER', 'Tony'),
(682, 'SHARP', 'Hap'),
(683, 'SHAWE-TAYLOR', 'Brian'),
(684, 'SHELBY', 'Carroll'),
(685, 'SHELLY', 'Tony'),
(686, 'SIFFERT', 'Jo'),
(687, 'SIMON', 'Andre'),
(688, 'SLOTEMAKER', 'Rob'),
(689, 'SOLANA', 'Moises'),
(690, 'SOLER-ROIG', 'Alex'),
(691, 'SOMMER', 'Raymond'),
(692, 'SOSPIRI', 'Vincenzo'),
(693, 'SOUTH', 'Stephen'),
(694, 'SPARKEN', 'Mike'),
(695, 'SPEED', 'Scott'),
(696, 'SPENCE', 'Mike'),
(697, 'STACEY', 'Alan'),
(698, 'STARRABBA', 'Gaetano'),
(699, 'STEVENSON', 'Chuck'),
(700, 'STEWART', 'Ian'),
(701, 'STEWART', 'Jackie'),
(702, 'STEWART', 'Jimmy'),
(703, 'STOHR', 'Siegfried'),
(704, 'STOMMELEN', 'Rolf'),
(705, 'STREIFF', 'Philippe'),
(706, 'STUCK', 'Hans'),
(707, 'STUCK', 'Hans Joachim'),
(708, 'STUPPACHER', 'Otto'),
(709, 'SULLIVAN', 'Danny'),
(710, 'SURER', 'Marc'),
(711, 'SURTEES', 'John'),
(712, 'SUTCLIFFE', 'Andy'),
(713, 'SUTIL', 'Adrian'),
(714, 'SUTTON', 'Len'),
(715, 'SUZUKI', 'Aguri'),
(716, 'SUZUKI', 'Toshio'),
(717, 'SWATERS', 'Jacques'),
(718, 'SWEIKERT', 'Bob'),
(719, 'TAKAGI', 'Toranosuke'),
(720, 'TAKAHARA', 'Noritake'),
(721, 'TAKAHASHI', 'Kunimitsu'),
(722, 'TAMBAY', 'Patrick'),
(723, 'TARAMAZZO', 'Luigi'),
(724, 'TARQUINI', 'Gabriele'),
(725, 'TARUFFI', 'Piero'),
(726, 'TAYLOR', 'Dennis'),
(727, 'TAYLOR', 'Henry'),
(728, 'TAYLOR', 'John'),
(729, 'TAYLOR', 'Mike'),
(730, 'TAYLOR', 'Trevor'),
(731, 'TEAGUE', 'Marshall'),
(732, 'TEMPLEMAN', 'Shorty'),
(733, 'TERRA', 'Max de'),
(734, 'TESTUT', 'Andre'),
(735, 'THACKWELL', 'Mike'),
(736, 'THIELE', 'Alfonso'),
(737, 'THOMPSON', 'Eric'),
(738, 'THOMSON', 'Johnny'),
(739, 'THORNE', 'Leslie'),
(740, 'TINGELSTAD', 'Bud'),
(741, 'TINGLE', 'Sam'),
(742, 'TITTERINGTON', 'Desmond'),
(743, 'TOLAN', 'Johnnie'),
(744, 'TRIMMER', 'Tony'),
(745, 'TRINTIGNANT', 'Maurice'),
(746, 'TRULLI', 'Jarno'),
(747, 'TUERO', 'Esteban'),
(748, 'TUNMER', 'Guy'),
(749, 'TURNER', 'Jack'),
(750, 'ULMEN', 'Toni'),
(751, 'UNSER', 'Bobby'),
(752, 'UNSER', 'Jerry'),
(753, 'URIA', 'Alberto'),
(754, 'VACCARELLA', 'Nino'),
(755, 'VAN DE POELE', 'Eric'),
(756, 'VAN DER LOF', 'Dries'),
(757, 'VAN DER VYVER', 'Syd'),
(758, 'VAN LENNEP', 'Gijs'),
(759, 'VAN ROOYEN', 'Basil'),
(760, 'VEITH', 'Bob'),
(761, 'VERSTAPPEN', 'Jos'),
(762, 'VETTEL', 'Sebastian'),
(763, 'VILLENEUVE', 'Gilles'),
(764, 'VILLENEUVE', 'Jacques'),
(765, 'VILLENEUVE SR.', 'Jacques'),
(766, 'VILLORESI', 'Luigi'),
(767, 'VOLONTERIO', 'Ottorino'),
(768, 'VON OPEL', 'Rikky'),
(769, 'VON TRIPS', 'Wolfgang'),
(770, 'VONLANTHEN', 'Jo'),
(771, 'VUKOVICH', 'Bill'),
(772, 'WACKER', 'Fred'),
(773, 'WALKER', 'David'),
(774, 'WALKER', 'Peter'),
(775, 'WALLARD', 'Lee'),
(776, 'WALTER', 'Heini'),
(777, 'WARD', 'Rodger'),
(778, 'WARWICK', 'Derek'),
(779, 'WATSON', 'John'),
(780, 'WEBB', 'Spider'),
(781, 'WEBBER', 'Mark'),
(782, 'WEIDLER', 'Volker'),
(783, 'WEILER', 'Wayne'),
(784, 'WENDLINGER', 'Karl'),
(785, 'WESTBURY', 'Peter'),
(786, 'WEYANT', 'Chuck'),
(787, 'WHARTON', 'Ken'),
(788, 'WHITEAWAY', 'Ted'),
(789, 'WHITEHEAD', 'Graham'),
(790, 'WHITEHEAD', 'Peter'),
(791, 'WHITEHOUSE', 'Bill'),
(792, 'WIDDOWS', 'Robin'),
(793, 'WIETZES', 'Eppie'),
(794, 'WILDS', 'Mike'),
(795, 'WILLIAMS', 'Jonathan'),
(796, 'WILLIAMSON', 'Roger'),
(797, 'WILSON', 'Dempsey'),
(798, 'WILSON', 'Desire'),
(799, 'WILSON', 'Justin'),
(800, 'WILSON', 'Vic'),
(801, 'WINKELHOCK', 'Joachim'),
(802, 'WINKELHOCK', 'Manfred'),
(803, 'WINKELHOCK', 'Markus'),
(804, 'WISELL', 'Reine'),
(805, 'WUNDERINK', 'Roelof'),
(806, 'WURZ', 'Alexander'),
(807, 'YAMAMOTO', 'Sakon'),
(808, 'YOONG', 'Alex'),
(809, 'ZANARDI', 'Alex'),
(810, 'ZAPICO', 'Emilio'),
(811, 'ZONTA', 'Ricardo'),
(812, 'ZORZI', 'Renzo'),
(813, 'ZUNINO', 'Ricardo'),
(814, 'CHANDHOK', 'Karun'),
(815, 'DI GRASSI', 'Lucas'),
(816, 'HUELKENBERG', 'Nico'),
(817, 'PETROV', 'Vitaly'),
(818, 'SENNA', 'Bruno');

-- --------------------------------------------------------

-- 
-- Tabellenstruktur für Tabelle `drivers`
-- 

CREATE TABLE IF NOT EXISTS `drivers` (
  `d_id` int(4) NOT NULL auto_increment,
  `d_lname` varchar(20) NOT NULL default '',
  `d_fname` varchar(20) NOT NULL default '',
  `d_currseason` int(1) NOT NULL default '0',
  `d_miod` int(3) NOT NULL default '0',
  `d_fa_id` int(3) NOT NULL default '0',
  PRIMARY KEY  (`d_id`)
) ENGINE=MyISAM DEFAULT CHARSET=latin1 AUTO_INCREMENT=44 ;

-- 
-- Daten für Tabelle `drivers`
-- 

INSERT INTO `drivers` (`d_id`, `d_lname`, `d_fname`, `d_currseason`, `d_miod`, `d_fa_id`) VALUES 
(1, 'VETTEL', 'Sebastian', 1, 30, 7),
(2, 'WEBBER', 'Mark', 1, 28, 7),
(3, 'HAMILTON', 'Lewis', 1, 27, 2),
(4, 'BUTTON', 'Jenson', 1, 26, 2),
(5, 'ALONSO', 'Fernando', 1, 29, 1),
(6, 'MASSA', 'Felipe', 1, 25, 1),
(7, 'SCHUMACHER', 'Michael', 1, 23, 11),
(8, 'ROSBERG', 'Nico', 1, 24, 11),
(9, 'HEIDFELD', 'Nick', 1, 15, 4),
(10, 'PETROV', 'Vitaly', 1, 19, 4),
(11, 'BARRICHELLO', 'Rubens', 1, 22, 13),
(12, 'MALDONADO', 'Pastor', 1, 10, 13),
(14, 'SUTIL', 'Adrian', 1, 21, 14),
(15, 'DI RESTA', 'Paul', 1, 7, 14),
(16, 'KOBAYASHI', 'Kamui', 1, 20, 12),
(17, 'PEREZ', 'Sergio', 1, 9, 12),
(18, 'BUEMI', 'Sebastien', 1, 17, 6),
(19, 'ALGUERSUARI', 'Jaime', 1, 16, 6),
(20, 'TRULLI', 'Jarno', 1, 14, 15),
(21, 'KOVALAINEN', 'Heikki', 1, 13, 15),
(22, 'KARTHIKEYAN', 'Narain', 1, 11, 16),
(23, 'LIUZZI', 'Vitantonio', 1, 18, 16),
(24, 'GLOCK', 'Timo', 1, 12, 17),
(25, 'D''AMBROSIO', 'Jerome', 1, 8, 17),
(26, 'RICCIARDO', 'Daniel', 0, 0, 0),
(27, 'DE LA ROSA', 'Pedro', 0, 0, 0),
(28, 'PAFFETT', 'Gary', 0, 0, 0),
(29, 'FISICHELLA', 'Giancarlo', 0, 0, 0),
(30, 'BIANCHI', 'Jules', 0, 0, 0),
(31, 'GENE', 'Marc', 0, 0, 0),
(32, 'BERTOLINI', 'Andrea', 0, 0, 0),
(33, 'RIGON', 'Davide', 0, 0, 0),
(34, 'KUBICA', 'Robert', 0, 0, 0),
(35, 'SENNA', 'Bruno', 0, 0, 0),
(36, 'GROSJEAN', 'Romain', 0, 0, 0),
(37, 'FAUZY', 'Fairuz', 0, 0, 0),
(38, 'BOTTAS', 'Valtteri', 0, 0, 0),
(39, 'HUELKENBERG', 'Nico', 0, 0, 0),
(40, 'GUTIERREZ', 'Esteban', 0, 0, 0),
(41, 'KLIEN', 'Christian', 0, 0, 0),
(42, 'MONDINI', 'Giorgio', 0, 0, 0),
(43, 'YAMAMOTO', 'Sakon', 0, 0, 0);

-- --------------------------------------------------------

-- 
-- Tabellenstruktur für Tabelle `events`
-- 

CREATE TABLE IF NOT EXISTS `events` (
  `e_id` int(2) NOT NULL auto_increment,
  `e_type` varchar(20) NOT NULL default '',
  PRIMARY KEY  (`e_id`)
) ENGINE=MyISAM DEFAULT CHARSET=latin1 AUTO_INCREMENT=3 ;

-- 
-- Daten für Tabelle `events`
-- 

INSERT INTO `events` (`e_id`, `e_type`) VALUES 
(1, 'QUALIFYING'),
(2, 'RACE');

-- --------------------------------------------------------

-- 
-- Tabellenstruktur für Tabelle `fflassets`
-- 

CREATE TABLE IF NOT EXISTS `fflassets` (
  `fa_id` int(4) NOT NULL auto_increment,
  `fa_currseason` int(1) NOT NULL default '0',
  `fa_chassis` varchar(30) NOT NULL default '',
  `fa_mioc` int(3) NOT NULL default '0',
  `fa_engine` varchar(30) NOT NULL default '',
  `fa_mioe` int(3) NOT NULL default '0',
  PRIMARY KEY  (`fa_id`)
) ENGINE=MyISAM DEFAULT CHARSET=latin1 AUTO_INCREMENT=18 ;

-- 
-- Daten für Tabelle `fflassets`
-- 

INSERT INTO `fflassets` (`fa_id`, `fa_currseason`, `fa_chassis`, `fa_mioc`, `fa_engine`, `fa_mioe`) VALUES 
(1, 1, 'Ferrari', 28, 'Ferrari (Ferrari)', 29),
(2, 1, 'McLaren', 29, 'Mercedes (McLaren)', 28),
(3, 0, 'BMW Sauber', 0, 'BMW (BMW Sauber)', 0),
(4, 1, 'Renault', 26, 'Renault (Renault)', 26),
(5, 0, 'Toyota', 0, 'Toyota (Toyota)', 0),
(6, 1, 'Toro Rosso', 22, 'Ferrari (Toro Rosso)', 23),
(7, 1, 'Red Bull', 30, 'Renault (Red Bull)', 25),
(8, 0, 'Williams', 0, 'Toyota (Williams)', 0),
(9, 0, 'Brawn', 0, 'Mercedes (Brawn)', 0),
(10, 0, 'Force India', 0, 'Ferrari (Force India)', 0),
(11, 1, 'Mercedes GP', 27, 'Mercedes (Mercedes GP)', 30),
(12, 1, 'Sauber', 23, 'Ferrari (Sauber)', 24),
(13, 1, 'Williams', 25, 'Cosworth (Williams)', 22),
(14, 1, 'Force India', 24, 'Mercedes (Force India)', 27),
(15, 1, 'Lotus', 21, 'Cosworth (Lotus)', 21),
(16, 1, 'HRT', 20, 'Cosworth (HRT)', 20),
(17, 1, 'Virgin', 19, 'Cosworth (Virgin)', 19);

-- --------------------------------------------------------

-- 
-- Tabellenstruktur für Tabelle `fflpoints`
-- 

CREATE TABLE IF NOT EXISTS `fflpoints` (
  `fp_u_id` int(4) NOT NULL default '0',
  `fp_g_id` int(4) NOT NULL default '0',
  `fp_points` decimal(3,1) NOT NULL default '0.0'
) ENGINE=MyISAM DEFAULT CHARSET=latin1;

-- 
-- Daten für Tabelle `fflpoints`
-- 


-- --------------------------------------------------------

-- 
-- Tabellenstruktur für Tabelle `fflresults`
-- 

CREATE TABLE IF NOT EXISTS `fflresults` (
  `fr_season` int(4) NOT NULL default '0',
  `fr_u_id` int(4) NOT NULL default '0',
  `fr_ft_a_id_d1` int(4) NOT NULL default '0',
  `fr_ft_a_id_d2` int(4) NOT NULL default '0',
  `fr_fa_id_chassis` int(4) NOT NULL default '0',
  `fr_fa_id_engine` int(4) NOT NULL default '0',
  `fr_totalpoints` decimal(4,1) NOT NULL default '0.0',
  PRIMARY KEY  (`fr_season`,`fr_u_id`)
) ENGINE=MyISAM DEFAULT CHARSET=latin1;

-- 
-- Daten für Tabelle `fflresults`
-- 

INSERT INTO `fflresults` (`fr_season`, `fr_u_id`, `fr_ft_a_id_d1`, `fr_ft_a_id_d2`, `fr_fa_id_chassis`, `fr_fa_id_engine`, `fr_totalpoints`) VALUES 
(2009, 0, 128, 762, 9, 9, 523.0),
(2009, 1, 746, 762, 8, 7, 304.5),
(2009, 2, 15, 251, 9, 1, 276.0),
(2009, 3, 49, 303, 9, 1, 343.0),
(2009, 6, 484, 128, 9, 6, 297.0),
(2009, 9, 602, 128, 5, 7, 356.0),
(2009, 10, 334, 128, 8, 9, 350.5),
(2009, 11, 746, 128, 7, 1, 351.0),
(2009, 12, 762, 128, 9, 1, 421.0),
(2010, 0, 15, 713, 7, 7, 1295.0),
(2010, 1, 334, 411, 11, 7, 984.0),
(2010, 4, 484, 762, 17, 7, 898.0),
(2010, 6, 484, 713, 7, 6, 702.0),
(2010, 9, 816, 15, 11, 2, 942.0),
(2010, 10, 417, 303, 2, 7, 1088.0),
(2010, 11, 818, 15, 1, 1, 1044.0),
(2010, 12, 15, 816, 11, 7, 986.0),
(2010, 13, 49, 818, 1, 6, 456.0);

-- --------------------------------------------------------

-- 
-- Tabellenstruktur für Tabelle `fflteams`
-- 

CREATE TABLE IF NOT EXISTS `fflteams` (
  `ft_u_id` int(4) NOT NULL default '0',
  `ft_d_id_d1` int(4) NOT NULL default '0',
  `ft_d_id_d2` int(4) NOT NULL default '0',
  `ft_fa_id_chassis` int(4) NOT NULL default '0',
  `ft_fa_id_engine` int(4) NOT NULL default '0',
  PRIMARY KEY  (`ft_u_id`)
) ENGINE=MyISAM DEFAULT CHARSET=latin1;

-- 
-- Daten für Tabelle `fflteams`
-- 


-- --------------------------------------------------------

-- 
-- Tabellenstruktur für Tabelle `gps`
-- 

CREATE TABLE IF NOT EXISTS `gps` (
  `g_id` int(4) NOT NULL auto_increment,
  `g_name` varchar(40) NOT NULL default '',
  `g_datetime_q` datetime NOT NULL default '0000-00-00 00:00:00',
  `g_datetime_r` datetime NOT NULL default '0000-00-00 00:00:00',
  `g_flag` varchar(20) NOT NULL default '',
  `g_circuit` varchar(40) NOT NULL default '',
  PRIMARY KEY  (`g_id`)
) ENGINE=MyISAM DEFAULT CHARSET=latin1 AUTO_INCREMENT=20 ;

-- 
-- Daten für Tabelle `gps`
-- 

INSERT INTO `gps` (`g_id`, `g_name`, `g_datetime_q`, `g_datetime_r`, `g_flag`, `g_circuit`) VALUES 
(1, 'AUSTRALIA (Melbourne)', '2011-03-26 07:00:00', '2011-03-27 08:00:00', 'flag_AUSTRALIA.gif', 'circuit_AUSTRALIA.gif'),
(2, 'MALAYSIA (Sepang)', '2011-04-09 10:00:00', '2011-04-10 10:00:00', 'flag_MALAYSIA.gif', 'circuit_MALAYSIA.gif'),
(3, 'CHINA (Shanghai)', '2011-04-16 08:00:00', '2011-04-17 09:00:00', 'flag_CHINA.gif', 'circuit_CHINA.gif'),
(4, 'TURKEY (Istanbul)', '2011-05-07 13:00:00', '2011-05-08 14:00:00', 'flag_TURKEY.gif', 'circuit_TURKEY.gif'),
(5, 'SPAIN (Barcelona)', '2011-05-21 14:00:00', '2011-05-22 14:00:00', 'flag_SPAIN.gif', 'circuit_SPAIN_(Barcelona).gif'),
(6, 'MONACO (Monte Carlo)', '2011-05-28 20:00:00', '2011-05-29 14:00:00', 'flag_MONACO.gif', 'circuit_MONACO.gif'),
(7, 'CANADA (Montreal)', '2011-06-11 19:00:00', '2011-06-12 18:00:00', 'flag_CANADA.gif', 'circuit_CANADA.gif'),
(8, 'EUROPE (Valencia)', '2011-06-25 14:00:00', '2011-06-26 14:00:00', 'flag_EUROPE.gif', 'circuit_EUROPE_(Valencia).gif'),
(9, 'GREAT BRITAIN (Silverstone)', '2011-07-09 14:00:00', '2011-07-10 14:00:00', 'flag_UK.gif', 'circuit_UK.gif'),
(10, 'GERMANY (Nuerburgring)', '2011-07-23 14:00:00', '2011-07-24 14:00:00', 'flag_GERMANY.gif', 'circuit_GERMANY_(Nuerburgring).gif'),
(11, 'HUNGARY (Budapest)', '2011-07-30 14:00:00', '2011-07-31 14:00:00', 'flag_HUNGARY.gif', 'circuit_HUNGARY.gif'),
(12, 'BELGIUM (Spa)', '2011-08-27 14:00:00', '2011-08-28 14:00:00', 'flag_BELGIUM.gif', 'circuit_BELGIUM.gif'),
(13, 'ITALY (Monza)', '2011-09-10 14:00:00', '2011-09-11 14:00:00', 'flag_ITALY.gif', 'circuit_ITALY.gif'),
(14, 'SINGAPORE (Singapore)', '2011-09-24 16:00:00', '2011-09-25 14:00:00', 'flag_SINGAPORE.gif', 'circuit_SINGAPORE.gif'),
(15, 'JAPAN (Suzuka)', '2011-10-08 07:00:00', '2011-10-09 08:00:00', 'flag_JAPAN.gif', 'circuit_JAPAN_(Suzuka).gif'),
(16, 'SOUTH KOREA (Yeongam)', '2011-10-15 07:00:00', '2011-10-16 08:00:00', 'flag_SKOREA.gif', 'circuit_SKOREA.gif'),
(17, 'INDIA (New Delhi)', '2011-10-29 23:45:00', '2011-10-30 13:00:00', 'flag_INDIA.gif', 'circuit_INDIA.gif'),
(18, 'UNITED ARAB EMIRATES (Abu Dhabi)', '2011-11-12 23:45:00', '2011-11-13 13:00:00', 'flag_UAE.gif', 'circuit_UAE.gif'),
(19, 'BRAZIL (Sao Paulo)', '2011-11-26 17:00:00', '2011-01-27 17:00:00', 'flag_BRAZIL.gif', 'circuit_BRAZIL.gif');

-- --------------------------------------------------------

-- 
-- Tabellenstruktur für Tabelle `results`
-- 

CREATE TABLE IF NOT EXISTS `results` (
  `r_g_id` int(4) NOT NULL default '0',
  `r_e_id` int(2) NOT NULL default '0',
  `r_d_id_p1` int(4) NOT NULL default '0',
  `r_d_id_p2` int(4) NOT NULL default '0',
  `r_d_id_p3` int(4) NOT NULL default '0',
  `r_d_id_p4` int(4) NOT NULL default '0',
  `r_d_id_p5` int(4) NOT NULL default '0',
  `r_d_id_p6` int(4) NOT NULL default '0',
  `r_d_id_p7` int(4) NOT NULL default '0',
  `r_d_id_p8` int(4) NOT NULL default '0',
  `r_d_id_p9` int(4) NOT NULL default '0',
  `r_d_id_p10` int(4) NOT NULL default '0',
  `r_fl` int(4) NOT NULL default '0',
  `r_firstout` varchar(20) NOT NULL default '0',
  `r_bestcup` varchar(20) NOT NULL default '0',
  `r_sc` int(2) NOT NULL default '-1',
  `r_hp` int(1) NOT NULL default '0',
  PRIMARY KEY  (`r_g_id`,`r_e_id`)
) ENGINE=MyISAM DEFAULT CHARSET=latin1;

-- 
-- Daten für Tabelle `results`
-- 


-- --------------------------------------------------------

-- 
-- Tabellenstruktur für Tabelle `tips`
-- 

CREATE TABLE IF NOT EXISTS `tips` (
  `t_u_id` int(4) NOT NULL default '0',
  `t_g_id` int(4) NOT NULL default '0',
  `t_e_id` int(2) NOT NULL default '0',
  `t_d_id_p1` int(4) NOT NULL default '0',
  `t_d_id_p2` int(4) NOT NULL default '0',
  `t_d_id_p3` int(4) NOT NULL default '0',
  `t_fl` int(4) NOT NULL default '0',
  `t_firstout` int(4) NOT NULL default '0',
  `t_bestcup` int(4) NOT NULL default '0',
  `t_sc` int(2) NOT NULL default '0',
  `t_timestamp` datetime NOT NULL default '0000-00-00 00:00:00',
  `t_score` int(4) NOT NULL default '0',
  PRIMARY KEY  (`t_u_id`,`t_g_id`,`t_e_id`)
) ENGINE=MyISAM DEFAULT CHARSET=latin1;

-- --------------------------------------------------------

-- 
-- Tabellenstruktur für Tabelle `winners`
-- 

CREATE TABLE IF NOT EXISTS `winners` (
  `w_season` int(4) NOT NULL default '0',
  `w_u_id` int(4) NOT NULL default '0',
  PRIMARY KEY  (`w_season`)
) ENGINE=MyISAM DEFAULT CHARSET=latin1;

-- 
-- Daten für Tabelle `winners`
-- 

INSERT INTO `winners` (`w_season`, `w_u_id`) VALUES 
(2006, 2),
(2007, 2),
(2008, 10),
(2009, 1),
(2010, 3);
        