85.215.251.124 - - [02/Aug/2026:09:43:44 +0200] "GET / HTTP/1.1" 200 1309 "-" "SpiceworksAgentShell/0.1a"
85.215.251.124 - - [02/Aug/2026:09:44:44 +0200] "GET / HTTP/1.1" 200 1309 "-" "SpiceworksAgentShell/0.1a"
85.215.251.124 - - [02/Aug/2026:09:45:44 +0200] "GET / HTTP/1.1" 200 1309 "-" "SpiceworksAgentShell/0.1a"
85.215.251.124 - - [02/Aug/2026:09:46:44 +0200] "GET / HTTP/1.1" 200 1309 "-" "SpiceworksAgentShell/0.1a"
85.215.251.124 - - [02/Aug/2026:09:47:44 +0200] "GET / HTTP/1.1" 200 1309 "-" "SpiceworksAgentShell/0.1a"
142.132.180.39 - - [02/Aug/2026:09:48:39 +0200] "HEAD / HTTP/1.1" 200 - "http://gridtip.net" "Mozilla/5.0+(compatible; UptimeRobot/2.0; http://www.uptimerobot.com/)"
85.215.251.124 - - [02/Aug/2026:09:48:44 +0200] "GET / HTTP/1.1" 200 1309 "-" "SpiceworksAgentShell/0.1a"
85.215.251.124 - - [02/Aug/2026:09:49:44 +0200] "GET / HTTP/1.1" 200 1309 "-" "SpiceworksAgentShell/0.1a"
85.215.251.124 - - [02/Aug/2026:09:50:44 +0200] "GET / HTTP/1.1" 200 1309 "-" "SpiceworksAgentShell/0.1a"
85.215.251.124 - - [02/Aug/2026:09:51:44 +0200] "GET / HTTP/1.1" 200 1309 "-" "SpiceworksAgentShell/0.1a"
85.215.251.124 - - [02/Aug/2026:09:52:44 +0200] "GET / HTTP/1.1" 200 1309 "-" "SpiceworksAgentShell/0.1a"
168.119.53.160 - - [02/Aug/2026:09:53:42 +0200] "HEAD / HTTP/1.1" 200 - "http://gridtip.net" "Mozilla/5.0+(compatible; UptimeRobot/2.0; http://www.uptimerobot.com/)"
85.215.251.124 - - [02/Aug/2026:09:53:44 +0200] "GET / HTTP/1.1" 200 1309 "-" "SpiceworksAgentShell/0.1a"
85.215.251.124 - - [02/Aug/2026:09:54:44 +0200] "GET / HTTP/1.1" 200 1309 "-" "SpiceworksAgentShell/0.1a"
85.215.251.124 - - [02/Aug/2026:09:55:44 +0200] "GET / HTTP/1.1" 200 1309 "-" "SpiceworksAgentShell/0.1a"
85.215.251.124 - - [02/Aug/2026:09:56:44 +0200] "GET / HTTP/1.1" 200 1309 "-" "SpiceworksAgentShell/0.1a"
85.215.251.124 - - [02/Aug/2026:09:57:44 +0200] "GET / HTTP/1.1" 200 1309 "-" "SpiceworksAgentShell/0.1a"
85.215.251.124 - - [02/Aug/2026:09:58:44 +0200] "GET / HTTP/1.1" 200 1309 "-" "SpiceworksAgentShell/0.1a"
167.235.143.113 - - [02/Aug/2026:09:58:48 +0200] "HEAD / HTTP/1.1" 200 - "http://gridtip.net" "Mozilla/5.0+(compatible; UptimeRobot/2.0; http://www.uptimerobot.com/)"
85.215.251.124 - - [02/Aug/2026:09:59:44 +0200] "GET / HTTP/1.1" 200 1309 "-" "SpiceworksAgentShell/0.1a"
85.215.251.124 - - [02/Aug/2026:10:00:44 +0200] "GET / HTTP/1.1" 200 1309 "-" "SpiceworksAgentShell/0.1a"
85.215.251.124 - - [02/Aug/2026:10:01:44 +0200] "GET / HTTP/1.1" 200 1309 "-" "SpiceworksAgentShell/0.1a"
85.215.251.124 - - [02/Aug/2026:10:02:44 +0200] "GET / HTTP/1.1" 200 1309 "-" "SpiceworksAgentShell/0.1a"
85.215.251.124 - - [02/Aug/2026:10:03:44 +0200] "GET / HTTP/1.1" 200 1309 "-" "SpiceworksAgentShell/0.1a"
49.13.134.145 - - [02/Aug/2026:10:03:52 +0200] "HEAD / HTTP/1.1" 200 - "http://gridtip.net" "Mozilla/5.0+(compatible; UptimeRobot/2.0; http://www.uptimerobot.com/)"
85.215.251.124 - - [02/Aug/2026:10:04:44 +0200] "GET / HTTP/1.1" 200 1309 "-" "SpiceworksAgentShell/0.1a"
85.215.251.124 - - [02/Aug/2026:10:05:44 +0200] "GET / HTTP/1.1" 200 1309 "-" "SpiceworksAgentShell/0.1a"
85.215.251.124 - - [02/Aug/2026:10:06:44 +0200] "GET / HTTP/1.1" 200 1309 "-" "SpiceworksAgentShell/0.1a"
85.215.251.124 - - [02/Aug/2026:10:07:44 +0200] "GET / HTTP/1.1" 200 1309 "-" "SpiceworksAgentShell/0.1a"
85.215.251.124 - - [02/Aug/2026:10:08:44 +0200] "GET / HTTP/1.1" 200 1309 "-" "SpiceworksAgentShell/0.1a"
78.47.173.76 - - [02/Aug/2026:10:08:57 +0200] "HEAD / HTTP/1.1" 200 - "http://gridtip.net" "Mozilla/5.0+(compatible; UptimeRobot/2.0; http://www.uptimerobot.com/)"
85.215.251.124 - - [02/Aug/2026:10:09:44 +0200] "GET / HTTP/1.1" 200 1309 "-" "SpiceworksAgentShell/0.1a"
85.215.251.124 - - [02/Aug/2026:10:10:44 +0200] "GET / HTTP/1.1" 200 1309 "-" "SpiceworksAgentShell/0.1a"
85.215.251.124 - - [02/Aug/2026:10:11:44 +0200] "GET / HTTP/1.1" 200 1309 "-" "SpiceworksAgentShell/0.1a"
85.215.251.124 - - [02/Aug/2026:10:12:44 +0200] "GET / HTTP/1.1" 200 1309 "-" "SpiceworksAgentShell/0.1a"
85.215.251.124 - - [02/Aug/2026:10:13:44 +0200] "GET / HTTP/1.1" 200 1309 "-" "SpiceworksAgentShell/0.1a"
3.79.134.69 - - [02/Aug/2026:10:14:02 +0200] "HEAD / HTTP/1.1" 200 - "http://gridtip.net" "Mozilla/5.0+(compatible; UptimeRobot/2.0; http://www.uptimerobot.com/)"
85.215.251.124 - - [02/Aug/2026:10:14:44 +0200] "GET / HTTP/1.1" 200 1309 "-" "SpiceworksAgentShell/0.1a"
85.215.251.124 - - [02/Aug/2026:10:15:44 +0200] "GET / HTTP/1.1" 200 1309 "-" "SpiceworksAgentShell/0.1a"
85.215.251.124 - - [02/Aug/2026:10:16:44 +0200] "GET / HTTP/1.1" 200 1309 "-" "SpiceworksAgentShell/0.1a"
85.215.251.124 - - [02/Aug/2026:10:17:44 +0200] "GET / HTTP/1.1" 200 1309 "-" "SpiceworksAgentShell/0.1a"
85.215.251.124 - - [02/Aug/2026:10:18:44 +0200] "GET / HTTP/1.1" 200 1309 "-" "SpiceworksAgentShell/0.1a"
18.192.166.72 - - [02/Aug/2026:10:19:07 +0200] "HEAD / HTTP/1.1" 200 - "http://gridtip.net" "Mozilla/5.0+(compatible; UptimeRobot/2.0; http://www.uptimerobot.com/)"
85.215.251.124 - - [02/Aug/2026:10:19:44 +0200] "GET / HTTP/1.1" 200 1309 "-" "SpiceworksAgentShell/0.1a"
85.215.251.124 - - [02/Aug/2026:10:20:44 +0200] "GET / HTTP/1.1" 200 1309 "-" "SpiceworksAgentShell/0.1a"
85.215.251.124 - - [02/Aug/2026:10:21:44 +0200] "GET / HTTP/1.1" 200 1309 "-" "SpiceworksAgentShell/0.1a"
43.164.196.47 - - [02/Aug/2026:10:22:19 +0200] "GET / HTTP/1.1" 200 1309 "http://gridtip.net/" "Mozilla/5.0 (iPhone; CPU iPhone OS 13_2_3 like Mac OS X) AppleWebKit/605.1.15 (KHTML, like Gecko) Version/13.0.3 Mobile/15E148 Safari/604.1"
85.215.251.124 - - [02/Aug/2026:10:22:44 +0200] "GET / HTTP/1.1" 200 1309 "-" "SpiceworksAgentShell/0.1a"
104.210.140.132 - - [02/Aug/2026:10:23:34 +0200] "GET /robots.txt HTTP/1.1" 200 26 "-" "Mozilla/5.0 (Macintosh; Intel Mac OS X 10_15_7) AppleWebKit/537.36 (KHTML, like Gecko) Chrome/131.0.0.0 Safari/537.36; compatible; OAI-SearchBot/1.0; +https://openai.com/searchbot"
85.215.251.124 - - [02/Aug/2026:10:23:44 +0200] "GET / HTTP/1.1" 200 1309 "-" "SpiceworksAgentShell/0.1a"
168.119.53.160 - - [02/Aug/2026:10:24:11 +0200] "HEAD / HTTP/1.1" 200 - "http://gridtip.net" "Mozilla/5.0+(compatible; UptimeRobot/2.0; http://www.uptimerobot.com/)"
85.215.251.124 - - [02/Aug/2026:10:24:44 +0200] "GET / HTTP/1.1" 200 1309 "-" "SpiceworksAgentShell/0.1a"
159.65.203.20 - - [02/Aug/2026:10:25:07 +0200] "POST / HTTP/1.1" 200 2794 "-" "Go-http-client/1.1"
159.65.203.20 - - [02/Aug/2026:10:25:07 +0200] "POST / HTTP/1.1" 200 2794 "-" "Go-http-client/1.1"
85.215.251.124 - - [02/Aug/2026:10:25:44 +0200] "GET / HTTP/1.1" 200 1309 "-" "SpiceworksAgentShell/0.1a"
85.215.251.124 - - [02/Aug/2026:10:26:44 +0200] "GET / HTTP/1.1" 200 1309 "-" "SpiceworksAgentShell/0.1a"
85.215.251.124 - - [02/Aug/2026:10:27:44 +0200] "GET / HTTP/1.1" 200 1309 "-" "SpiceworksAgentShell/0.1a"
85.215.251.124 - - [02/Aug/2026:10:28:44 +0200] "GET / HTTP/1.1" 200 1309 "-" "SpiceworksAgentShell/0.1a"
49.13.24.81 - - [02/Aug/2026:10:29:15 +0200] "HEAD / HTTP/1.1" 200 - "http://gridtip.net" "Mozilla/5.0+(compatible; UptimeRobot/2.0; http://www.uptimerobot.com/)"
85.215.251.124 - - [02/Aug/2026:10:29:44 +0200] "GET / HTTP/1.1" 200 1309 "-" "SpiceworksAgentShell/0.1a"
85.215.251.124 - - [02/Aug/2026:10:30:44 +0200] "GET / HTTP/1.1" 200 1309 "-" "SpiceworksAgentShell/0.1a"
85.215.251.124 - - [02/Aug/2026:10:31:44 +0200] "GET / HTTP/1.1" 200 1309 "-" "SpiceworksAgentShell/0.1a"
85.215.251.124 - - [02/Aug/2026:10:32:44 +0200] "GET / HTTP/1.1" 200 1309 "-" "SpiceworksAgentShell/0.1a"
85.215.251.124 - - [02/Aug/2026:10:33:44 +0200] "GET / HTTP/1.1" 200 1309 "-" "SpiceworksAgentShell/0.1a"
78.46.215.1 - - [02/Aug/2026:10:34:26 +0200] "HEAD / HTTP/1.1" 200 - "http://gridtip.net" "Mozilla/5.0+(compatible; UptimeRobot/2.0; http://www.uptimerobot.com/)"
45.148.10.62 - - [02/Aug/2026:10:34:42 +0200] "GET / HTTP/1.1" 200 1309 "-" "Mozilla/5.0 (X11; Linux x86_64) AppleWebKit/537.36 (KHTML, like Gecko) Chrome/131.0.0.0 Safari/537.36"
45.148.10.62 - - [02/Aug/2026:10:34:42 +0200] "GET /.env HTTP/1.1" 404 202 "-" "Mozilla/5.0 (Windows NT 10.0; Win64; x64) AppleWebKit/537.36 (KHTML, like Gecko) Chrome/131.0.0.0 Safari/537.36"
45.148.10.62 - - [02/Aug/2026:10:34:42 +0200] "GET /piwik.js HTTP/1.1" 404 206 "-" "Mozilla/5.0 (Macintosh; Intel Mac OS X 10_15_7) AppleWebKit/537.36 (KHTML, like Gecko) Chrome/131.0.0.0 Safari/537.36"
45.148.10.62 - - [02/Aug/2026:10:34:42 +0200] "GET / HTTP/1.1" 200 1309 "http://gridtip.net/" "Mozilla/5.0 (Windows NT 10.0; Win64; x64) AppleWebKit/537.36 (KHTML, like Gecko) Chrome/131.0.0.0 Safari/537.36"
45.148.10.62 - - [02/Aug/2026:10:34:42 +0200] "GET /%2eenv HTTP/1.1" 404 202 "-" "Mozilla/5.0 (X11; Linux x86_64) AppleWebKit/537.36 (KHTML, like Gecko) Chrome/131.0.0.0 Safari/537.36"
45.148.10.62 - - [02/Aug/2026:10:34:42 +0200] "GET /%2f%2eenv HTTP/1.1" 404 196 "-" "Mozilla/5.0 (X11; Linux x86_64) AppleWebKit/537.36 (KHTML, like Gecko) Chrome/131.0.0.0 Safari/537.36"
45.148.10.62 - - [02/Aug/2026:10:34:42 +0200] "GET /?phpinfo=1 HTTP/1.1" 200 1309 "-" "Mozilla/5.0 (Windows NT 10.0; Win64; x64; rv:133.0) Gecko/20100101 Firefox/133.0"
45.148.10.62 - - [02/Aug/2026:10:34:42 +0200] "GET /.env HTTP/1.1" 404 202 "http://gridtip.net/.env" "Mozilla/5.0 (Windows NT 10.0; Win64; x64; rv:133.0) Gecko/20100101 Firefox/133.0"
45.148.10.62 - - [02/Aug/2026:10:34:42 +0200] "GET /.aws/credentials HTTP/1.1" 404 214 "-" "Mozilla/5.0 (Windows NT 10.0; Win64; x64; rv:133.0) Gecko/20100101 Firefox/133.0"
45.148.10.62 - - [02/Aug/2026:10:34:42 +0200] "GET /piwik.js HTTP/1.1" 404 206 "http://gridtip.net/piwik.js" "Mozilla/5.0 (Windows NT 10.0; Win64; x64) AppleWebKit/537.36 (KHTML, like Gecko) Chrome/131.0.0.0 Safari/537.36"
45.148.10.62 - - [02/Aug/2026:10:34:42 +0200] "GET /api/.env HTTP/1.1" 404 206 "-" "Mozilla/5.0 (Windows NT 10.0; Win64; x64) AppleWebKit/537.36 (KHTML, like Gecko) Chrome/131.0.0.0 Safari/537.36"
45.148.10.62 - - [02/Aug/2026:10:34:42 +0200] "GET /.env.bak HTTP/1.1" 404 206 "-" "Mozilla/5.0 (Windows NT 10.0; Win64; x64; rv:133.0) Gecko/20100101 Firefox/133.0"
45.148.10.62 - - [02/Aug/2026:10:34:42 +0200] "GET /aws-ses.json HTTP/1.1" 404 210 "-" "Mozilla/5.0 (X11; Linux x86_64) AppleWebKit/537.36 (KHTML, like Gecko) Chrome/131.0.0.0 Safari/537.36"
45.148.10.62 - - [02/Aug/2026:10:34:42 +0200] "GET /.stripe/ HTTP/1.1" 404 206 "-" "Mozilla/5.0 (Macintosh; Intel Mac OS X 10_15_7) AppleWebKit/537.36 (KHTML, like Gecko) Chrome/131.0.0.0 Safari/537.36"
45.148.10.62 - - [02/Aug/2026:10:34:42 +0200] "GET /.env HTTP/1.1" 404 202 "http://gridtip.net/.env" "Mozilla/5.0 (Windows NT 10.0; Win64; x64; rv:133.0) Gecko/20100101 Firefox/133.0"
45.148.10.62 - - [02/Aug/2026:10:34:42 +0200] "GET /stripe/.env HTTP/1.1" 404 209 "-" "Mozilla/5.0 (Macintosh; Intel Mac OS X 10_15_7) AppleWebKit/537.36 (KHTML, like Gecko) Chrome/131.0.0.0 Safari/537.36"
45.148.10.62 - - [02/Aug/2026:10:34:42 +0200] "GET /.env.aws HTTP/1.1" 404 206 "-" "Mozilla/5.0 (Macintosh; Intel Mac OS X 10_15_7) AppleWebKit/537.36 (KHTML, like Gecko) Chrome/131.0.0.0 Safari/537.36"
45.148.10.62 - - [02/Aug/2026:10:34:42 +0200] "GET /.env.save HTTP/1.1" 404 207 "-" "Mozilla/5.0 (Macintosh; Intel Mac OS X 10_15_7) AppleWebKit/537.36 (KHTML, like Gecko) Chrome/131.0.0.0 Safari/537.36"
45.148.10.62 - - [02/Aug/2026:10:34:42 +0200] "GET /.env.local HTTP/1.1" 404 208 "-" "Mozilla/5.0 (Windows NT 10.0; Win64; x64; rv:133.0) Gecko/20100101 Firefox/133.0"
45.148.10.62 - - [02/Aug/2026:10:34:42 +0200] "GET /?phpinfo=1 HTTP/1.1" 200 1309 "http://gridtip.net/?phpinfo=1" "Mozilla/5.0 (Macintosh; Intel Mac OS X 10_15_7) AppleWebKit/537.36 (KHTML, like Gecko) Chrome/131.0.0.0 Safari/537.36"
45.148.10.62 - - [02/Aug/2026:10:34:42 +0200] "GET /backend/.env HTTP/1.1" 404 210 "-" "Mozilla/5.0 (Windows NT 10.0; Win64; x64; rv:133.0) Gecko/20100101 Firefox/133.0"
45.148.10.62 - - [02/Aug/2026:10:34:42 +0200] "GET /test.php HTTP/1.1" 404 206 "-" "Mozilla/5.0 (Windows NT 10.0; Win64; x64; rv:133.0) Gecko/20100101 Firefox/133.0"
45.148.10.62 - - [02/Aug/2026:10:34:42 +0200] "GET /.aws/credentials HTTP/1.1" 404 214 "http://gridtip.net/.aws/credentials" "Mozilla/5.0 (Windows NT 10.0; Win64; x64) AppleWebKit/537.36 (KHTML, like Gecko) Chrome/131.0.0.0 Safari/537.36"
45.148.10.62 - - [02/Aug/2026:10:34:42 +0200] "GET /.env.backup HTTP/1.1" 404 209 "-" "Mozilla/5.0 (X11; Linux x86_64) AppleWebKit/537.36 (KHTML, like Gecko) Chrome/131.0.0.0 Safari/537.36"
45.148.10.62 - - [02/Aug/2026:10:34:42 +0200] "GET /.env.old HTTP/1.1" 404 206 "-" "Mozilla/5.0 (X11; Linux x86_64) AppleWebKit/537.36 (KHTML, like Gecko) Chrome/131.0.0.0 Safari/537.36"
45.148.10.62 - - [02/Aug/2026:10:34:42 +0200] "GET /.env.tmp HTTP/1.1" 404 206 "-" "Mozilla/5.0 (Windows NT 10.0; Win64; x64; rv:133.0) Gecko/20100101 Firefox/133.0"
45.148.10.62 - - [02/Aug/2026:10:34:42 +0200] "GET /api/.env HTTP/1.1" 404 206 "http://gridtip.net/api/.env" "Mozilla/5.0 (Macintosh; Intel Mac OS X 10_15_7) AppleWebKit/537.36 (KHTML, like Gecko) Chrome/131.0.0.0 Safari/537.36"
45.148.10.62 - - [02/Aug/2026:10:34:42 +0200] "GET /.env.php.bak HTTP/1.1" 404 210 "-" "Mozilla/5.0 (Macintosh; Intel Mac OS X 10_15_7) AppleWebKit/537.36 (KHTML, like Gecko) Chrome/131.0.0.0 Safari/537.36"
45.148.10.62 - - [02/Aug/2026:10:34:42 +0200] "GET /.env.php HTTP/1.1" 404 206 "-" "Mozilla/5.0 (Windows NT 10.0; Win64; x64) AppleWebKit/537.36 (KHTML, like Gecko) Chrome/131.0.0.0 Safari/537.36"
45.148.10.62 - - [02/Aug/2026:10:34:42 +0200] "GET /.env.bak HTTP/1.1" 404 206 "http://gridtip.net/.env.bak" "Mozilla/5.0 (Windows NT 10.0; Win64; x64) AppleWebKit/537.36 (KHTML, like Gecko) Chrome/131.0.0.0 Safari/537.36"
45.148.10.62 - - [02/Aug/2026:10:34:42 +0200] "GET /.env.txt HTTP/1.1" 404 206 "-" "Mozilla/5.0 (X11; Linux x86_64) AppleWebKit/537.36 (KHTML, like Gecko) Chrome/131.0.0.0 Safari/537.36"
45.148.10.62 - - [02/Aug/2026:10:34:42 +0200] "GET /.env.prod HTTP/1.1" 404 207 "-" "Mozilla/5.0 (Windows NT 10.0; Win64; x64; rv:133.0) Gecko/20100101 Firefox/133.0"
45.148.10.62 - - [02/Aug/2026:10:34:42 +0200] "GET /.env.dev HTTP/1.1" 404 206 "-" "Mozilla/5.0 (Windows NT 10.0; Win64; x64) AppleWebKit/537.36 (KHTML, like Gecko) Chrome/131.0.0.0 Safari/537.36"
45.148.10.62 - - [02/Aug/2026:10:34:42 +0200] "GET /aws-ses.json HTTP/1.1" 404 210 "http://gridtip.net/aws-ses.json" "Mozilla/5.0 (Macintosh; Intel Mac OS X 10_15_7) AppleWebKit/537.36 (KHTML, like Gecko) Chrome/131.0.0.0 Safari/537.36"
45.148.10.62 - - [02/Aug/2026:10:34:42 +0200] "GET /config.json.save HTTP/1.1" 404 214 "-" "Mozilla/5.0 (Windows NT 10.0; Win64; x64) AppleWebKit/537.36 (KHTML, like Gecko) Chrome/131.0.0.0 Safari/537.36"
45.148.10.62 - - [02/Aug/2026:10:34:43 +0200] "GET /.git/config HTTP/1.1" 404 209 "-" "Mozilla/5.0 (X11; Linux x86_64) AppleWebKit/537.36 (KHTML, like Gecko) Chrome/131.0.0.0 Safari/537.36"
45.148.10.62 - - [02/Aug/2026:10:34:43 +0200] "GET /wp-config.php HTTP/1.1" 404 211 "-" "Mozilla/5.0 (X11; Linux x86_64) AppleWebKit/537.36 (KHTML, like Gecko) Chrome/131.0.0.0 Safari/537.36"
45.148.10.62 - - [02/Aug/2026:10:34:43 +0200] "GET /.stripe/ HTTP/1.1" 404 206 "http://gridtip.net/.stripe/" "Mozilla/5.0 (Macintosh; Intel Mac OS X 10_15_7) AppleWebKit/537.36 (KHTML, like Gecko) Chrome/131.0.0.0 Safari/537.36"
45.148.10.62 - - [02/Aug/2026:10:34:43 +0200] "GET /wp-config.php.old HTTP/1.1" 404 215 "-" "Mozilla/5.0 (Windows NT 10.0; Win64; x64; rv:133.0) Gecko/20100101 Firefox/133.0"
45.148.10.62 - - [02/Aug/2026:10:34:43 +0200] "GET /config.php HTTP/1.1" 404 208 "-" "Mozilla/5.0 (Macintosh; Intel Mac OS X 10_15_7) AppleWebKit/537.36 (KHTML, like Gecko) Chrome/131.0.0.0 Safari/537.36"
45.148.10.62 - - [02/Aug/2026:10:34:43 +0200] "GET /config.php.bak HTTP/1.1" 404 212 "-" "Mozilla/5.0 (Windows NT 10.0; Win64; x64; rv:133.0) Gecko/20100101 Firefox/133.0"
45.148.10.62 - - [02/Aug/2026:10:34:43 +0200] "GET /config.js HTTP/1.1" 404 207 "-" "Mozilla/5.0 (Windows NT 10.0; Win64; x64; rv:133.0) Gecko/20100101 Firefox/133.0"
45.148.10.62 - - [02/Aug/2026:10:34:43 +0200] "GET /stripe/.env HTTP/1.1" 404 209 "http://gridtip.net/stripe/.env" "Mozilla/5.0 (Windows NT 10.0; Win64; x64; rv:133.0) Gecko/20100101 Firefox/133.0"
45.148.10.62 - - [02/Aug/2026:10:34:43 +0200] "GET /aws-config.js HTTP/1.1" 404 211 "-" "Mozilla/5.0 (X11; Linux x86_64) AppleWebKit/537.36 (KHTML, like Gecko) Chrome/131.0.0.0 Safari/537.36"
45.148.10.62 - - [02/Aug/2026:10:34:43 +0200] "GET /aws.config.js HTTP/1.1" 404 211 "-" "Mozilla/5.0 (Macintosh; Intel Mac OS X 10_15_7) AppleWebKit/537.36 (KHTML, like Gecko) Chrome/131.0.0.0 Safari/537.36"
45.148.10.62 - - [02/Aug/2026:10:34:43 +0200] "GET /phpinfo.php HTTP/1.1" 404 209 "-" "Mozilla/5.0 (Windows NT 10.0; Win64; x64) AppleWebKit/537.36 (KHTML, like Gecko) Chrome/131.0.0.0 Safari/537.36"
45.148.10.62 - - [02/Aug/2026:10:34:43 +0200] "GET /.env.aws HTTP/1.1" 404 206 "http://gridtip.net/.env.aws" "Mozilla/5.0 (X11; Linux x86_64) AppleWebKit/537.36 (KHTML, like Gecko) Chrome/131.0.0.0 Safari/537.36"
45.148.10.62 - - [02/Aug/2026:10:34:43 +0200] "GET /.env.save HTTP/1.1" 404 207 "http://gridtip.net/.env.save" "Mozilla/5.0 (X11; Linux x86_64) AppleWebKit/537.36 (KHTML, like Gecko) Chrome/131.0.0.0 Safari/537.36"
45.148.10.62 - - [02/Aug/2026:10:34:43 +0200] "GET /.env.local HTTP/1.1" 404 208 "http://gridtip.net/.env.local" "Mozilla/5.0 (Windows NT 10.0; Win64; x64) AppleWebKit/537.36 (KHTML, like Gecko) Chrome/131.0.0.0 Safari/537.36"
45.148.10.62 - - [02/Aug/2026:10:34:43 +0200] "GET /backend/.env HTTP/1.1" 404 210 "http://gridtip.net/backend/.env" "Mozilla/5.0 (Macintosh; Intel Mac OS X 10_15_7) AppleWebKit/537.36 (KHTML, like Gecko) Chrome/131.0.0.0 Safari/537.36"
45.148.10.62 - - [02/Aug/2026:10:34:43 +0200] "GET /test.php HTTP/1.1" 404 206 "http://gridtip.net/test.php" "Mozilla/5.0 (Windows NT 10.0; Win64; x64; rv:133.0) Gecko/20100101 Firefox/133.0"
45.148.10.62 - - [02/Aug/2026:10:34:43 +0200] "GET /.env.backup HTTP/1.1" 404 209 "http://gridtip.net/.env.backup" "Mozilla/5.0 (Windows NT 10.0; Win64; x64) AppleWebKit/537.36 (KHTML, like Gecko) Chrome/131.0.0.0 Safari/537.36"
45.148.10.62 - - [02/Aug/2026:10:34:43 +0200] "GET /.env.old HTTP/1.1" 404 206 "http://gridtip.net/.env.old" "Mozilla/5.0 (X11; Linux x86_64) AppleWebKit/537.36 (KHTML, like Gecko) Chrome/131.0.0.0 Safari/537.36"
85.215.251.124 - - [02/Aug/2026:10:34:44 +0200] "GET / HTTP/1.1" 200 1309 "-" "SpiceworksAgentShell/0.1a"
45.148.10.62 - - [02/Aug/2026:10:34:44 +0200] "GET /.env.tmp HTTP/1.1" 404 206 "http://gridtip.net/.env.tmp" "Mozilla/5.0 (X11; Linux x86_64) AppleWebKit/537.36 (KHTML, like Gecko) Chrome/131.0.0.0 Safari/537.36"
45.148.10.62 - - [02/Aug/2026:10:34:44 +0200] "GET /.env.php.bak HTTP/1.1" 404 210 "http://gridtip.net/.env.php.bak" "Mozilla/5.0 (Windows NT 10.0; Win64; x64) AppleWebKit/537.36 (KHTML, like Gecko) Chrome/131.0.0.0 Safari/537.36"
45.148.10.62 - - [02/Aug/2026:10:34:45 +0200] "GET /.env.php HTTP/1.1" 404 206 "http://gridtip.net/.env.php" "Mozilla/5.0 (X11; Linux x86_64) AppleWebKit/537.36 (KHTML, like Gecko) Chrome/131.0.0.0 Safari/537.36"
45.148.10.62 - - [02/Aug/2026:10:34:45 +0200] "GET /.env.txt HTTP/1.1" 404 206 "http://gridtip.net/.env.txt" "Mozilla/5.0 (Windows NT 10.0; Win64; x64; rv:133.0) Gecko/20100101 Firefox/133.0"
45.148.10.62 - - [02/Aug/2026:10:34:45 +0200] "GET /.env.prod HTTP/1.1" 404 207 "http://gridtip.net/.env.prod" "Mozilla/5.0 (Macintosh; Intel Mac OS X 10_15_7) AppleWebKit/537.36 (KHTML, like Gecko) Chrome/131.0.0.0 Safari/537.36"
45.148.10.62 - - [02/Aug/2026:10:34:45 +0200] "GET /.env.dev HTTP/1.1" 404 206 "http://gridtip.net/.env.dev" "Mozilla/5.0 (Macintosh; Intel Mac OS X 10_15_7) AppleWebKit/537.36 (KHTML, like Gecko) Chrome/131.0.0.0 Safari/537.36"
45.148.10.62 - - [02/Aug/2026:10:34:45 +0200] "GET /config.json.save HTTP/1.1" 404 214 "http://gridtip.net/config.json.save" "Mozilla/5.0 (X11; Linux x86_64) AppleWebKit/537.36 (KHTML, like Gecko) Chrome/131.0.0.0 Safari/537.36"
45.148.10.62 - - [02/Aug/2026:10:34:45 +0200] "GET /.git/config HTTP/1.1" 404 209 "http://gridtip.net/.git/config" "Mozilla/5.0 (X11; Linux x86_64) AppleWebKit/537.36 (KHTML, like Gecko) Chrome/131.0.0.0 Safari/537.36"
45.148.10.62 - - [02/Aug/2026:10:34:45 +0200] "GET /wp-config.php HTTP/1.1" 404 211 "http://gridtip.net/wp-config.php" "Mozilla/5.0 (Windows NT 10.0; Win64; x64; rv:133.0) Gecko/20100101 Firefox/133.0"
45.148.10.62 - - [02/Aug/2026:10:34:45 +0200] "GET /wp-config.php.old HTTP/1.1" 404 215 "http://gridtip.net/wp-config.php.old" "Mozilla/5.0 (Macintosh; Intel Mac OS X 10_15_7) AppleWebKit/537.36 (KHTML, like Gecko) Chrome/131.0.0.0 Safari/537.36"
45.148.10.62 - - [02/Aug/2026:10:34:46 +0200] "GET /config.php HTTP/1.1" 404 208 "http://gridtip.net/config.php" "Mozilla/5.0 (Windows NT 10.0; Win64; x64) AppleWebKit/537.36 (KHTML, like Gecko) Chrome/131.0.0.0 Safari/537.36"
45.148.10.62 - - [02/Aug/2026:10:34:46 +0200] "GET /config.php.bak HTTP/1.1" 404 212 "http://gridtip.net/config.php.bak" "Mozilla/5.0 (Windows NT 10.0; Win64; x64) AppleWebKit/537.36 (KHTML, like Gecko) Chrome/131.0.0.0 Safari/537.36"
45.148.10.62 - - [02/Aug/2026:10:34:46 +0200] "GET /config.js HTTP/1.1" 404 207 "http://gridtip.net/config.js" "Mozilla/5.0 (Windows NT 10.0; Win64; x64) AppleWebKit/537.36 (KHTML, like Gecko) Chrome/131.0.0.0 Safari/537.36"
45.148.10.62 - - [02/Aug/2026:10:34:46 +0200] "GET /aws-config.js HTTP/1.1" 404 211 "http://gridtip.net/aws-config.js" "Mozilla/5.0 (Windows NT 10.0; Win64; x64; rv:133.0) Gecko/20100101 Firefox/133.0"
45.148.10.62 - - [02/Aug/2026:10:34:46 +0200] "GET /aws.config.js HTTP/1.1" 404 211 "http://gridtip.net/aws.config.js" "Mozilla/5.0 (Windows NT 10.0; Win64; x64) AppleWebKit/537.36 (KHTML, like Gecko) Chrome/131.0.0.0 Safari/537.36"
45.148.10.62 - - [02/Aug/2026:10:34:46 +0200] "GET /phpinfo.php HTTP/1.1" 404 209 "http://gridtip.net/phpinfo.php" "Mozilla/5.0 (Macintosh; Intel Mac OS X 10_15_7) AppleWebKit/537.36 (KHTML, like Gecko) Chrome/131.0.0.0 Safari/537.36"
85.215.251.124 - - [02/Aug/2026:10:35:44 +0200] "GET / HTTP/1.1" 200 1309 "-" "SpiceworksAgentShell/0.1a"
85.215.251.124 - - [02/Aug/2026:10:36:44 +0200] "GET / HTTP/1.1" 200 1309 "-" "SpiceworksAgentShell/0.1a"
85.215.251.124 - - [02/Aug/2026:10:37:44 +0200] "GET / HTTP/1.1" 200 1309 "-" "SpiceworksAgentShell/0.1a"
85.215.251.124 - - [02/Aug/2026:10:38:44 +0200] "GET / HTTP/1.1" 200 1309 "-" "SpiceworksAgentShell/0.1a"
3.77.67.4 - - [02/Aug/2026:10:39:30 +0200] "HEAD / HTTP/1.1" 200 - "http://gridtip.net" "Mozilla/5.0+(compatible; UptimeRobot/2.0; http://www.uptimerobot.com/)"
85.215.251.124 - - [02/Aug/2026:10:39:44 +0200] "GET / HTTP/1.1" 200 1309 "-" "SpiceworksAgentShell/0.1a"
85.215.251.124 - - [02/Aug/2026:10:40:44 +0200] "GET / HTTP/1.1" 200 1309 "-" "SpiceworksAgentShell/0.1a"
85.215.251.124 - - [02/Aug/2026:10:41:44 +0200] "GET / HTTP/1.1" 200 1309 "-" "SpiceworksAgentShell/0.1a"
85.215.251.124 - - [02/Aug/2026:10:42:44 +0200] "GET / HTTP/1.1" 200 1309 "-" "SpiceworksAgentShell/0.1a"
85.215.251.124 - - [02/Aug/2026:10:43:44 +0200] "GET / HTTP/1.1" 200 1309 "-" "SpiceworksAgentShell/0.1a"
18.192.166.72 - - [02/Aug/2026:10:44:33 +0200] "HEAD / HTTP/1.1" 200 - "http://gridtip.net" "Mozilla/5.0+(compatible; UptimeRobot/2.0; http://www.uptimerobot.com/)"
85.215.251.124 - - [02/Aug/2026:10:44:44 +0200] "GET / HTTP/1.1" 200 1309 "-" "SpiceworksAgentShell/0.1a"
85.215.251.124 - - [02/Aug/2026:10:45:44 +0200] "GET / HTTP/1.1" 200 1309 "-" "SpiceworksAgentShell/0.1a"
85.215.251.124 - - [02/Aug/2026:10:46:44 +0200] "GET / HTTP/1.1" 200 1309 "-" "SpiceworksAgentShell/0.1a"
85.215.251.124 - - [02/Aug/2026:10:47:44 +0200] "GET / HTTP/1.1" 200 1309 "-" "SpiceworksAgentShell/0.1a"
85.215.251.124 - - [02/Aug/2026:10:48:44 +0200] "GET / HTTP/1.1" 200 1309 "-" "SpiceworksAgentShell/0.1a"
159.69.158.189 - - [02/Aug/2026:10:49:37 +0200] "HEAD / HTTP/1.1" 200 - "http://gridtip.net" "Mozilla/5.0+(compatible; UptimeRobot/2.0; http://www.uptimerobot.com/)"
85.215.251.124 - - [02/Aug/2026:10:49:44 +0200] "GET / HTTP/1.1" 200 1309 "-" "SpiceworksAgentShell/0.1a"
85.215.251.124 - - [02/Aug/2026:10:50:44 +0200] "GET / HTTP/1.1" 200 1309 "-" "SpiceworksAgentShell/0.1a"
85.215.251.124 - - [02/Aug/2026:10:51:44 +0200] "GET / HTTP/1.1" 200 1309 "-" "SpiceworksAgentShell/0.1a"
85.215.251.124 - - [02/Aug/2026:10:52:44 +0200] "GET / HTTP/1.1" 200 1309 "-" "SpiceworksAgentShell/0.1a"
85.215.251.124 - - [02/Aug/2026:10:53:44 +0200] "GET / HTTP/1.1" 200 1309 "-" "SpiceworksAgentShell/0.1a"
157.90.155.240 - - [02/Aug/2026:10:54:42 +0200] "HEAD / HTTP/1.1" 200 - "http://gridtip.net" "Mozilla/5.0+(compatible; UptimeRobot/2.0; http://www.uptimerobot.com/)"
104.248.0.82 - - [02/Aug/2026:10:54:42 +0200] "GET /wp-json/batch/v1 HTTP/1.1" 404 214 "-" "Mozilla/5.0 (X11; Linux x86_64) AppleWebKit/537.36 (KHTML, like Gecko) Chrome/126.0.0.0 Safari/537.36"
104.248.0.82 - - [02/Aug/2026:10:54:43 +0200] "GET /?rest_route=/batch/v1 HTTP/1.1" 200 1309 "-" "Mozilla/5.0 (X11; Linux x86_64) AppleWebKit/537.36 (KHTML, like Gecko) Chrome/126.0.0.0 Safari/537.36"
104.248.0.82 - - [02/Aug/2026:10:54:44 +0200] "GET /wp-json/batch/v1 HTTP/1.1" 404 214 "-" "Mozilla/5.0 (X11; Linux x86_64) AppleWebKit/537.36 (KHTML, like Gecko) Chrome/126.0.0.0 Safari/537.36"
85.215.251.124 - - [02/Aug/2026:10:54:44 +0200] "GET / HTTP/1.1" 200 1309 "-" "SpiceworksAgentShell/0.1a"
85.215.251.124 - - [02/Aug/2026:10:55:44 +0200] "GET / HTTP/1.1" 200 1309 "-" "SpiceworksAgentShell/0.1a"
85.215.251.124 - - [02/Aug/2026:10:56:44 +0200] "GET / HTTP/1.1" 200 1309 "-" "SpiceworksAgentShell/0.1a"
85.215.251.124 - - [02/Aug/2026:10:57:44 +0200] "GET / HTTP/1.1" 200 1309 "-" "SpiceworksAgentShell/0.1a"
85.215.251.124 - - [02/Aug/2026:10:58:44 +0200] "GET / HTTP/1.1" 200 1309 "-" "SpiceworksAgentShell/0.1a"
85.215.251.124 - - [02/Aug/2026:10:59:44 +0200] "GET / HTTP/1.1" 200 1309 "-" "SpiceworksAgentShell/0.1a"
3.79.134.69 - - [02/Aug/2026:10:59:48 +0200] "HEAD / HTTP/1.1" 200 - "http://gridtip.net" "Mozilla/5.0+(compatible; UptimeRobot/2.0; http://www.uptimerobot.com/)"
85.215.251.124 - - [02/Aug/2026:11:00:44 +0200] "GET / HTTP/1.1" 200 1309 "-" "SpiceworksAgentShell/0.1a"
85.215.251.124 - - [02/Aug/2026:11:01:44 +0200] "GET / HTTP/1.1" 200 1309 "-" "SpiceworksAgentShell/0.1a"
85.215.251.124 - - [02/Aug/2026:11:02:44 +0200] "GET / HTTP/1.1" 200 1309 "-" "SpiceworksAgentShell/0.1a"
85.215.251.124 - - [02/Aug/2026:11:03:44 +0200] "GET / HTTP/1.1" 200 1309 "-" "SpiceworksAgentShell/0.1a"
85.215.251.124 - - [02/Aug/2026:11:04:44 +0200] "GET / HTTP/1.1" 200 1309 "-" "SpiceworksAgentShell/0.1a"
78.47.173.76 - - [02/Aug/2026:11:04:54 +0200] "HEAD / HTTP/1.1" 200 - "http://gridtip.net" "Mozilla/5.0+(compatible; UptimeRobot/2.0; http://www.uptimerobot.com/)"
85.215.251.124 - - [02/Aug/2026:11:05:44 +0200] "GET / HTTP/1.1" 200 1309 "-" "SpiceworksAgentShell/0.1a"
85.215.251.124 - - [02/Aug/2026:11:06:44 +0200] "GET / HTTP/1.1" 200 1309 "-" "SpiceworksAgentShell/0.1a"
85.215.251.124 - - [02/Aug/2026:11:07:44 +0200] "GET / HTTP/1.1" 200 1309 "-" "SpiceworksAgentShell/0.1a"
85.215.251.124 - - [02/Aug/2026:11:08:44 +0200] "GET / HTTP/1.1" 200 1309 "-" "SpiceworksAgentShell/0.1a"
85.215.251.124 - - [02/Aug/2026:11:09:44 +0200] "GET / HTTP/1.1" 200 1309 "-" "SpiceworksAgentShell/0.1a"
52.28.162.93 - - [02/Aug/2026:11:09:59 +0200] "HEAD / HTTP/1.1" 200 - "http://gridtip.net" "Mozilla/5.0+(compatible; UptimeRobot/2.0; http://www.uptimerobot.com/)"
85.215.251.124 - - [02/Aug/2026:11:10:44 +0200] "GET / HTTP/1.1" 200 1309 "-" "SpiceworksAgentShell/0.1a"
85.215.251.124 - - [02/Aug/2026:11:11:44 +0200] "GET / HTTP/1.1" 200 1309 "-" "SpiceworksAgentShell/0.1a"
85.215.251.124 - - [02/Aug/2026:11:12:44 +0200] "GET / HTTP/1.1" 200 1309 "-" "SpiceworksAgentShell/0.1a"
85.215.251.124 - - [02/Aug/2026:11:13:44 +0200] "GET / HTTP/1.1" 200 1309 "-" "SpiceworksAgentShell/0.1a"
85.215.251.124 - - [02/Aug/2026:11:14:44 +0200] "GET / HTTP/1.1" 200 1309 "-" "SpiceworksAgentShell/0.1a"
3.77.67.4 - - [02/Aug/2026:11:15:04 +0200] "HEAD / HTTP/1.1" 200 - "http://gridtip.net" "Mozilla/5.0+(compatible; UptimeRobot/2.0; http://www.uptimerobot.com/)"
85.215.251.124 - - [02/Aug/2026:11:15:44 +0200] "GET / HTTP/1.1" 200 1309 "-" "SpiceworksAgentShell/0.1a"
85.215.251.124 - - [02/Aug/2026:11:16:44 +0200] "GET / HTTP/1.1" 200 1309 "-" "SpiceworksAgentShell/0.1a"
52.22.1.240 - - [02/Aug/2026:11:16:49 +0200] "GET / HTTP/1.1" 200 1309 "-" "Mozilla/5.0 (Windows NT 10.0; Win64; x64) AppleWebKit/537.36 (KHTML, like Gecko) Chrome/133.0.0.0 Safari/537.36"
85.215.251.124 - - [02/Aug/2026:11:17:44 +0200] "GET / HTTP/1.1" 200 1309 "-" "SpiceworksAgentShell/0.1a"
85.215.251.124 - - [02/Aug/2026:11:18:44 +0200] "GET / HTTP/1.1" 200 1309 "-" "SpiceworksAgentShell/0.1a"
85.215.251.124 - - [02/Aug/2026:11:19:44 +0200] "GET / HTTP/1.1" 200 1309 "-" "SpiceworksAgentShell/0.1a"
168.119.123.75 - - [02/Aug/2026:11:20:09 +0200] "HEAD / HTTP/1.1" 200 - "http://gridtip.net" "Mozilla/5.0+(compatible; UptimeRobot/2.0; http://www.uptimerobot.com/)"
85.215.251.124 - - [02/Aug/2026:11:20:44 +0200] "GET / HTTP/1.1" 200 1309 "-" "SpiceworksAgentShell/0.1a"
85.215.251.124 - - [02/Aug/2026:11:21:44 +0200] "GET / HTTP/1.1" 200 1309 "-" "SpiceworksAgentShell/0.1a"
85.215.251.124 - - [02/Aug/2026:11:22:44 +0200] "GET / HTTP/1.1" 200 1309 "-" "SpiceworksAgentShell/0.1a"
85.215.251.124 - - [02/Aug/2026:11:23:44 +0200] "GET / HTTP/1.1" 200 1309 "-" "SpiceworksAgentShell/0.1a"
85.215.251.124 - - [02/Aug/2026:11:24:44 +0200] "GET / HTTP/1.1" 200 1309 "-" "SpiceworksAgentShell/0.1a"
78.47.173.76 - - [02/Aug/2026:11:25:14 +0200] "HEAD / HTTP/1.1" 200 - "http://gridtip.net" "Mozilla/5.0+(compatible; UptimeRobot/2.0; http://www.uptimerobot.com/)"
85.215.251.124 - - [02/Aug/2026:11:25:44 +0200] "GET / HTTP/1.1" 200 1309 "-" "SpiceworksAgentShell/0.1a"
62.178.204.132 - - [02/Aug/2026:11:25:52 +0200] "GET / HTTP/1.1" 200 1309 "-" "Mozilla/5.0 (Windows NT 10.0; Win64; x64) AppleWebKit/537.36 (KHTML, like Gecko) Chrome/151.0.0.0 Safari/537.36"
62.178.204.132 - - [02/Aug/2026:11:25:52 +0200] "GET /gridtip.html HTTP/1.1" 200 1067 "https://gridtip.net/" "Mozilla/5.0 (Windows NT 10.0; Win64; x64) AppleWebKit/537.36 (KHTML, like Gecko) Chrome/151.0.0.0 Safari/537.36"
62.178.204.132 - - [02/Aug/2026:11:25:52 +0200] "GET /menu.php HTTP/1.1" 200 1323 "https://gridtip.net/" "Mozilla/5.0 (Windows NT 10.0; Win64; x64) AppleWebKit/537.36 (KHTML, like Gecko) Chrome/151.0.0.0 Safari/537.36"
62.178.204.132 - - [02/Aug/2026:11:25:53 +0200] "GET /header.php HTTP/1.1" 200 1923 "https://gridtip.net/gridtip.html" "Mozilla/5.0 (Windows NT 10.0; Win64; x64) AppleWebKit/537.36 (KHTML, like Gecko) Chrome/151.0.0.0 Safari/537.36"
62.178.204.132 - - [02/Aug/2026:11:25:53 +0200] "GET /gridtip.php HTTP/1.1" 200 25569 "https://gridtip.net/gridtip.html" "Mozilla/5.0 (Windows NT 10.0; Win64; x64) AppleWebKit/537.36 (KHTML, like Gecko) Chrome/151.0.0.0 Safari/537.36"
62.178.204.132 - - [02/Aug/2026:11:25:53 +0200] "GET /shoutbox/style.css HTTP/1.1" 200 2040 "https://gridtip.net/gridtip.php" "Mozilla/5.0 (Windows NT 10.0; Win64; x64) AppleWebKit/537.36 (KHTML, like Gecko) Chrome/151.0.0.0 Safari/537.36"
62.178.204.132 - - [02/Aug/2026:11:25:53 +0200] "GET /images/home.png HTTP/1.1" 200 12894 "https://gridtip.net/gridtip.php" "Mozilla/5.0 (Windows NT 10.0; Win64; x64) AppleWebKit/537.36 (KHTML, like Gecko) Chrome/151.0.0.0 Safari/537.36"
62.178.204.132 - - [02/Aug/2026:11:25:53 +0200] "GET /shoutbox/shouts.php HTTP/1.1" 200 1480 "https://gridtip.net/gridtip.php" "Mozilla/5.0 (Windows NT 10.0; Win64; x64) AppleWebKit/537.36 (KHTML, like Gecko) Chrome/151.0.0.0 Safari/537.36"
62.178.204.132 - - [02/Aug/2026:11:25:53 +0200] "GET /shoutbox/shout_button.jpg HTTP/1.1" 200 2117 "https://gridtip.net/shoutbox/style.css" "Mozilla/5.0 (Windows NT 10.0; Win64; x64) AppleWebKit/537.36 (KHTML, like Gecko) Chrome/151.0.0.0 Safari/537.36"
62.178.204.132 - - [02/Aug/2026:11:25:53 +0200] "GET /images/favicon-32x32.png HTTP/1.1" 200 786 "https://gridtip.net/" "Mozilla/5.0 (Windows NT 10.0; Win64; x64) AppleWebKit/537.36 (KHTML, like Gecko) Chrome/151.0.0.0 Safari/537.36"
85.215.251.124 - - [02/Aug/2026:11:26:44 +0200] "GET / HTTP/1.1" 200 1309 "-" "SpiceworksAgentShell/0.1a"
62.178.204.132 - - [02/Aug/2026:11:27:09 +0200] "GET /header.php HTTP/1.1" 200 1923 "https://gridtip.net/gridtip.html" "Mozilla/5.0 (Windows NT 10.0; Win64; x64) AppleWebKit/537.36 (KHTML, like Gecko) Chrome/151.0.0.0 Safari/537.36"
62.178.204.132 - - [02/Aug/2026:11:27:09 +0200] "GET /gridtip.php HTTP/1.1" 200 25569 "https://gridtip.net/gridtip.html" "Mozilla/5.0 (Windows NT 10.0; Win64; x64) AppleWebKit/537.36 (KHTML, like Gecko) Chrome/151.0.0.0 Safari/537.36"
62.178.204.132 - - [02/Aug/2026:11:27:10 +0200] "GET /shoutbox/shouts.php HTTP/1.1" 200 1480 "https://gridtip.net/gridtip.php" "Mozilla/5.0 (Windows NT 10.0; Win64; x64) AppleWebKit/537.36 (KHTML, like Gecko) Chrome/151.0.0.0 Safari/537.36"
85.215.251.124 - - [02/Aug/2026:11:27:44 +0200] "GET / HTTP/1.1" 200 1309 "-" "SpiceworksAgentShell/0.1a"
85.215.251.124 - - [02/Aug/2026:11:28:44 +0200] "GET / HTTP/1.1" 200 1309 "-" "SpiceworksAgentShell/0.1a"
85.215.251.124 - - [02/Aug/2026:11:29:44 +0200] "GET / HTTP/1.1" 200 1309 "-" "SpiceworksAgentShell/0.1a"
52.28.162.93 - - [02/Aug/2026:11:30:19 +0200] "HEAD / HTTP/1.1" 200 - "http://gridtip.net" "Mozilla/5.0+(compatible; UptimeRobot/2.0; http://www.uptimerobot.com/)"
85.215.251.124 - - [02/Aug/2026:11:30:44 +0200] "GET / HTTP/1.1" 200 1309 "-" "SpiceworksAgentShell/0.1a"
85.215.251.124 - - [02/Aug/2026:11:31:44 +0200] "GET / HTTP/1.1" 200 1309 "-" "SpiceworksAgentShell/0.1a"
85.215.251.124 - - [02/Aug/2026:11:32:44 +0200] "GET / HTTP/1.1" 200 1309 "-" "SpiceworksAgentShell/0.1a"
85.215.251.124 - - [02/Aug/2026:11:33:44 +0200] "GET / HTTP/1.1" 200 1309 "-" "SpiceworksAgentShell/0.1a"
85.215.251.124 - - [02/Aug/2026:11:34:44 +0200] "GET / HTTP/1.1" 200 1309 "-" "SpiceworksAgentShell/0.1a"
49.13.24.81 - - [02/Aug/2026:11:35:25 +0200] "HEAD / HTTP/1.1" 200 - "http://gridtip.net" "Mozilla/5.0+(compatible; UptimeRobot/2.0; http://www.uptimerobot.com/)"
85.215.251.124 - - [02/Aug/2026:11:35:44 +0200] "GET / HTTP/1.1" 200 1309 "-" "SpiceworksAgentShell/0.1a"
85.215.251.124 - - [02/Aug/2026:11:36:44 +0200] "GET / HTTP/1.1" 200 1309 "-" "SpiceworksAgentShell/0.1a"
85.215.251.124 - - [02/Aug/2026:11:37:44 +0200] "GET / HTTP/1.1" 200 1309 "-" "SpiceworksAgentShell/0.1a"
85.215.251.124 - - [02/Aug/2026:11:38:44 +0200] "GET / HTTP/1.1" 200 1309 "-" "SpiceworksAgentShell/0.1a"
85.215.251.124 - - [02/Aug/2026:11:39:44 +0200] "GET / HTTP/1.1" 200 1309 "-" "SpiceworksAgentShell/0.1a"
49.13.134.145 - - [02/Aug/2026:11:40:28 +0200] "HEAD / HTTP/1.1" 200 - "http://gridtip.net" "Mozilla/5.0+(compatible; UptimeRobot/2.0; http://www.uptimerobot.com/)"
85.215.251.124 - - [02/Aug/2026:11:40:44 +0200] "GET / HTTP/1.1" 200 1309 "-" "SpiceworksAgentShell/0.1a"
85.215.251.124 - - [02/Aug/2026:11:41:44 +0200] "GET / HTTP/1.1" 200 1309 "-" "SpiceworksAgentShell/0.1a"
85.215.251.124 - - [02/Aug/2026:11:42:44 +0200] "GET / HTTP/1.1" 200 1309 "-" "SpiceworksAgentShell/0.1a"
85.215.251.124 - - [02/Aug/2026:11:43:44 +0200] "GET / HTTP/1.1" 200 1309 "-" "SpiceworksAgentShell/0.1a"
85.215.251.124 - - [02/Aug/2026:11:44:44 +0200] "GET / HTTP/1.1" 200 1309 "-" "SpiceworksAgentShell/0.1a"
49.13.167.123 - - [02/Aug/2026:11:45:33 +0200] "HEAD / HTTP/1.1" 200 - "http://gridtip.net" "Mozilla/5.0+(compatible; UptimeRobot/2.0; http://www.uptimerobot.com/)"
85.215.251.124 - - [02/Aug/2026:11:45:44 +0200] "GET / HTTP/1.1" 200 1309 "-" "SpiceworksAgentShell/0.1a"
46.151.182.197 - - [02/Aug/2026:11:46:26 +0200] "GET /admin/fileupload/index.php?file=tf2rghf.jpg HTTP/1.1" 404 224 "-" "ALittle Client"
85.215.251.124 - - [02/Aug/2026:11:46:44 +0200] "GET / HTTP/1.1" 200 1309 "-" "SpiceworksAgentShell/0.1a"
85.215.251.124 - - [02/Aug/2026:11:47:44 +0200] "GET / HTTP/1.1" 200 1309 "-" "SpiceworksAgentShell/0.1a"
85.215.251.124 - - [02/Aug/2026:11:48:44 +0200] "GET / HTTP/1.1" 200 1309 "-" "SpiceworksAgentShell/0.1a"
85.215.251.124 - - [02/Aug/2026:11:49:44 +0200] "GET / HTTP/1.1" 200 1309 "-" "SpiceworksAgentShell/0.1a"
78.47.98.55 - - [02/Aug/2026:11:50:37 +0200] "HEAD / HTTP/1.1" 200 - "http://gridtip.net" "Mozilla/5.0+(compatible; UptimeRobot/2.0; http://www.uptimerobot.com/)"
85.215.251.124 - - [02/Aug/2026:11:50:44 +0200] "GET / HTTP/1.1" 200 1309 "-" "SpiceworksAgentShell/0.1a"
85.215.251.124 - - [02/Aug/2026:11:51:44 +0200] "GET / HTTP/1.1" 200 1309 "-" "SpiceworksAgentShell/0.1a"
85.215.251.124 - - [02/Aug/2026:11:52:44 +0200] "GET / HTTP/1.1" 200 1309 "-" "SpiceworksAgentShell/0.1a"
85.215.251.124 - - [02/Aug/2026:11:53:44 +0200] "GET / HTTP/1.1" 200 1309 "-" "SpiceworksAgentShell/0.1a"
85.215.251.124 - - [02/Aug/2026:11:54:44 +0200] "GET / HTTP/1.1" 200 1309 "-" "SpiceworksAgentShell/0.1a"
128.140.106.114 - - [02/Aug/2026:11:55:41 +0200] "HEAD / HTTP/1.1" 200 - "http://gridtip.net" "Mozilla/5.0+(compatible; UptimeRobot/2.0; http://www.uptimerobot.com/)"
85.215.251.124 - - [02/Aug/2026:11:55:44 +0200] "GET / HTTP/1.1" 200 1309 "-" "SpiceworksAgentShell/0.1a"
85.215.251.124 - - [02/Aug/2026:11:56:44 +0200] "GET / HTTP/1.1" 200 1309 "-" "SpiceworksAgentShell/0.1a"
85.215.251.124 - - [02/Aug/2026:11:57:44 +0200] "GET / HTTP/1.1" 200 1309 "-" "SpiceworksAgentShell/0.1a"
85.215.251.124 - - [02/Aug/2026:11:58:44 +0200] "GET / HTTP/1.1" 200 1309 "-" "SpiceworksAgentShell/0.1a"
85.215.251.124 - - [02/Aug/2026:11:59:44 +0200] "GET / HTTP/1.1" 200 1309 "-" "SpiceworksAgentShell/0.1a"
85.215.251.124 - - [02/Aug/2026:12:00:44 +0200] "GET / HTTP/1.1" 200 1309 "-" "SpiceworksAgentShell/0.1a"
78.47.173.76 - - [02/Aug/2026:12:00:53 +0200] "HEAD / HTTP/1.1" 200 - "http://gridtip.net" "Mozilla/5.0+(compatible; UptimeRobot/2.0; http://www.uptimerobot.com/)"
85.215.251.124 - - [02/Aug/2026:12:01:44 +0200] "GET / HTTP/1.1" 200 1309 "-" "SpiceworksAgentShell/0.1a"
85.215.251.124 - - [02/Aug/2026:12:02:44 +0200] "GET / HTTP/1.1" 200 1309 "-" "SpiceworksAgentShell/0.1a"
85.215.251.124 - - [02/Aug/2026:12:03:44 +0200] "GET / HTTP/1.1" 200 1309 "-" "SpiceworksAgentShell/0.1a"
85.215.251.124 - - [02/Aug/2026:12:04:44 +0200] "GET / HTTP/1.1" 200 1309 "-" "SpiceworksAgentShell/0.1a"
85.215.251.124 - - [02/Aug/2026:12:05:44 +0200] "GET / HTTP/1.1" 200 1309 "-" "SpiceworksAgentShell/0.1a"
167.235.143.113 - - [02/Aug/2026:12:05:58 +0200] "HEAD / HTTP/1.1" 200 - "http://gridtip.net" "Mozilla/5.0+(compatible; UptimeRobot/2.0; http://www.uptimerobot.com/)"
85.215.251.124 - - [02/Aug/2026:12:06:44 +0200] "GET / HTTP/1.1" 200 1309 "-" "SpiceworksAgentShell/0.1a"
85.215.251.124 - - [02/Aug/2026:12:07:44 +0200] "GET / HTTP/1.1" 200 1309 "-" "SpiceworksAgentShell/0.1a"
85.215.251.124 - - [02/Aug/2026:12:08:44 +0200] "GET / HTTP/1.1" 200 1309 "-" "SpiceworksAgentShell/0.1a"
85.215.251.124 - - [02/Aug/2026:12:09:44 +0200] "GET / HTTP/1.1" 200 1309 "-" "SpiceworksAgentShell/0.1a"
85.215.251.124 - - [02/Aug/2026:12:10:44 +0200] "GET / HTTP/1.1" 200 1309 "-" "SpiceworksAgentShell/0.1a"
49.13.24.81 - - [02/Aug/2026:12:11:02 +0200] "HEAD / HTTP/1.1" 200 - "http://gridtip.net" "Mozilla/5.0+(compatible; UptimeRobot/2.0; http://www.uptimerobot.com/)"
85.215.251.124 - - [02/Aug/2026:12:11:44 +0200] "GET / HTTP/1.1" 200 1309 "-" "SpiceworksAgentShell/0.1a"
85.215.251.124 - - [02/Aug/2026:12:12:44 +0200] "GET / HTTP/1.1" 200 1309 "-" "SpiceworksAgentShell/0.1a"
85.215.251.124 - - [02/Aug/2026:12:13:44 +0200] "GET / HTTP/1.1" 200 1309 "-" "SpiceworksAgentShell/0.1a"
85.215.251.124 - - [02/Aug/2026:12:14:44 +0200] "GET / HTTP/1.1" 200 1309 "-" "SpiceworksAgentShell/0.1a"
85.215.251.124 - - [02/Aug/2026:12:15:44 +0200] "GET / HTTP/1.1" 200 1309 "-" "SpiceworksAgentShell/0.1a"
157.90.155.240 - - [02/Aug/2026:12:16:07 +0200] "HEAD / HTTP/1.1" 200 - "http://gridtip.net" "Mozilla/5.0+(compatible; UptimeRobot/2.0; http://www.uptimerobot.com/)"
85.215.251.124 - - [02/Aug/2026:12:16:44 +0200] "GET / HTTP/1.1" 200 1309 "-" "SpiceworksAgentShell/0.1a"
85.215.251.124 - - [02/Aug/2026:12:17:44 +0200] "GET / HTTP/1.1" 200 1309 "-" "SpiceworksAgentShell/0.1a"
85.215.251.124 - - [02/Aug/2026:12:18:44 +0200] "GET / HTTP/1.1" 200 1309 "-" "SpiceworksAgentShell/0.1a"
85.215.251.124 - - [02/Aug/2026:12:19:44 +0200] "GET / HTTP/1.1" 200 1309 "-" "SpiceworksAgentShell/0.1a"
85.215.251.124 - - [02/Aug/2026:12:20:44 +0200] "GET / HTTP/1.1" 200 1309 "-" "SpiceworksAgentShell/0.1a"
107.151.249.168 - - [02/Aug/2026:12:21:08 +0200] "POST / HTTP/1.1" 200 1309 "-" "Go-http-client/1.1"
107.151.249.168 - - [02/Aug/2026:12:21:09 +0200] "POST / HTTP/1.1" 200 1309 "-" "Go-http-client/1.1"
49.13.167.123 - - [02/Aug/2026:12:21:11 +0200] "HEAD / HTTP/1.1" 200 - "http://gridtip.net" "Mozilla/5.0+(compatible; UptimeRobot/2.0; http://www.uptimerobot.com/)"
45.148.10.217 - - [02/Aug/2026:12:21:15 +0200] "GET / HTTP/1.1" 200 1309 "http://gridtip.net/" "Mozilla/5.0 (Macintosh; Intel Mac OS X 10_15_7) AppleWebKit/605.1.15 (KHTML, like Gecko) Version/17.6 Safari/605.1.15"
85.215.251.124 - - [02/Aug/2026:12:21:44 +0200] "GET / HTTP/1.1" 200 1309 "-" "SpiceworksAgentShell/0.1a"
85.215.251.124 - - [02/Aug/2026:12:22:44 +0200] "GET / HTTP/1.1" 200 1309 "-" "SpiceworksAgentShell/0.1a"
85.215.251.124 - - [02/Aug/2026:12:23:44 +0200] "GET / HTTP/1.1" 200 1309 "-" "SpiceworksAgentShell/0.1a"
123.160.223.74 - - [02/Aug/2026:12:24:34 +0200] "GET / HTTP/1.1" 200 1309 "http://gridtip.net" "Mozilla/5.0 (Macintosh; Intel Mac OS X 10_15_7) AppleWebKit/537.36 (KHTML, like Gecko) Chrome/120.0.0.0 Safari/537.36"
123.160.223.72 - - [02/Aug/2026:12:24:36 +0200] "GET /images/favicon-32x32.png HTTP/1.1" 200 786 "http://gridtip.net/images/favicon-32x32.png" "Mozilla/5.0 (Macintosh; Intel Mac OS X 10_15_7) AppleWebKit/537.36 (KHTML, like Gecko) Chrome/120.0.0.0 Safari/537.36"
85.215.251.124 - - [02/Aug/2026:12:24:44 +0200] "GET / HTTP/1.1" 200 1309 "-" "SpiceworksAgentShell/0.1a"
124.222.230.178 - - [02/Aug/2026:12:25:13 +0200] "GET / HTTP/1.1" 200 2794 "http://www.gridtip.net" "Mozilla/5.0 (iPhone; CPU iPhone OS 13_2_3 like Mac OS X) AppleWebKit/605.1.15 (KHTML, like Gecko) Version/13.0.3 Mobile/15E148 Safari/604.1"
85.215.251.124 - - [02/Aug/2026:12:25:44 +0200] "GET / HTTP/1.1" 200 1309 "-" "SpiceworksAgentShell/0.1a"
128.140.41.193 - - [02/Aug/2026:12:26:16 +0200] "HEAD / HTTP/1.1" 200 - "http://gridtip.net" "Mozilla/5.0+(compatible; UptimeRobot/2.0; http://www.uptimerobot.com/)"
85.215.251.124 - - [02/Aug/2026:12:26:44 +0200] "GET / HTTP/1.1" 200 1309 "-" "SpiceworksAgentShell/0.1a"
85.215.251.124 - - [02/Aug/2026:12:27:44 +0200] "GET / HTTP/1.1" 200 1309 "-" "SpiceworksAgentShell/0.1a"
85.215.251.124 - - [02/Aug/2026:12:28:44 +0200] "GET / HTTP/1.1" 200 1309 "-" "SpiceworksAgentShell/0.1a"
93.123.109.52 - - [02/Aug/2026:12:29:25 +0200] "GET / HTTP/1.1" 200 1309 "http://gridtip.net/" "Mozilla/5.0 (Macintosh; Intel Mac OS X 10_15_7) AppleWebKit/605.1.15 (KHTML, like Gecko) Version/17.6 Safari/605.1.15"
85.215.251.124 - - [02/Aug/2026:12:29:44 +0200] "GET / HTTP/1.1" 200 1309 "-" "SpiceworksAgentShell/0.1a"
85.215.251.124 - - [02/Aug/2026:12:30:44 +0200] "GET / HTTP/1.1" 200 1309 "-" "SpiceworksAgentShell/0.1a"
128.140.41.193 - - [02/Aug/2026:12:31:20 +0200] "HEAD / HTTP/1.1" 200 - "http://gridtip.net" "Mozilla/5.0+(compatible; UptimeRobot/2.0; http://www.uptimerobot.com/)"
85.215.251.124 - - [02/Aug/2026:12:31:44 +0200] "GET / HTTP/1.1" 200 1309 "-" "SpiceworksAgentShell/0.1a"
85.215.251.124 - - [02/Aug/2026:12:32:44 +0200] "GET / HTTP/1.1" 200 1309 "-" "SpiceworksAgentShell/0.1a"
85.215.251.124 - - [02/Aug/2026:12:33:44 +0200] "GET / HTTP/1.1" 200 1309 "-" "SpiceworksAgentShell/0.1a"
85.215.251.124 - - [02/Aug/2026:12:34:44 +0200] "GET / HTTP/1.1" 200 1309 "-" "SpiceworksAgentShell/0.1a"
85.215.251.124 - - [02/Aug/2026:12:35:44 +0200] "GET / HTTP/1.1" 200 1309 "-" "SpiceworksAgentShell/0.1a"
128.140.106.114 - - [02/Aug/2026:12:36:24 +0200] "HEAD / HTTP/1.1" 200 - "http://gridtip.net" "Mozilla/5.0+(compatible; UptimeRobot/2.0; http://www.uptimerobot.com/)"
85.215.251.124 - - [02/Aug/2026:12:36:44 +0200] "GET / HTTP/1.1" 200 1309 "-" "SpiceworksAgentShell/0.1a"
85.215.251.124 - - [02/Aug/2026:12:37:44 +0200] "GET / HTTP/1.1" 200 1309 "-" "SpiceworksAgentShell/0.1a"
20.100.169.152 - - [02/Aug/2026:12:38:18 +0200] "GET /wp-content/plugins/hellopress/wp_filemanager.php HTTP/1.1" 404 246 "-" "-"
85.215.251.124 - - [02/Aug/2026:12:38:44 +0200] "GET / HTTP/1.1" 200 1309 "-" "SpiceworksAgentShell/0.1a"
20.100.169.152 - - [02/Aug/2026:12:38:45 +0200] "GET /err.php HTTP/1.1" 404 205 "-" "-"
20.100.169.152 - - [02/Aug/2026:12:38:45 +0200] "GET /img.php HTTP/1.1" 404 205 "-" "-"
20.100.169.152 - - [02/Aug/2026:12:38:45 +0200] "GET /aa.php HTTP/1.1" 404 204 "-" "-"
20.100.169.152 - - [02/Aug/2026:12:38:45 +0200] "GET /av.php HTTP/1.1" 404 204 "-" "-"
20.100.169.152 - - [02/Aug/2026:12:38:45 +0200] "GET /xa.php HTTP/1.1" 404 204 "-" "-"
20.100.169.152 - - [02/Aug/2026:12:38:46 +0200] "GET /media.php HTTP/1.1" 404 207 "-" "-"
20.100.169.152 - - [02/Aug/2026:12:38:46 +0200] "GET /images.php HTTP/1.1" 404 208 "-" "-"
20.100.169.152 - - [02/Aug/2026:12:38:46 +0200] "GET /xp.php HTTP/1.1" 404 204 "-" "-"
20.100.169.152 - - [02/Aug/2026:12:38:46 +0200] "GET /admin.php HTTP/1.1" 200 991 "-" "-"
20.100.169.152 - - [02/Aug/2026:12:38:46 +0200] "GET /222.php HTTP/1.1" 404 205 "-" "-"
20.100.169.152 - - [02/Aug/2026:12:38:46 +0200] "GET /mac.php HTTP/1.1" 404 205 "-" "-"
20.100.169.152 - - [02/Aug/2026:12:38:46 +0200] "GET /ops.php HTTP/1.1" 404 205 "-" "-"
20.100.169.152 - - [02/Aug/2026:12:38:46 +0200] "GET /8.php HTTP/1.1" 404 203 "-" "-"
20.100.169.152 - - [02/Aug/2026:12:38:46 +0200] "GET /biufile.php HTTP/1.1" 404 209 "-" "-"
20.100.169.152 - - [02/Aug/2026:12:38:46 +0200] "GET /coffexium.php HTTP/1.1" 404 211 "-" "-"
20.100.169.152 - - [02/Aug/2026:12:38:46 +0200] "GET /dex.php HTTP/1.1" 404 205 "-" "-"
20.100.169.152 - - [02/Aug/2026:12:38:46 +0200] "GET /1.php HTTP/1.1" 404 203 "-" "-"
20.100.169.152 - - [02/Aug/2026:12:38:46 +0200] "GET /coffee.php HTTP/1.1" 404 208 "-" "-"
20.100.169.152 - - [02/Aug/2026:12:38:47 +0200] "GET /classwithtostring.php?p= HTTP/1.1" 404 219 "-" "-"
20.100.169.152 - - [02/Aug/2026:12:38:47 +0200] "GET /wp-ws68.php?p= HTTP/1.1" 404 209 "-" "-"
20.100.169.152 - - [02/Aug/2026:12:38:47 +0200] "GET /mgrr.php HTTP/1.1" 404 206 "-" "-"
20.100.169.152 - - [02/Aug/2026:12:38:47 +0200] "GET /55.php?p= HTTP/1.1" 404 204 "-" "-"
20.100.169.152 - - [02/Aug/2026:12:38:47 +0200] "GET /ajax.php HTTP/1.1" 404 206 "-" "-"
20.100.169.152 - - [02/Aug/2026:12:38:47 +0200] "GET /yj09.php HTTP/1.1" 404 206 "-" "-"
20.100.169.152 - - [02/Aug/2026:12:38:47 +0200] "GET /ora.php HTTP/1.1" 404 205 "-" "-"
20.100.169.152 - - [02/Aug/2026:12:38:47 +0200] "GET /scxy.php HTTP/1.1" 404 206 "-" "-"
20.100.169.152 - - [02/Aug/2026:12:38:47 +0200] "GET /ws13.php?p= HTTP/1.1" 404 206 "-" "-"
20.100.169.152 - - [02/Aug/2026:12:38:47 +0200] "GET /btx25.php HTTP/1.1" 404 207 "-" "-"
20.100.169.152 - - [02/Aug/2026:12:38:47 +0200] "GET /xpohywjo.php HTTP/1.1" 404 210 "-" "-"
20.100.169.152 - - [02/Aug/2026:12:38:47 +0200] "GET /ecvvhlei.php HTTP/1.1" 404 210 "-" "-"
20.100.169.152 - - [02/Aug/2026:12:38:47 +0200] "GET /SDsadqwrf.php HTTP/1.1" 404 211 "-" "-"
20.100.169.152 - - [02/Aug/2026:12:38:48 +0200] "GET /ssjpxze.php HTTP/1.1" 404 209 "-" "-"
20.100.169.152 - - [02/Aug/2026:12:38:48 +0200] "GET /ors32envu.php HTTP/1.1" 404 211 "-" "-"
20.100.169.152 - - [02/Aug/2026:12:38:48 +0200] "GET /3PJcpMFsD8B.php HTTP/1.1" 404 213 "-" "-"
20.100.169.152 - - [02/Aug/2026:12:38:48 +0200] "GET /BDKR28WP.php HTTP/1.1" 404 210 "-" "-"
85.215.251.124 - - [02/Aug/2026:12:39:44 +0200] "GET / HTTP/1.1" 200 1309 "-" "SpiceworksAgentShell/0.1a"
101.32.208.70 - - [02/Aug/2026:12:39:50 +0200] "GET / HTTP/1.1" 200 1309 "http://gridtip.net" "Mozilla/5.0 (iPhone; CPU iPhone OS 13_2_3 like Mac OS X) AppleWebKit/605.1.15 (KHTML, like Gecko) Version/13.0.3 Mobile/15E148 Safari/604.1"
85.215.251.124 - - [02/Aug/2026:12:40:44 +0200] "GET / HTTP/1.1" 200 1309 "-" "SpiceworksAgentShell/0.1a"
49.13.130.29 - - [02/Aug/2026:12:41:28 +0200] "HEAD / HTTP/1.1" 200 - "http://gridtip.net" "Mozilla/5.0+(compatible; UptimeRobot/2.0; http://www.uptimerobot.com/)"
85.215.251.124 - - [02/Aug/2026:12:41:44 +0200] "GET / HTTP/1.1" 200 1309 "-" "SpiceworksAgentShell/0.1a"
85.215.251.124 - - [02/Aug/2026:12:42:44 +0200] "GET / HTTP/1.1" 200 1309 "-" "SpiceworksAgentShell/0.1a"
85.215.251.124 - - [02/Aug/2026:12:43:44 +0200] "GET / HTTP/1.1" 200 1309 "-" "SpiceworksAgentShell/0.1a"
85.215.251.124 - - [02/Aug/2026:12:44:44 +0200] "GET / HTTP/1.1" 200 1309 "-" "SpiceworksAgentShell/0.1a"
85.215.251.124 - - [02/Aug/2026:12:45:44 +0200] "GET / HTTP/1.1" 200 1309 "-" "SpiceworksAgentShell/0.1a"
167.235.143.113 - - [02/Aug/2026:12:46:42 +0200] "HEAD / HTTP/1.1" 200 - "http://gridtip.net" "Mozilla/5.0+(compatible; UptimeRobot/2.0; http://www.uptimerobot.com/)"
85.215.251.124 - - [02/Aug/2026:12:46:44 +0200] "GET / HTTP/1.1" 200 1309 "-" "SpiceworksAgentShell/0.1a"
85.215.251.124 - - [02/Aug/2026:12:47:44 +0200] "GET / HTTP/1.1" 200 1309 "-" "SpiceworksAgentShell/0.1a"
45.148.10.67 - - [02/Aug/2026:12:48:31 +0200] "GET / HTTP/1.1" 200 1309 "-" "-"
45.148.10.67 - - [02/Aug/2026:12:48:31 +0200] "GET / HTTP/1.1" 200 1309 "-" "Mozilla/5.0 (Windows NT 6.1; Win64; x64; rv:47.0) Gecko/20100101 Firefox/47.0"
85.215.251.124 - - [02/Aug/2026:12:48:44 +0200] "GET / HTTP/1.1" 200 1309 "-" "SpiceworksAgentShell/0.1a"
85.215.251.124 - - [02/Aug/2026:12:49:44 +0200] "GET / HTTP/1.1" 200 1309 "-" "SpiceworksAgentShell/0.1a"
45.148.10.67 - - [02/Aug/2026:12:49:55 +0200] "GET /piwik.js HTTP/1.1" 404 206 "-" "Mozilla/5.0 (Windows NT 6.1; Win64; x64; rv:47.0) Gecko/20100101 Firefox/47.0"
45.148.10.67 - - [02/Aug/2026:12:49:55 +0200] "GET /.env HTTP/1.1" 404 202 "-" "Mozilla/5.0 (Windows NT 6.1; Win64; x64; rv:47.0) Gecko/20100101 Firefox/47.0"
