130.12.180.126 - - [01/Aug/2026:23:48:02 +0200] "GET /.env.production HTTP/1.1" 404 213 "-" "Mozilla/5.0 (Macintosh; Intel Mac OS X 10_15_7) AppleWebKit/537.36 (KHTML, like Gecko, Yokohama Institute of Information Security https://www.iisec.ac.jp) Chrome/124.0.0.0 Safari/537.36"
202.178.125.178 - - [01/Aug/2026:23:48:04 +0200] "GET /home/node/.config/gcloud/application_default_credentials.json HTTP/1.1" 404 259 "-" "Mozilla/5.0 (Windows NT 10.0; Win64; x64) AppleWebKit/537.36 (KHTML, like Gecko) Chrome/136.0.0.0 Safari/537.36 (Silvy X Ran; +https://silvyxran.love; +https://silver.inc)"
103.4.250.25 - - [01/Aug/2026:23:48:04 +0200] "-" 408 - "-" "-"
103.4.250.25 - - [01/Aug/2026:23:48:04 +0200] "-" 408 - "-" "-"
103.4.250.25 - - [01/Aug/2026:23:48:04 +0200] "-" 408 - "-" "-"
103.4.250.25 - - [01/Aug/2026:23:48:04 +0200] "-" 408 - "-" "-"
103.4.250.25 - - [01/Aug/2026:23:48:04 +0200] "-" 408 - "-" "-"
103.4.250.25 - - [01/Aug/2026:23:48:04 +0200] "-" 408 - "-" "-"
103.4.250.25 - - [01/Aug/2026:23:48:04 +0200] "-" 408 - "-" "-"
103.4.250.25 - - [01/Aug/2026:23:48:04 +0200] "-" 408 - "-" "-"
103.4.250.25 - - [01/Aug/2026:23:48:04 +0200] "-" 408 - "-" "-"
103.4.250.25 - - [01/Aug/2026:23:48:04 +0200] "-" 408 - "-" "-"
103.196.9.27 - - [01/Aug/2026:23:48:06 +0200] "-" 408 - "-" "-"
103.196.9.27 - - [01/Aug/2026:23:48:06 +0200] "-" 408 - "-" "-"
103.196.9.27 - - [01/Aug/2026:23:48:06 +0200] "-" 408 - "-" "-"
103.196.9.27 - - [01/Aug/2026:23:48:06 +0200] "-" 408 - "-" "-"
103.196.9.27 - - [01/Aug/2026:23:48:07 +0200] "-" 408 - "-" "-"
103.196.9.27 - - [01/Aug/2026:23:48:09 +0200] "-" 408 - "-" "-"
3.77.67.4 - - [01/Aug/2026:23:48:42 +0200] "HEAD / HTTP/1.1" 200 - "http://gridtip.net" "Mozilla/5.0+(compatible; UptimeRobot/2.0; http://www.uptimerobot.com/)"
85.215.251.124 - - [01/Aug/2026:23:48:43 +0200] "GET / HTTP/1.1" 200 1309 "-" "SpiceworksAgentShell/0.1a"
62.178.204.132 - - [01/Aug/2026:23:49:43 +0200] "GET /menu.php HTTP/1.1" 200 1323 "https://gridtip.net/" "Mozilla/5.0 (Windows NT 10.0; Win64; x64) AppleWebKit/537.36 (KHTML, like Gecko) Chrome/151.0.0.0 Safari/537.36"
85.215.251.124 - - [01/Aug/2026:23:49:43 +0200] "GET / HTTP/1.1" 200 1309 "-" "SpiceworksAgentShell/0.1a"
62.178.204.132 - - [01/Aug/2026:23:49:43 +0200] "GET /header.php HTTP/1.1" 200 1923 "https://gridtip.net/gridtip.html" "Mozilla/5.0 (Windows NT 10.0; Win64; x64) AppleWebKit/537.36 (KHTML, like Gecko) Chrome/151.0.0.0 Safari/537.36"
62.178.204.132 - - [01/Aug/2026:23:49:43 +0200] "GET /gridtip.php HTTP/1.1" 200 25569 "https://gridtip.net/gridtip.html" "Mozilla/5.0 (Windows NT 10.0; Win64; x64) AppleWebKit/537.36 (KHTML, like Gecko) Chrome/151.0.0.0 Safari/537.36"
62.178.204.132 - - [01/Aug/2026:23:49:43 +0200] "GET /shoutbox/shouts.php HTTP/1.1" 200 1480 "https://gridtip.net/gridtip.php" "Mozilla/5.0 (Windows NT 10.0; Win64; x64) AppleWebKit/537.36 (KHTML, like Gecko) Chrome/151.0.0.0 Safari/537.36"
85.215.251.124 - - [01/Aug/2026:23:50:43 +0200] "GET / HTTP/1.1" 200 1309 "-" "SpiceworksAgentShell/0.1a"
85.215.251.124 - - [01/Aug/2026:23:51:43 +0200] "GET / HTTP/1.1" 200 1309 "-" "SpiceworksAgentShell/0.1a"
85.215.251.124 - - [01/Aug/2026:23:52:43 +0200] "GET / HTTP/1.1" 200 1309 "-" "SpiceworksAgentShell/0.1a"
85.215.251.124 - - [01/Aug/2026:23:53:43 +0200] "GET / HTTP/1.1" 200 1309 "-" "SpiceworksAgentShell/0.1a"
18.193.252.127 - - [01/Aug/2026:23:53:46 +0200] "HEAD / HTTP/1.1" 200 - "http://gridtip.net" "Mozilla/5.0+(compatible; UptimeRobot/2.0; http://www.uptimerobot.com/)"
74.208.40.151 - - [01/Aug/2026:23:54:04 +0200] "GET /.well-known/agent-card.json HTTP/1.1" 404 225 "-" "agentscan-collector (+https://github.com/dhabets/agentscan)"
74.208.40.151 - - [01/Aug/2026:23:54:04 +0200] "GET /.well-known/agent.json HTTP/1.1" 404 220 "-" "agentscan-collector (+https://github.com/dhabets/agentscan)"
74.208.40.151 - - [01/Aug/2026:23:54:05 +0200] "GET /.well-known/mcp/server-card.json HTTP/1.1" 404 230 "-" "agentscan-collector (+https://github.com/dhabets/agentscan)"
74.208.40.151 - - [01/Aug/2026:23:54:06 +0200] "GET /.well-known/mcp HTTP/1.1" 404 213 "-" "agentscan-collector (+https://github.com/dhabets/agentscan)"
85.215.251.124 - - [01/Aug/2026:23:54:43 +0200] "GET / HTTP/1.1" 200 1309 "-" "SpiceworksAgentShell/0.1a"
85.215.251.124 - - [01/Aug/2026:23:55:43 +0200] "GET / HTTP/1.1" 200 1309 "-" "SpiceworksAgentShell/0.1a"
85.215.251.124 - - [01/Aug/2026:23:56:43 +0200] "GET / HTTP/1.1" 200 1309 "-" "SpiceworksAgentShell/0.1a"
85.215.251.124 - - [01/Aug/2026:23:57:43 +0200] "GET / HTTP/1.1" 200 1309 "-" "SpiceworksAgentShell/0.1a"
85.215.251.124 - - [01/Aug/2026:23:58:43 +0200] "GET / HTTP/1.1" 200 1309 "-" "SpiceworksAgentShell/0.1a"
78.46.215.1 - - [01/Aug/2026:23:58:50 +0200] "HEAD / HTTP/1.1" 200 - "http://gridtip.net" "Mozilla/5.0+(compatible; UptimeRobot/2.0; http://www.uptimerobot.com/)"
85.215.251.124 - - [01/Aug/2026:23:59:43 +0200] "GET / HTTP/1.1" 200 1309 "-" "SpiceworksAgentShell/0.1a"
85.215.251.124 - - [02/Aug/2026:00:00:43 +0200] "GET / HTTP/1.1" 200 1309 "-" "SpiceworksAgentShell/0.1a"
85.215.251.124 - - [02/Aug/2026:00:01:43 +0200] "GET / HTTP/1.1" 200 1309 "-" "SpiceworksAgentShell/0.1a"
85.215.251.124 - - [02/Aug/2026:00:02:43 +0200] "GET / HTTP/1.1" 200 1309 "-" "SpiceworksAgentShell/0.1a"
206.204.44.189 - - [02/Aug/2026:00:02:59 +0200] "GET / HTTP/1.1" 200 1309 "-" "Mozilla/5.0 (iPhone; CPU iPhone OS 26_3_0 like Mac OS X) AppleWebKit/605.1.15 (KHTML, like Gecko) CriOS/144.0.7559.95 Mobile/15E148 Safari/604.1"
206.204.44.189 - - [02/Aug/2026:00:02:59 +0200] "GET /gridtip.html HTTP/1.1" 200 1067 "https://gridtip.net/" "Mozilla/5.0 (iPhone; CPU iPhone OS 26_3_0 like Mac OS X) AppleWebKit/605.1.15 (KHTML, like Gecko) CriOS/144.0.7559.95 Mobile/15E148 Safari/604.1"
206.204.44.189 - - [02/Aug/2026:00:02:59 +0200] "GET /menu.php HTTP/1.1" 200 1323 "https://gridtip.net/" "Mozilla/5.0 (iPhone; CPU iPhone OS 26_3_0 like Mac OS X) AppleWebKit/605.1.15 (KHTML, like Gecko) CriOS/144.0.7559.95 Mobile/15E148 Safari/604.1"
206.204.44.189 - - [02/Aug/2026:00:02:59 +0200] "GET /header.php HTTP/1.1" 200 1923 "https://gridtip.net/gridtip.html" "Mozilla/5.0 (iPhone; CPU iPhone OS 26_3_0 like Mac OS X) AppleWebKit/605.1.15 (KHTML, like Gecko) CriOS/144.0.7559.95 Mobile/15E148 Safari/604.1"
206.204.44.189 - - [02/Aug/2026:00:02:59 +0200] "GET /gridtip.php HTTP/1.1" 200 25569 "https://gridtip.net/gridtip.html" "Mozilla/5.0 (iPhone; CPU iPhone OS 26_3_0 like Mac OS X) AppleWebKit/605.1.15 (KHTML, like Gecko) CriOS/144.0.7559.95 Mobile/15E148 Safari/604.1"
206.204.44.189 - - [02/Aug/2026:00:03:00 +0200] "GET /shoutbox/style.css HTTP/1.1" 200 2040 "https://gridtip.net/gridtip.php" "Mozilla/5.0 (iPhone; CPU iPhone OS 26_3_0 like Mac OS X) AppleWebKit/605.1.15 (KHTML, like Gecko) CriOS/144.0.7559.95 Mobile/15E148 Safari/604.1"
206.204.44.189 - - [02/Aug/2026:00:03:00 +0200] "GET /images/home.png HTTP/1.1" 200 12894 "https://gridtip.net/gridtip.php" "Mozilla/5.0 (iPhone; CPU iPhone OS 26_3_0 like Mac OS X) AppleWebKit/605.1.15 (KHTML, like Gecko) CriOS/144.0.7559.95 Mobile/15E148 Safari/604.1"
206.204.44.189 - - [02/Aug/2026:00:03:00 +0200] "GET /shoutbox/shouts.php HTTP/1.1" 200 1480 "https://gridtip.net/gridtip.php" "Mozilla/5.0 (iPhone; CPU iPhone OS 26_3_0 like Mac OS X) AppleWebKit/605.1.15 (KHTML, like Gecko) CriOS/144.0.7559.95 Mobile/15E148 Safari/604.1"
206.204.44.189 - - [02/Aug/2026:00:03:00 +0200] "GET /shoutbox/shout_button.jpg HTTP/1.1" 200 2117 "https://gridtip.net/shoutbox/style.css" "Mozilla/5.0 (iPhone; CPU iPhone OS 26_3_0 like Mac OS X) AppleWebKit/605.1.15 (KHTML, like Gecko) CriOS/144.0.7559.95 Mobile/15E148 Safari/604.1"
206.204.44.189 - - [02/Aug/2026:00:03:00 +0200] "GET /shoutbox/style.css HTTP/1.1" 200 2040 "https://gridtip.net/shoutbox/shouts.php" "Mozilla/5.0 (iPhone; CPU iPhone OS 26_3_0 like Mac OS X) AppleWebKit/605.1.15 (KHTML, like Gecko) CriOS/144.0.7559.95 Mobile/15E148 Safari/604.1"
206.204.44.189 - - [02/Aug/2026:00:03:01 +0200] "GET /images/favicon-32x32.png HTTP/1.1" 200 786 "https://gridtip.net/" "Mozilla/5.0 (iPhone; CPU iPhone OS 26_3_0 like Mac OS X) AppleWebKit/605.1.15 (KHTML, like Gecko) CriOS/144.0.7559.95 Mobile/15E148 Safari/604.1"
192.144.55.170 - - [02/Aug/2026:00:03:33 +0200] "GET / HTTP/1.1" 200 1309 "-" "Mozilla/5.0 (iPhone; CPU iPhone OS 26_3_0 like Mac OS X) AppleWebKit/605.1.15 (KHTML, like Gecko) CriOS/144.0.7559.95 Mobile/15E148 Safari/604.1"
192.144.55.170 - - [02/Aug/2026:00:03:33 +0200] "GET /gridtip.html HTTP/1.1" 200 1067 "https://gridtip.net/" "Mozilla/5.0 (iPhone; CPU iPhone OS 26_3_0 like Mac OS X) AppleWebKit/605.1.15 (KHTML, like Gecko) CriOS/144.0.7559.95 Mobile/15E148 Safari/604.1"
192.144.55.170 - - [02/Aug/2026:00:03:33 +0200] "GET /menu.php HTTP/1.1" 200 1323 "https://gridtip.net/" "Mozilla/5.0 (iPhone; CPU iPhone OS 26_3_0 like Mac OS X) AppleWebKit/605.1.15 (KHTML, like Gecko) CriOS/144.0.7559.95 Mobile/15E148 Safari/604.1"
192.144.55.170 - - [02/Aug/2026:00:03:33 +0200] "GET /header.php HTTP/1.1" 200 1923 "https://gridtip.net/gridtip.html" "Mozilla/5.0 (iPhone; CPU iPhone OS 26_3_0 like Mac OS X) AppleWebKit/605.1.15 (KHTML, like Gecko) CriOS/144.0.7559.95 Mobile/15E148 Safari/604.1"
192.144.55.170 - - [02/Aug/2026:00:03:33 +0200] "GET /gridtip.php HTTP/1.1" 200 25569 "https://gridtip.net/gridtip.html" "Mozilla/5.0 (iPhone; CPU iPhone OS 26_3_0 like Mac OS X) AppleWebKit/605.1.15 (KHTML, like Gecko) CriOS/144.0.7559.95 Mobile/15E148 Safari/604.1"
192.144.55.170 - - [02/Aug/2026:00:03:34 +0200] "GET /shoutbox/style.css HTTP/1.1" 200 2040 "https://gridtip.net/gridtip.php" "Mozilla/5.0 (iPhone; CPU iPhone OS 26_3_0 like Mac OS X) AppleWebKit/605.1.15 (KHTML, like Gecko) CriOS/144.0.7559.95 Mobile/15E148 Safari/604.1"
192.144.55.170 - - [02/Aug/2026:00:03:34 +0200] "GET /images/home.png HTTP/1.1" 200 12894 "https://gridtip.net/gridtip.php" "Mozilla/5.0 (iPhone; CPU iPhone OS 26_3_0 like Mac OS X) AppleWebKit/605.1.15 (KHTML, like Gecko) CriOS/144.0.7559.95 Mobile/15E148 Safari/604.1"
192.144.55.170 - - [02/Aug/2026:00:03:34 +0200] "GET /shoutbox/shouts.php HTTP/1.1" 200 1480 "https://gridtip.net/gridtip.php" "Mozilla/5.0 (iPhone; CPU iPhone OS 26_3_0 like Mac OS X) AppleWebKit/605.1.15 (KHTML, like Gecko) CriOS/144.0.7559.95 Mobile/15E148 Safari/604.1"
192.144.55.170 - - [02/Aug/2026:00:03:34 +0200] "GET /shoutbox/shout_button.jpg HTTP/1.1" 200 2117 "https://gridtip.net/shoutbox/style.css" "Mozilla/5.0 (iPhone; CPU iPhone OS 26_3_0 like Mac OS X) AppleWebKit/605.1.15 (KHTML, like Gecko) CriOS/144.0.7559.95 Mobile/15E148 Safari/604.1"
192.144.55.170 - - [02/Aug/2026:00:03:34 +0200] "GET /shoutbox/style.css HTTP/1.1" 200 2040 "https://gridtip.net/shoutbox/shouts.php" "Mozilla/5.0 (iPhone; CPU iPhone OS 26_3_0 like Mac OS X) AppleWebKit/605.1.15 (KHTML, like Gecko) CriOS/144.0.7559.95 Mobile/15E148 Safari/604.1"
192.144.55.170 - - [02/Aug/2026:00:03:35 +0200] "GET /images/favicon-32x32.png HTTP/1.1" 200 786 "https://gridtip.net/" "Mozilla/5.0 (iPhone; CPU iPhone OS 26_3_0 like Mac OS X) AppleWebKit/605.1.15 (KHTML, like Gecko) CriOS/144.0.7559.95 Mobile/15E148 Safari/604.1"
85.215.251.124 - - [02/Aug/2026:00:03:58 +0200] "GET / HTTP/1.1" 200 1309 "-" "SpiceworksAgentShell/0.1a"
18.192.166.72 - - [02/Aug/2026:00:03:58 +0200] "HEAD / HTTP/1.1" 200 - "http://gridtip.net" "Mozilla/5.0+(compatible; UptimeRobot/2.0; http://www.uptimerobot.com/)"
85.215.251.124 - - [02/Aug/2026:00:04:43 +0200] "GET / HTTP/1.1" 200 1309 "-" "SpiceworksAgentShell/0.1a"
85.215.251.124 - - [02/Aug/2026:00:05:43 +0200] "GET / HTTP/1.1" 200 1309 "-" "SpiceworksAgentShell/0.1a"
85.215.251.124 - - [02/Aug/2026:00:06:43 +0200] "GET / HTTP/1.1" 200 1309 "-" "SpiceworksAgentShell/0.1a"
85.215.251.124 - - [02/Aug/2026:00:07:43 +0200] "GET / HTTP/1.1" 200 1309 "-" "SpiceworksAgentShell/0.1a"
85.215.251.124 - - [02/Aug/2026:00:08:43 +0200] "GET / HTTP/1.1" 200 1309 "-" "SpiceworksAgentShell/0.1a"
49.13.24.81 - - [02/Aug/2026:00:09:04 +0200] "HEAD / HTTP/1.1" 200 - "http://gridtip.net" "Mozilla/5.0+(compatible; UptimeRobot/2.0; http://www.uptimerobot.com/)"
85.215.251.124 - - [02/Aug/2026:00:09:43 +0200] "GET / HTTP/1.1" 200 1309 "-" "SpiceworksAgentShell/0.1a"
85.215.251.124 - - [02/Aug/2026:00:10:43 +0200] "GET / HTTP/1.1" 200 1309 "-" "SpiceworksAgentShell/0.1a"
85.215.251.124 - - [02/Aug/2026:00:11:43 +0200] "GET / HTTP/1.1" 200 1309 "-" "SpiceworksAgentShell/0.1a"
85.215.251.124 - - [02/Aug/2026:00:12:43 +0200] "GET / HTTP/1.1" 200 1309 "-" "SpiceworksAgentShell/0.1a"
85.215.251.124 - - [02/Aug/2026:00:13:43 +0200] "GET / HTTP/1.1" 200 1309 "-" "SpiceworksAgentShell/0.1a"
157.90.155.240 - - [02/Aug/2026:00:14:09 +0200] "HEAD / HTTP/1.1" 200 - "http://gridtip.net" "Mozilla/5.0+(compatible; UptimeRobot/2.0; http://www.uptimerobot.com/)"
85.215.251.124 - - [02/Aug/2026:00:14:43 +0200] "GET / HTTP/1.1" 200 1309 "-" "SpiceworksAgentShell/0.1a"
85.215.251.124 - - [02/Aug/2026:00:15:43 +0200] "GET / HTTP/1.1" 200 1309 "-" "SpiceworksAgentShell/0.1a"
85.215.251.124 - - [02/Aug/2026:00:16:43 +0200] "GET / HTTP/1.1" 200 1309 "-" "SpiceworksAgentShell/0.1a"
85.215.251.124 - - [02/Aug/2026:00:17:43 +0200] "GET / HTTP/1.1" 200 1309 "-" "SpiceworksAgentShell/0.1a"
85.215.251.124 - - [02/Aug/2026:00:18:43 +0200] "GET / HTTP/1.1" 200 1309 "-" "SpiceworksAgentShell/0.1a"
78.47.98.55 - - [02/Aug/2026:00:19:14 +0200] "HEAD / HTTP/1.1" 200 - "http://gridtip.net" "Mozilla/5.0+(compatible; UptimeRobot/2.0; http://www.uptimerobot.com/)"
205.142.33.95 - - [02/Aug/2026:00:19:25 +0200] "GET / HTTP/1.1" 200 1309 "-" "Mozilla/5.0 (X11; Linux i686; rv:109.0) Gecko/20100101 Firefox/120.0"
85.215.251.124 - - [02/Aug/2026:00:19:43 +0200] "GET / HTTP/1.1" 200 1309 "-" "SpiceworksAgentShell/0.1a"
85.215.251.124 - - [02/Aug/2026:00:20:43 +0200] "GET / HTTP/1.1" 200 1309 "-" "SpiceworksAgentShell/0.1a"
85.215.251.124 - - [02/Aug/2026:00:21:43 +0200] "GET / HTTP/1.1" 200 1309 "-" "SpiceworksAgentShell/0.1a"
85.215.251.124 - - [02/Aug/2026:00:22:43 +0200] "GET / HTTP/1.1" 200 1309 "-" "SpiceworksAgentShell/0.1a"
85.215.251.124 - - [02/Aug/2026:00:23:43 +0200] "GET / HTTP/1.1" 200 1309 "-" "SpiceworksAgentShell/0.1a"
167.235.143.113 - - [02/Aug/2026:00:24:24 +0200] "HEAD / HTTP/1.1" 200 - "http://gridtip.net" "Mozilla/5.0+(compatible; UptimeRobot/2.0; http://www.uptimerobot.com/)"
62.178.204.132 - - [02/Aug/2026:00:24:33 +0200] "GET /header.php HTTP/1.1" 200 1923 "http://gridtip.net/" "Mozilla/5.0 (Linux; Android 13; 2201117TY Build/TKQ1.221114.001; wv) AppleWebKit/537.36 (KHTML, like Gecko) Version/4.0 Chrome/150.0.7871.181 Mobile Safari/537.36 median"
62.178.204.132 - - [02/Aug/2026:00:24:33 +0200] "GET /menu.php HTTP/1.1" 200 1323 "http://gridtip.net/" "Mozilla/5.0 (Linux; Android 13; 2201117TY Build/TKQ1.221114.001; wv) AppleWebKit/537.36 (KHTML, like Gecko) Version/4.0 Chrome/150.0.7871.181 Mobile Safari/537.36 median"
62.178.204.132 - - [02/Aug/2026:00:24:33 +0200] "GET /gridtip.php HTTP/1.1" 200 25569 "http://gridtip.net/" "Mozilla/5.0 (Linux; Android 13; 2201117TY Build/TKQ1.221114.001; wv) AppleWebKit/537.36 (KHTML, like Gecko) Version/4.0 Chrome/150.0.7871.181 Mobile Safari/537.36 median"
62.178.204.132 - - [02/Aug/2026:00:24:33 +0200] "GET /shoutbox/style.css HTTP/1.1" 200 2040 "https://gridtip.net/gridtip.php" "Mozilla/5.0 (Linux; Android 13; 2201117TY Build/TKQ1.221114.001; wv) AppleWebKit/537.36 (KHTML, like Gecko) Version/4.0 Chrome/150.0.7871.181 Mobile Safari/537.36 median"
62.178.204.132 - - [02/Aug/2026:00:24:33 +0200] "GET /images/home.png HTTP/1.1" 200 12894 "https://gridtip.net/gridtip.php" "Mozilla/5.0 (Linux; Android 13; 2201117TY Build/TKQ1.221114.001; wv) AppleWebKit/537.36 (KHTML, like Gecko) Version/4.0 Chrome/150.0.7871.181 Mobile Safari/537.36 median"
62.178.204.132 - - [02/Aug/2026:00:24:33 +0200] "GET /shoutbox/shouts.php HTTP/1.1" 200 1480 "https://gridtip.net/gridtip.php" "Mozilla/5.0 (Linux; Android 13; 2201117TY Build/TKQ1.221114.001; wv) AppleWebKit/537.36 (KHTML, like Gecko) Version/4.0 Chrome/150.0.7871.181 Mobile Safari/537.36 median"
62.178.204.132 - - [02/Aug/2026:00:24:34 +0200] "GET /shoutbox/shout_button.jpg HTTP/1.1" 200 2117 "https://gridtip.net/shoutbox/style.css" "Mozilla/5.0 (Linux; Android 13; 2201117TY Build/TKQ1.221114.001; wv) AppleWebKit/537.36 (KHTML, like Gecko) Version/4.0 Chrome/150.0.7871.181 Mobile Safari/537.36 median"
85.215.251.124 - - [02/Aug/2026:00:24:43 +0200] "GET / HTTP/1.1" 200 1309 "-" "SpiceworksAgentShell/0.1a"
62.178.204.132 - - [02/Aug/2026:00:24:43 +0200] "GET /login.php HTTP/1.1" 200 50910 "https://gridtip.net/gridtip.php" "Mozilla/5.0 (Linux; Android 13; 2201117TY Build/TKQ1.221114.001; wv) AppleWebKit/537.36 (KHTML, like Gecko) Version/4.0 Chrome/150.0.7871.181 Mobile Safari/537.36 median"
62.178.204.132 - - [02/Aug/2026:00:24:56 +0200] "POST /login.php HTTP/1.1" 200 48515 "https://gridtip.net/login.php" "Mozilla/5.0 (Linux; Android 13; 2201117TY Build/TKQ1.221114.001; wv) AppleWebKit/537.36 (KHTML, like Gecko) Version/4.0 Chrome/150.0.7871.181 Mobile Safari/537.36 median"
62.178.204.132 - - [02/Aug/2026:00:24:56 +0200] "GET /images/mam_mirror_avatar.png HTTP/1.1" 200 21947 "https://gridtip.net/login.php" "Mozilla/5.0 (Linux; Android 13; 2201117TY Build/TKQ1.221114.001; wv) AppleWebKit/537.36 (KHTML, like Gecko) Version/4.0 Chrome/150.0.7871.181 Mobile Safari/537.36 median"
62.178.204.132 - - [02/Aug/2026:00:24:58 +0200] "GET /gridtip.php HTTP/1.1" 200 25569 "https://gridtip.net/login.php" "Mozilla/5.0 (Linux; Android 13; 2201117TY Build/TKQ1.221114.001; wv) AppleWebKit/537.36 (KHTML, like Gecko) Version/4.0 Chrome/150.0.7871.181 Mobile Safari/537.36 median"
62.178.204.132 - - [02/Aug/2026:00:24:58 +0200] "GET /shoutbox/shouts.php HTTP/1.1" 200 1480 "https://gridtip.net/gridtip.php" "Mozilla/5.0 (Linux; Android 13; 2201117TY Build/TKQ1.221114.001; wv) AppleWebKit/537.36 (KHTML, like Gecko) Version/4.0 Chrome/150.0.7871.181 Mobile Safari/537.36 median"
185.209.199.88 - - [02/Aug/2026:00:25:11 +0200] "GET /auth HTTP/1.1" 404 202 "-" "\"Mozilla/5.0 (iPhone; CPU iPhone OS 18_3_2 like Mac OS X) AppleWebKit/605.1.15 (KHTML, like Gecko) Version/18.3.1 Mobile/15E148 Safari/604.\""
85.215.251.124 - - [02/Aug/2026:00:25:43 +0200] "GET / HTTP/1.1" 200 1309 "-" "SpiceworksAgentShell/0.1a"
172.233.62.72 - - [02/Aug/2026:00:26:40 +0200] "GET / HTTP/1.1" 200 1309 "http://gridtip.net/" "Mozilla/5.0 (iPhone; CPU iPhone OS 18_6 like Mac OS X) AppleWebKit/605.1.15 (KHTML, like Gecko) Version/26.0 Mobile/15E148 Safari/604.1"
85.215.251.124 - - [02/Aug/2026:00:26:43 +0200] "GET / HTTP/1.1" 200 1309 "-" "SpiceworksAgentShell/0.1a"
85.215.251.124 - - [02/Aug/2026:00:27:43 +0200] "GET / HTTP/1.1" 200 1309 "-" "SpiceworksAgentShell/0.1a"
85.215.251.124 - - [02/Aug/2026:00:28:43 +0200] "GET / HTTP/1.1" 200 1309 "-" "SpiceworksAgentShell/0.1a"
168.119.96.239 - - [02/Aug/2026:00:29:29 +0200] "HEAD / HTTP/1.1" 200 - "http://gridtip.net" "Mozilla/5.0+(compatible; UptimeRobot/2.0; http://www.uptimerobot.com/)"
85.215.251.124 - - [02/Aug/2026:00:29:43 +0200] "GET / HTTP/1.1" 200 1309 "-" "SpiceworksAgentShell/0.1a"
85.215.251.124 - - [02/Aug/2026:00:30:43 +0200] "GET / HTTP/1.1" 200 1309 "-" "SpiceworksAgentShell/0.1a"
85.215.251.124 - - [02/Aug/2026:00:31:43 +0200] "GET / HTTP/1.1" 200 1309 "-" "SpiceworksAgentShell/0.1a"
85.215.251.124 - - [02/Aug/2026:00:32:43 +0200] "GET / HTTP/1.1" 200 1309 "-" "SpiceworksAgentShell/0.1a"
85.215.251.124 - - [02/Aug/2026:00:33:43 +0200] "GET / HTTP/1.1" 200 1309 "-" "SpiceworksAgentShell/0.1a"
3.79.134.69 - - [02/Aug/2026:00:34:34 +0200] "HEAD / HTTP/1.1" 200 - "http://gridtip.net" "Mozilla/5.0+(compatible; UptimeRobot/2.0; http://www.uptimerobot.com/)"
85.215.251.124 - - [02/Aug/2026:00:34:43 +0200] "GET / HTTP/1.1" 200 1309 "-" "SpiceworksAgentShell/0.1a"
62.178.204.132 - - [02/Aug/2026:00:35:41 +0200] "GET /header.php HTTP/1.1" 200 1923 "https://gridtip.net/gridtip.html" "Mozilla/5.0 (Windows NT 10.0; Win64; x64) AppleWebKit/537.36 (KHTML, like Gecko) Chrome/151.0.0.0 Safari/537.36"
62.178.204.132 - - [02/Aug/2026:00:35:41 +0200] "GET /gridtip.php HTTP/1.1" 200 25569 "https://gridtip.net/gridtip.html" "Mozilla/5.0 (Windows NT 10.0; Win64; x64) AppleWebKit/537.36 (KHTML, like Gecko) Chrome/151.0.0.0 Safari/537.36"
62.178.204.132 - - [02/Aug/2026:00:35:41 +0200] "GET /shoutbox/shouts.php HTTP/1.1" 200 1480 "https://gridtip.net/gridtip.php" "Mozilla/5.0 (Windows NT 10.0; Win64; x64) AppleWebKit/537.36 (KHTML, like Gecko) Chrome/151.0.0.0 Safari/537.36"
62.178.204.132 - - [02/Aug/2026:00:35:43 +0200] "GET /GTFFL/gtffl.html HTTP/1.1" 200 1059 "https://gridtip.net/menu.php" "Mozilla/5.0 (Windows NT 10.0; Win64; x64) AppleWebKit/537.36 (KHTML, like Gecko) Chrome/151.0.0.0 Safari/537.36"
62.178.204.132 - - [02/Aug/2026:00:35:43 +0200] "GET /GTFFL/header.php HTTP/1.1" 200 1942 "https://gridtip.net/GTFFL/gtffl.html" "Mozilla/5.0 (Windows NT 10.0; Win64; x64) AppleWebKit/537.36 (KHTML, like Gecko) Chrome/151.0.0.0 Safari/537.36"
62.178.204.132 - - [02/Aug/2026:00:35:43 +0200] "GET /GTFFL/gtffl.php HTTP/1.1" 200 24236 "https://gridtip.net/GTFFL/gtffl.html" "Mozilla/5.0 (Windows NT 10.0; Win64; x64) AppleWebKit/537.36 (KHTML, like Gecko) Chrome/151.0.0.0 Safari/537.36"
85.215.251.124 - - [02/Aug/2026:00:35:43 +0200] "GET / HTTP/1.1" 200 1309 "-" "SpiceworksAgentShell/0.1a"
62.178.204.132 - - [02/Aug/2026:00:35:45 +0200] "GET /BETSY/betsy.html HTTP/1.1" 200 1059 "https://gridtip.net/menu.php" "Mozilla/5.0 (Windows NT 10.0; Win64; x64) AppleWebKit/537.36 (KHTML, like Gecko) Chrome/151.0.0.0 Safari/537.36"
62.178.204.132 - - [02/Aug/2026:00:35:45 +0200] "GET /BETSY/betsy.php HTTP/1.1" 200 3294 "https://gridtip.net/BETSY/betsy.html" "Mozilla/5.0 (Windows NT 10.0; Win64; x64) AppleWebKit/537.36 (KHTML, like Gecko) Chrome/151.0.0.0 Safari/537.36"
62.178.204.132 - - [02/Aug/2026:00:35:45 +0200] "GET /BETSY/header.php HTTP/1.1" 200 1925 "https://gridtip.net/BETSY/betsy.html" "Mozilla/5.0 (Windows NT 10.0; Win64; x64) AppleWebKit/537.36 (KHTML, like Gecko) Chrome/151.0.0.0 Safari/537.36"
85.215.251.124 - - [02/Aug/2026:00:36:43 +0200] "GET / HTTP/1.1" 200 1309 "-" "SpiceworksAgentShell/0.1a"
85.215.251.124 - - [02/Aug/2026:00:37:43 +0200] "GET / HTTP/1.1" 200 1309 "-" "SpiceworksAgentShell/0.1a"
85.215.251.124 - - [02/Aug/2026:00:38:43 +0200] "GET / HTTP/1.1" 200 1309 "-" "SpiceworksAgentShell/0.1a"
85.215.251.124 - - [02/Aug/2026:00:39:43 +0200] "GET / HTTP/1.1" 200 1309 "-" "SpiceworksAgentShell/0.1a"
142.132.180.39 - - [02/Aug/2026:00:39:46 +0200] "HEAD / HTTP/1.1" 200 - "http://gridtip.net" "Mozilla/5.0+(compatible; UptimeRobot/2.0; http://www.uptimerobot.com/)"
103.196.9.59 - - [02/Aug/2026:00:40:36 +0200] "GET / HTTP/1.1" 200 1309 "-" "Mozilla/5.0 (Macintosh; Intel Mac OS X 10_15_7) AppleWebKit/537.36 (KHTML, like Gecko) Chrome/131.0.0.0 Safari/537.36"
85.215.251.124 - - [02/Aug/2026:00:41:56 +0200] "GET / HTTP/1.1" 200 1309 "-" "SpiceworksAgentShell/0.1a"
85.215.251.124 - - [02/Aug/2026:00:42:43 +0200] "GET / HTTP/1.1" 200 1309 "-" "SpiceworksAgentShell/0.1a"
85.215.251.124 - - [02/Aug/2026:00:43:43 +0200] "GET / HTTP/1.1" 200 1309 "-" "SpiceworksAgentShell/0.1a"
85.215.251.124 - - [02/Aug/2026:00:44:43 +0200] "GET / HTTP/1.1" 200 1309 "-" "SpiceworksAgentShell/0.1a"
167.235.143.113 - - [02/Aug/2026:00:45:00 +0200] "HEAD / HTTP/1.1" 200 - "http://gridtip.net" "Mozilla/5.0+(compatible; UptimeRobot/2.0; http://www.uptimerobot.com/)"
85.215.251.124 - - [02/Aug/2026:00:45:43 +0200] "GET / HTTP/1.1" 200 1309 "-" "SpiceworksAgentShell/0.1a"
85.215.251.124 - - [02/Aug/2026:00:46:43 +0200] "GET / HTTP/1.1" 200 1309 "-" "SpiceworksAgentShell/0.1a"
74.7.228.3 - - [02/Aug/2026:00:47:10 +0200] "GET /robots.txt HTTP/1.1" 200 26 "http://gridtip.net/robots.txt" "Mozilla/5.0 (Macintosh; Intel Mac OS X 10_15_7) AppleWebKit/537.36 (KHTML, like Gecko) Chrome/131.0.0.0 Safari/537.36; compatible; OAI-SearchBot/1.4; robots.txt; +https://openai.com/searchbot"
192.155.90.200 - - [02/Aug/2026:00:47:40 +0200] "GET / HTTP/1.1" 200 1309 "-" "Mozilla/5.0 (Windows NT 10.0; Win64; x64) AppleWebKit/537.36 (KHTML, like Gecko) Chrome/120.0.0.0 Safari/537.36"
192.155.90.200 - - [02/Aug/2026:00:47:40 +0200] "HEAD /_next/webpack-hmr HTTP/1.1" 404 - "-" "Mozilla/5.0 CMS-Detector/1.0"
192.155.90.200 - - [02/Aug/2026:00:47:40 +0200] "HEAD /wp-includes/js/wp-emoji.js HTTP/1.1" 404 - "-" "Mozilla/5.0 CMS-Detector/1.0"
192.155.90.200 - - [02/Aug/2026:00:47:40 +0200] "HEAD /administrator/ HTTP/1.1" 404 - "-" "Mozilla/5.0 CMS-Detector/1.0"
192.155.90.200 - - [02/Aug/2026:00:47:40 +0200] "HEAD /register HTTP/1.1" 404 - "-" "Mozilla/5.0 CMS-Detector/1.0"
192.155.90.200 - - [02/Aug/2026:00:47:40 +0200] "HEAD /media/jui/js/jquery.min.js HTTP/1.1" 404 - "-" "Mozilla/5.0 CMS-Detector/1.0"
192.155.90.200 - - [02/Aug/2026:00:47:40 +0200] "HEAD /wp-login.php HTTP/1.1" 404 - "-" "Mozilla/5.0 CMS-Detector/1.0"
192.155.90.200 - - [02/Aug/2026:00:47:40 +0200] "HEAD /components/ HTTP/1.1" 404 - "-" "Mozilla/5.0 CMS-Detector/1.0"
192.155.90.200 - - [02/Aug/2026:00:47:40 +0200] "HEAD /wp-admin/ HTTP/1.1" 404 - "-" "Mozilla/5.0 CMS-Detector/1.0"
192.155.90.200 - - [02/Aug/2026:00:47:40 +0200] "HEAD /login HTTP/1.1" 404 - "-" "Mozilla/5.0 CMS-Detector/1.0"
192.155.90.200 - - [02/Aug/2026:00:47:40 +0200] "HEAD /_ignition/health-check HTTP/1.1" 404 - "-" "Mozilla/5.0 CMS-Detector/1.0"
192.155.90.200 - - [02/Aug/2026:00:47:40 +0200] "HEAD /_next/static/ HTTP/1.1" 404 - "-" "Mozilla/5.0 CMS-Detector/1.0"
85.215.251.124 - - [02/Aug/2026:00:47:43 +0200] "GET / HTTP/1.1" 200 1309 "-" "SpiceworksAgentShell/0.1a"
91.231.89.19 - - [02/Aug/2026:00:47:52 +0200] "GET / HTTP/1.1" 200 1309 "-" "Mozilla/5.0 (X11; Ubuntu; Linux x86_64; rv:134.0) Gecko/20100101 Firefox/134.0"
85.215.251.124 - - [02/Aug/2026:00:48:43 +0200] "GET / HTTP/1.1" 200 1309 "-" "SpiceworksAgentShell/0.1a"
74.7.228.3 - - [02/Aug/2026:00:48:45 +0200] "GET /robots.txt HTTP/1.1" 200 26 "http://gridtip.net/robots.txt" "Mozilla/5.0 (Macintosh; Intel Mac OS X 10_15_7) AppleWebKit/537.36 (KHTML, like Gecko) Chrome/131.0.0.0 Safari/537.36; compatible; OAI-SearchBot/1.4; robots.txt; +https://openai.com/searchbot"
91.196.152.163 - - [02/Aug/2026:00:49:20 +0200] "GET / HTTP/1.1" 200 1309 "-" "Mozilla/5.0 (X11; Ubuntu; Linux x86_64; rv:134.0) Gecko/20100101 Firefox/134.0"
85.215.251.124 - - [02/Aug/2026:00:49:43 +0200] "GET / HTTP/1.1" 200 1309 "-" "SpiceworksAgentShell/0.1a"
167.235.143.113 - - [02/Aug/2026:00:50:06 +0200] "HEAD / HTTP/1.1" 200 - "http://gridtip.net" "Mozilla/5.0+(compatible; UptimeRobot/2.0; http://www.uptimerobot.com/)"
85.215.251.124 - - [02/Aug/2026:00:50:43 +0200] "GET / HTTP/1.1" 200 1309 "-" "SpiceworksAgentShell/0.1a"
178.105.14.254 - - [02/Aug/2026:00:51:32 +0200] "GET /.env HTTP/1.1" 404 202 "http://gridtip.net/.env" "-"
178.105.14.254 - - [02/Aug/2026:00:51:32 +0200] "GET /aaa HTTP/1.1" 404 201 "http://gridtip.net/aaa" "Mozilla/5.0 (Windows NT 10.0; Win64; x64) AppleWebKit/537.36 (KHTML, like Gecko) Chrome/60.0.3112.113 Safari/537.36 Assetnote/1.0.0"
85.215.251.124 - - [02/Aug/2026:00:51:43 +0200] "GET / HTTP/1.1" 200 1309 "-" "SpiceworksAgentShell/0.1a"
43.155.188.157 - - [02/Aug/2026:00:51:50 +0200] "GET / HTTP/1.1" 200 1309 "http://gridtip.net" "Mozilla/5.0 (iPhone; CPU iPhone OS 13_2_3 like Mac OS X) AppleWebKit/605.1.15 (KHTML, like Gecko) Version/13.0.3 Mobile/15E148 Safari/604.1"
91.196.152.164 - - [02/Aug/2026:00:52:19 +0200] "GET /images/favicon-32x32.png HTTP/1.1" 200 786 "-" "Mozilla/5.0 (X11; Ubuntu; Linux x86_64; rv:134.0) Gecko/20100101 Firefox/134.0"
85.215.251.124 - - [02/Aug/2026:00:52:43 +0200] "GET / HTTP/1.1" 200 1309 "-" "SpiceworksAgentShell/0.1a"
91.196.152.163 - - [02/Aug/2026:00:53:12 +0200] "GET /images/favicon-32x32.png HTTP/1.1" 200 786 "-" "Mozilla/5.0 (X11; Ubuntu; Linux x86_64; rv:134.0) Gecko/20100101 Firefox/134.0"
85.215.251.124 - - [02/Aug/2026:00:53:43 +0200] "GET / HTTP/1.1" 200 1309 "-" "SpiceworksAgentShell/0.1a"
85.215.251.124 - - [02/Aug/2026:00:54:43 +0200] "GET / HTTP/1.1" 200 1309 "-" "SpiceworksAgentShell/0.1a"
78.46.190.63 - - [02/Aug/2026:00:55:10 +0200] "HEAD / HTTP/1.1" 200 - "http://gridtip.net" "Mozilla/5.0+(compatible; UptimeRobot/2.0; http://www.uptimerobot.com/)"
85.215.251.124 - - [02/Aug/2026:00:55:43 +0200] "GET / HTTP/1.1" 200 1309 "-" "SpiceworksAgentShell/0.1a"
85.215.251.124 - - [02/Aug/2026:00:56:43 +0200] "GET / HTTP/1.1" 200 1309 "-" "SpiceworksAgentShell/0.1a"
74.7.228.6 - - [02/Aug/2026:00:56:56 +0200] "GET /robots.txt HTTP/1.1" 404 208 "http://mysql.gridtip.net/robots.txt" "Mozilla/5.0 (Macintosh; Intel Mac OS X 10_15_7) AppleWebKit/537.36 (KHTML, like Gecko) Chrome/131.0.0.0 Safari/537.36; compatible; OAI-SearchBot/1.4; robots.txt; +https://openai.com/searchbot"
74.7.228.6 - - [02/Aug/2026:00:57:20 +0200] "GET /robots.txt HTTP/1.1" 404 208 "-" "Mozilla/5.0 (Macintosh; Intel Mac OS X 10_15_7) AppleWebKit/537.36 (KHTML, like Gecko) Chrome/131.0.0.0 Safari/537.36; compatible; OAI-SearchBot/1.4; robots.txt; +https://openai.com/searchbot"
74.7.243.243 - - [02/Aug/2026:00:57:24 +0200] "GET / HTTP/1.1" 401 2463 "http://mysql.gridtip.net" "Mozilla/5.0 AppleWebKit/537.36 (KHTML, like Gecko; compatible; GPTBot/1.4; +https://openai.com/gptbot)"
74.7.243.243 - - [02/Aug/2026:00:57:25 +0200] "GET / HTTP/1.1" 401 2463 "http://mysql.gridtip.net" "Mozilla/5.0 AppleWebKit/537.36 (KHTML, like Gecko; compatible; GPTBot/1.4; +https://openai.com/gptbot)"
85.215.251.124 - - [02/Aug/2026:00:57:43 +0200] "GET / HTTP/1.1" 200 1309 "-" "SpiceworksAgentShell/0.1a"
34.216.22.229 - - [02/Aug/2026:00:58:09 +0200] "GET / HTTP/1.1" 200 1309 "http://gridtip.net/" "Mozilla/5.0 (Macintosh; Intel Mac OS X 14_7_6) AppleWebKit/537.36 (KHTML, like Gecko) Chrome/137.0.0.0 Safari/537.36"
34.216.22.229 - - [02/Aug/2026:00:58:09 +0200] "GET / HTTP/1.1" 200 1309 "http://gridtip.net/" "Mozilla/5.0 (Linux; Android 16; SM-S931B) AppleWebKit/537.36 (KHTML, like Gecko) Chrome/137.0.0.0 Mobile Safari/537.36"
85.215.251.124 - - [02/Aug/2026:00:58:43 +0200] "GET / HTTP/1.1" 200 1309 "-" "SpiceworksAgentShell/0.1a"
85.215.251.124 - - [02/Aug/2026:00:59:43 +0200] "GET / HTTP/1.1" 200 1309 "-" "SpiceworksAgentShell/0.1a"
49.13.24.81 - - [02/Aug/2026:01:00:14 +0200] "HEAD / HTTP/1.1" 200 - "http://gridtip.net" "Mozilla/5.0+(compatible; UptimeRobot/2.0; http://www.uptimerobot.com/)"
85.215.251.124 - - [02/Aug/2026:01:00:43 +0200] "GET / HTTP/1.1" 200 1309 "-" "SpiceworksAgentShell/0.1a"
85.215.251.124 - - [02/Aug/2026:01:01:43 +0200] "GET / HTTP/1.1" 200 1309 "-" "SpiceworksAgentShell/0.1a"
85.215.251.124 - - [02/Aug/2026:01:02:43 +0200] "GET / HTTP/1.1" 200 1309 "-" "SpiceworksAgentShell/0.1a"
85.215.251.124 - - [02/Aug/2026:01:03:43 +0200] "GET / HTTP/1.1" 200 1309 "-" "SpiceworksAgentShell/0.1a"
85.215.251.124 - - [02/Aug/2026:01:04:43 +0200] "GET / HTTP/1.1" 200 1309 "-" "SpiceworksAgentShell/0.1a"
3.79.134.69 - - [02/Aug/2026:01:05:18 +0200] "HEAD / HTTP/1.1" 200 - "http://gridtip.net" "Mozilla/5.0+(compatible; UptimeRobot/2.0; http://www.uptimerobot.com/)"
85.215.251.124 - - [02/Aug/2026:01:05:43 +0200] "GET / HTTP/1.1" 200 1309 "-" "SpiceworksAgentShell/0.1a"
85.215.251.124 - - [02/Aug/2026:01:06:43 +0200] "GET / HTTP/1.1" 200 1309 "-" "SpiceworksAgentShell/0.1a"
85.215.251.124 - - [02/Aug/2026:01:07:43 +0200] "GET / HTTP/1.1" 200 1309 "-" "SpiceworksAgentShell/0.1a"
85.215.251.124 - - [02/Aug/2026:01:08:43 +0200] "GET / HTTP/1.1" 200 1309 "-" "SpiceworksAgentShell/0.1a"
85.215.251.124 - - [02/Aug/2026:01:09:43 +0200] "GET / HTTP/1.1" 200 1309 "-" "SpiceworksAgentShell/0.1a"
18.193.252.127 - - [02/Aug/2026:01:10:23 +0200] "HEAD / HTTP/1.1" 200 - "http://gridtip.net" "Mozilla/5.0+(compatible; UptimeRobot/2.0; http://www.uptimerobot.com/)"
85.215.251.124 - - [02/Aug/2026:01:10:43 +0200] "GET / HTTP/1.1" 200 1309 "-" "SpiceworksAgentShell/0.1a"
85.215.251.124 - - [02/Aug/2026:01:11:43 +0200] "GET / HTTP/1.1" 200 1309 "-" "SpiceworksAgentShell/0.1a"
18.237.214.63 - - [02/Aug/2026:01:11:58 +0200] "GET / HTTP/1.1" 200 1309 "-" "Mozilla/5.0 (Macintosh; Intel Mac OS X 14_7_6) AppleWebKit/537.36 (KHTML, like Gecko) Chrome/150.0.7871.186 Safari/537.36"
18.237.214.63 - - [02/Aug/2026:01:11:58 +0200] "GET /gridtip.html HTTP/1.1" 200 1067 "https://gridtip.net/" "Mozilla/5.0 (Macintosh; Intel Mac OS X 14_7_6) AppleWebKit/537.36 (KHTML, like Gecko) Chrome/150.0.7871.186 Safari/537.36"
18.237.214.63 - - [02/Aug/2026:01:11:58 +0200] "GET /menu.php HTTP/1.1" 200 1323 "https://gridtip.net/" "Mozilla/5.0 (Macintosh; Intel Mac OS X 14_7_6) AppleWebKit/537.36 (KHTML, like Gecko) Chrome/150.0.7871.186 Safari/537.36"
18.237.214.63 - - [02/Aug/2026:01:11:58 +0200] "GET /header.php HTTP/1.1" 200 1923 "https://gridtip.net/gridtip.html" "Mozilla/5.0 (Macintosh; Intel Mac OS X 14_7_6) AppleWebKit/537.36 (KHTML, like Gecko) Chrome/150.0.7871.186 Safari/537.36"
18.237.214.63 - - [02/Aug/2026:01:11:58 +0200] "GET /gridtip.php HTTP/1.1" 200 25569 "https://gridtip.net/gridtip.html" "Mozilla/5.0 (Macintosh; Intel Mac OS X 14_7_6) AppleWebKit/537.36 (KHTML, like Gecko) Chrome/150.0.7871.186 Safari/537.36"
18.237.214.63 - - [02/Aug/2026:01:11:58 +0200] "GET /shoutbox/style.css HTTP/1.1" 200 2040 "https://gridtip.net/gridtip.php" "Mozilla/5.0 (Macintosh; Intel Mac OS X 14_7_6) AppleWebKit/537.36 (KHTML, like Gecko) Chrome/150.0.7871.186 Safari/537.36"
18.237.214.63 - - [02/Aug/2026:01:11:59 +0200] "GET /images/home.png HTTP/1.1" 200 12894 "https://gridtip.net/gridtip.php" "Mozilla/5.0 (Macintosh; Intel Mac OS X 14_7_6) AppleWebKit/537.36 (KHTML, like Gecko) Chrome/150.0.7871.186 Safari/537.36"
18.237.214.63 - - [02/Aug/2026:01:11:59 +0200] "GET /shoutbox/shouts.php HTTP/1.1" 200 1480 "https://gridtip.net/gridtip.php" "Mozilla/5.0 (Macintosh; Intel Mac OS X 14_7_6) AppleWebKit/537.36 (KHTML, like Gecko) Chrome/150.0.7871.186 Safari/537.36"
18.237.214.63 - - [02/Aug/2026:01:11:59 +0200] "GET /shoutbox/shout_button.jpg HTTP/1.1" 200 2117 "https://gridtip.net/shoutbox/style.css" "Mozilla/5.0 (Macintosh; Intel Mac OS X 14_7_6) AppleWebKit/537.36 (KHTML, like Gecko) Chrome/150.0.7871.186 Safari/537.36"
18.237.214.63 - - [02/Aug/2026:01:12:00 +0200] "GET /images/favicon-32x32.png HTTP/1.1" 200 786 "https://gridtip.net/" "Mozilla/5.0 (Macintosh; Intel Mac OS X 14_7_6) AppleWebKit/537.36 (KHTML, like Gecko) Chrome/150.0.7871.186 Safari/537.36"
18.237.214.63 - - [02/Aug/2026:01:12:06 +0200] "GET / HTTP/1.1" 200 1309 "-" "Mozilla/5.0 (Linux; Android 16; SM-S931B) AppleWebKit/537.36 (KHTML, like Gecko) Chrome/150.0.7871.186 Mobile Safari/537.36"
18.237.214.63 - - [02/Aug/2026:01:12:07 +0200] "GET /gridtip.html HTTP/1.1" 200 1067 "https://gridtip.net/" "Mozilla/5.0 (Linux; Android 16; SM-S931B) AppleWebKit/537.36 (KHTML, like Gecko) Chrome/150.0.7871.186 Mobile Safari/537.36"
18.237.214.63 - - [02/Aug/2026:01:12:07 +0200] "GET /menu.php HTTP/1.1" 200 1323 "https://gridtip.net/" "Mozilla/5.0 (Linux; Android 16; SM-S931B) AppleWebKit/537.36 (KHTML, like Gecko) Chrome/150.0.7871.186 Mobile Safari/537.36"
18.237.214.63 - - [02/Aug/2026:01:12:07 +0200] "GET /header.php HTTP/1.1" 200 1923 "https://gridtip.net/gridtip.html" "Mozilla/5.0 (Linux; Android 16; SM-S931B) AppleWebKit/537.36 (KHTML, like Gecko) Chrome/150.0.7871.186 Mobile Safari/537.36"
18.237.214.63 - - [02/Aug/2026:01:12:07 +0200] "GET /gridtip.php HTTP/1.1" 200 25569 "https://gridtip.net/gridtip.html" "Mozilla/5.0 (Linux; Android 16; SM-S931B) AppleWebKit/537.36 (KHTML, like Gecko) Chrome/150.0.7871.186 Mobile Safari/537.36"
18.237.214.63 - - [02/Aug/2026:01:12:08 +0200] "GET /shoutbox/style.css HTTP/1.1" 200 2040 "https://gridtip.net/gridtip.php" "Mozilla/5.0 (Linux; Android 16; SM-S931B) AppleWebKit/537.36 (KHTML, like Gecko) Chrome/150.0.7871.186 Mobile Safari/537.36"
18.237.214.63 - - [02/Aug/2026:01:12:08 +0200] "GET /images/home.png HTTP/1.1" 200 12894 "https://gridtip.net/gridtip.php" "Mozilla/5.0 (Linux; Android 16; SM-S931B) AppleWebKit/537.36 (KHTML, like Gecko) Chrome/150.0.7871.186 Mobile Safari/537.36"
18.237.214.63 - - [02/Aug/2026:01:12:08 +0200] "GET /shoutbox/shouts.php HTTP/1.1" 200 1480 "https://gridtip.net/gridtip.php" "Mozilla/5.0 (Linux; Android 16; SM-S931B) AppleWebKit/537.36 (KHTML, like Gecko) Chrome/150.0.7871.186 Mobile Safari/537.36"
18.237.214.63 - - [02/Aug/2026:01:12:08 +0200] "GET /shoutbox/shout_button.jpg HTTP/1.1" 200 2117 "https://gridtip.net/shoutbox/style.css" "Mozilla/5.0 (Linux; Android 16; SM-S931B) AppleWebKit/537.36 (KHTML, like Gecko) Chrome/150.0.7871.186 Mobile Safari/537.36"
18.237.214.63 - - [02/Aug/2026:01:12:10 +0200] "GET /images/favicon-32x32.png HTTP/1.1" 200 786 "https://gridtip.net/" "Mozilla/5.0 (Linux; Android 16; SM-S931B) AppleWebKit/537.36 (KHTML, like Gecko) Chrome/150.0.7871.186 Mobile Safari/537.36"
85.215.251.124 - - [02/Aug/2026:01:12:43 +0200] "GET / HTTP/1.1" 200 1309 "-" "SpiceworksAgentShell/0.1a"
85.215.251.124 - - [02/Aug/2026:01:13:43 +0200] "GET / HTTP/1.1" 200 1309 "-" "SpiceworksAgentShell/0.1a"
85.215.251.124 - - [02/Aug/2026:01:14:43 +0200] "GET / HTTP/1.1" 200 1309 "-" "SpiceworksAgentShell/0.1a"
49.13.164.148 - - [02/Aug/2026:01:15:28 +0200] "HEAD / HTTP/1.1" 200 - "http://gridtip.net" "Mozilla/5.0+(compatible; UptimeRobot/2.0; http://www.uptimerobot.com/)"
85.215.251.124 - - [02/Aug/2026:01:15:43 +0200] "GET / HTTP/1.1" 200 1309 "-" "SpiceworksAgentShell/0.1a"
85.215.251.124 - - [02/Aug/2026:01:16:43 +0200] "GET / HTTP/1.1" 200 1309 "-" "SpiceworksAgentShell/0.1a"
85.215.251.124 - - [02/Aug/2026:01:17:43 +0200] "GET / HTTP/1.1" 200 1309 "-" "SpiceworksAgentShell/0.1a"
49.47.11.19 - - [02/Aug/2026:01:17:49 +0200] "POST /xmlrpc.php HTTP/1.1" 404 208 "-" "Mozilla/5.0 (X11; Ubuntu; Linux x86_64; arm64) AppleWebKit/537.36 (KHTML, like Gecko) Opera/65.0.0.0 Safari/537.36"
85.215.251.124 - - [02/Aug/2026:01:18:43 +0200] "GET / HTTP/1.1" 200 1309 "-" "SpiceworksAgentShell/0.1a"
85.215.251.124 - - [02/Aug/2026:01:19:43 +0200] "GET / HTTP/1.1" 200 1309 "-" "SpiceworksAgentShell/0.1a"
167.235.143.113 - - [02/Aug/2026:01:20:42 +0200] "HEAD / HTTP/1.1" 200 - "http://gridtip.net" "Mozilla/5.0+(compatible; UptimeRobot/2.0; http://www.uptimerobot.com/)"
85.215.251.124 - - [02/Aug/2026:01:20:43 +0200] "GET / HTTP/1.1" 200 1309 "-" "SpiceworksAgentShell/0.1a"
85.215.251.124 - - [02/Aug/2026:01:21:43 +0200] "GET / HTTP/1.1" 200 1309 "-" "SpiceworksAgentShell/0.1a"
85.215.251.124 - - [02/Aug/2026:01:22:43 +0200] "GET / HTTP/1.1" 200 1309 "-" "SpiceworksAgentShell/0.1a"
85.215.251.124 - - [02/Aug/2026:01:23:43 +0200] "GET / HTTP/1.1" 200 1309 "-" "SpiceworksAgentShell/0.1a"
85.215.251.124 - - [02/Aug/2026:01:24:43 +0200] "GET / HTTP/1.1" 200 1309 "-" "SpiceworksAgentShell/0.1a"
85.215.251.124 - - [02/Aug/2026:01:25:43 +0200] "GET / HTTP/1.1" 200 1309 "-" "SpiceworksAgentShell/0.1a"
78.46.215.1 - - [02/Aug/2026:01:25:47 +0200] "HEAD / HTTP/1.1" 200 - "http://gridtip.net" "Mozilla/5.0+(compatible; UptimeRobot/2.0; http://www.uptimerobot.com/)"
85.215.251.124 - - [02/Aug/2026:01:26:43 +0200] "GET / HTTP/1.1" 200 1309 "-" "SpiceworksAgentShell/0.1a"
85.215.251.124 - - [02/Aug/2026:01:27:43 +0200] "GET / HTTP/1.1" 200 1309 "-" "SpiceworksAgentShell/0.1a"
85.215.251.124 - - [02/Aug/2026:01:28:43 +0200] "GET / HTTP/1.1" 200 1309 "-" "SpiceworksAgentShell/0.1a"
85.215.251.124 - - [02/Aug/2026:01:29:43 +0200] "GET / HTTP/1.1" 200 1309 "-" "SpiceworksAgentShell/0.1a"
85.215.251.124 - - [02/Aug/2026:01:30:43 +0200] "GET / HTTP/1.1" 200 1309 "-" "SpiceworksAgentShell/0.1a"
157.90.155.240 - - [02/Aug/2026:01:30:51 +0200] "HEAD / HTTP/1.1" 200 - "http://gridtip.net" "Mozilla/5.0+(compatible; UptimeRobot/2.0; http://www.uptimerobot.com/)"
85.215.251.124 - - [02/Aug/2026:01:31:43 +0200] "GET / HTTP/1.1" 200 1309 "-" "SpiceworksAgentShell/0.1a"
85.215.251.124 - - [02/Aug/2026:01:32:43 +0200] "GET / HTTP/1.1" 200 1309 "-" "SpiceworksAgentShell/0.1a"
85.215.251.124 - - [02/Aug/2026:01:33:43 +0200] "GET / HTTP/1.1" 200 1309 "-" "SpiceworksAgentShell/0.1a"
85.215.251.124 - - [02/Aug/2026:01:34:43 +0200] "GET / HTTP/1.1" 200 1309 "-" "SpiceworksAgentShell/0.1a"
43.130.47.33 - - [02/Aug/2026:01:34:59 +0200] "GET / HTTP/1.1" 200 2794 "http://www.gridtip.net" "Mozilla/5.0 (iPhone; CPU iPhone OS 13_2_3 like Mac OS X) AppleWebKit/605.1.15 (KHTML, like Gecko) Version/13.0.3 Mobile/15E148 Safari/604.1"
85.215.251.124 - - [02/Aug/2026:01:35:43 +0200] "GET / HTTP/1.1" 200 1309 "-" "SpiceworksAgentShell/0.1a"
168.119.96.239 - - [02/Aug/2026:01:35:55 +0200] "HEAD / HTTP/1.1" 200 - "http://gridtip.net" "Mozilla/5.0+(compatible; UptimeRobot/2.0; http://www.uptimerobot.com/)"
85.215.251.124 - - [02/Aug/2026:01:36:43 +0200] "GET / HTTP/1.1" 200 1309 "-" "SpiceworksAgentShell/0.1a"
85.215.251.124 - - [02/Aug/2026:01:37:43 +0200] "GET / HTTP/1.1" 200 1309 "-" "SpiceworksAgentShell/0.1a"
101.33.81.73 - - [02/Aug/2026:01:37:53 +0200] "GET /index_noframes.html HTTP/1.1" 200 11333 "-" "Mozilla/5.0 (iPhone; CPU iPhone OS 13_2_3 like Mac OS X) AppleWebKit/605.1.15 (KHTML, like Gecko) Version/13.0.3 Mobile/15E148 Safari/604.1"
85.215.251.124 - - [02/Aug/2026:01:38:43 +0200] "GET / HTTP/1.1" 200 1309 "-" "SpiceworksAgentShell/0.1a"
85.215.251.124 - - [02/Aug/2026:01:39:43 +0200] "GET / HTTP/1.1" 200 1309 "-" "SpiceworksAgentShell/0.1a"
85.215.251.124 - - [02/Aug/2026:01:40:43 +0200] "GET / HTTP/1.1" 200 1309 "-" "SpiceworksAgentShell/0.1a"
168.119.53.160 - - [02/Aug/2026:01:40:59 +0200] "HEAD / HTTP/1.1" 200 - "http://gridtip.net" "Mozilla/5.0+(compatible; UptimeRobot/2.0; http://www.uptimerobot.com/)"
23.27.145.228 - - [02/Aug/2026:01:41:40 +0200] "GET / HTTP/1.1" 200 1309 "-" "Mozilla/5.0 (Macintosh; Intel Mac OS X 10_15_7) AppleWebKit/537.36 (KHTML, like Gecko) Chrome/119.0.0.0 Safari/537.36"
23.27.145.228 - - [02/Aug/2026:01:41:41 +0200] "GET /gridtip.html HTTP/1.1" 200 1067 "https://gridtip.net/" "Mozilla/5.0 (Macintosh; Intel Mac OS X 10_15_7) AppleWebKit/537.36 (KHTML, like Gecko) Chrome/119.0.0.0 Safari/537.36"
23.27.145.228 - - [02/Aug/2026:01:41:41 +0200] "GET /menu.php HTTP/1.1" 200 1323 "https://gridtip.net/" "Mozilla/5.0 (Macintosh; Intel Mac OS X 10_15_7) AppleWebKit/537.36 (KHTML, like Gecko) Chrome/119.0.0.0 Safari/537.36"
23.27.145.228 - - [02/Aug/2026:01:41:41 +0200] "GET /header.php HTTP/1.1" 200 1923 "https://gridtip.net/gridtip.html" "Mozilla/5.0 (Macintosh; Intel Mac OS X 10_15_7) AppleWebKit/537.36 (KHTML, like Gecko) Chrome/119.0.0.0 Safari/537.36"
23.27.145.228 - - [02/Aug/2026:01:41:41 +0200] "GET /gridtip.php HTTP/1.1" 200 25569 "https://gridtip.net/gridtip.html" "Mozilla/5.0 (Macintosh; Intel Mac OS X 10_15_7) AppleWebKit/537.36 (KHTML, like Gecko) Chrome/119.0.0.0 Safari/537.36"
23.27.145.228 - - [02/Aug/2026:01:41:42 +0200] "GET /shoutbox/style.css HTTP/1.1" 200 2040 "https://gridtip.net/gridtip.php" "Mozilla/5.0 (Macintosh; Intel Mac OS X 10_15_7) AppleWebKit/537.36 (KHTML, like Gecko) Chrome/119.0.0.0 Safari/537.36"
23.27.145.228 - - [02/Aug/2026:01:41:42 +0200] "GET /images/home.png HTTP/1.1" 200 12894 "https://gridtip.net/gridtip.php" "Mozilla/5.0 (Macintosh; Intel Mac OS X 10_15_7) AppleWebKit/537.36 (KHTML, like Gecko) Chrome/119.0.0.0 Safari/537.36"
23.27.145.228 - - [02/Aug/2026:01:41:42 +0200] "GET /shoutbox/shout_button.jpg HTTP/1.1" 200 2117 "https://gridtip.net/shoutbox/style.css" "Mozilla/5.0 (Macintosh; Intel Mac OS X 10_15_7) AppleWebKit/537.36 (KHTML, like Gecko) Chrome/119.0.0.0 Safari/537.36"
23.27.145.228 - - [02/Aug/2026:01:41:42 +0200] "GET /shoutbox/shouts.php HTTP/1.1" 200 1480 "https://gridtip.net/gridtip.php" "Mozilla/5.0 (Macintosh; Intel Mac OS X 10_15_7) AppleWebKit/537.36 (KHTML, like Gecko) Chrome/119.0.0.0 Safari/537.36"
23.27.145.228 - - [02/Aug/2026:01:41:42 +0200] "GET /shoutbox/style.css HTTP/1.1" 200 2040 "https://gridtip.net/shoutbox/shouts.php" "Mozilla/5.0 (Macintosh; Intel Mac OS X 10_15_7) AppleWebKit/537.36 (KHTML, like Gecko) Chrome/119.0.0.0 Safari/537.36"
85.215.251.124 - - [02/Aug/2026:01:41:43 +0200] "GET / HTTP/1.1" 200 1309 "-" "SpiceworksAgentShell/0.1a"
85.215.251.124 - - [02/Aug/2026:01:42:43 +0200] "GET / HTTP/1.1" 200 1309 "-" "SpiceworksAgentShell/0.1a"
85.215.251.124 - - [02/Aug/2026:01:43:43 +0200] "GET / HTTP/1.1" 200 1309 "-" "SpiceworksAgentShell/0.1a"
85.215.251.124 - - [02/Aug/2026:01:44:43 +0200] "GET / HTTP/1.1" 200 1309 "-" "SpiceworksAgentShell/0.1a"
85.215.251.124 - - [02/Aug/2026:01:45:43 +0200] "GET / HTTP/1.1" 200 1309 "-" "SpiceworksAgentShell/0.1a"
168.119.53.160 - - [02/Aug/2026:01:46:03 +0200] "HEAD / HTTP/1.1" 200 - "http://gridtip.net" "Mozilla/5.0+(compatible; UptimeRobot/2.0; http://www.uptimerobot.com/)"
85.215.251.124 - - [02/Aug/2026:01:46:43 +0200] "GET / HTTP/1.1" 200 1309 "-" "SpiceworksAgentShell/0.1a"
85.215.251.124 - - [02/Aug/2026:01:47:43 +0200] "GET / HTTP/1.1" 200 1309 "-" "SpiceworksAgentShell/0.1a"
43.165.7.132 - - [02/Aug/2026:01:48:28 +0200] "GET /index.html HTTP/1.1" 200 2794 "-" "Mozilla/5.0 (iPhone; CPU iPhone OS 13_2_3 like Mac OS X) AppleWebKit/605.1.15 (KHTML, like Gecko) Version/13.0.3 Mobile/15E148 Safari/604.1"
85.215.251.124 - - [02/Aug/2026:01:48:43 +0200] "GET / HTTP/1.1" 200 1309 "-" "SpiceworksAgentShell/0.1a"
85.215.251.124 - - [02/Aug/2026:01:49:43 +0200] "GET / HTTP/1.1" 200 1309 "-" "SpiceworksAgentShell/0.1a"
85.215.251.124 - - [02/Aug/2026:01:50:43 +0200] "GET / HTTP/1.1" 200 1309 "-" "SpiceworksAgentShell/0.1a"
78.47.98.55 - - [02/Aug/2026:01:51:13 +0200] "HEAD / HTTP/1.1" 200 - "http://gridtip.net" "Mozilla/5.0+(compatible; UptimeRobot/2.0; http://www.uptimerobot.com/)"
85.215.251.124 - - [02/Aug/2026:01:51:43 +0200] "GET / HTTP/1.1" 200 1309 "-" "SpiceworksAgentShell/0.1a"
85.215.251.124 - - [02/Aug/2026:01:52:43 +0200] "GET / HTTP/1.1" 200 1309 "-" "SpiceworksAgentShell/0.1a"
85.215.251.124 - - [02/Aug/2026:01:53:43 +0200] "GET / HTTP/1.1" 200 1309 "-" "SpiceworksAgentShell/0.1a"
85.215.251.124 - - [02/Aug/2026:01:54:43 +0200] "GET / HTTP/1.1" 200 1309 "-" "SpiceworksAgentShell/0.1a"
43.133.66.51 - - [02/Aug/2026:01:55:00 +0200] "GET / HTTP/1.1" 200 1309 "http://gridtip.net/" "Mozilla/5.0 (iPhone; CPU iPhone OS 13_2_3 like Mac OS X) AppleWebKit/605.1.15 (KHTML, like Gecko) Version/13.0.3 Mobile/15E148 Safari/604.1"
85.215.251.124 - - [02/Aug/2026:01:55:43 +0200] "GET / HTTP/1.1" 200 1309 "-" "SpiceworksAgentShell/0.1a"
3.79.134.69 - - [02/Aug/2026:01:56:19 +0200] "HEAD / HTTP/1.1" 200 - "http://gridtip.net" "Mozilla/5.0+(compatible; UptimeRobot/2.0; http://www.uptimerobot.com/)"
85.215.251.124 - - [02/Aug/2026:01:56:43 +0200] "GET / HTTP/1.1" 200 1309 "-" "SpiceworksAgentShell/0.1a"
85.215.251.124 - - [02/Aug/2026:01:57:43 +0200] "GET / HTTP/1.1" 200 1309 "-" "SpiceworksAgentShell/0.1a"
85.215.251.124 - - [02/Aug/2026:01:58:43 +0200] "GET / HTTP/1.1" 200 1309 "-" "SpiceworksAgentShell/0.1a"
43.159.135.203 - - [02/Aug/2026:01:59:08 +0200] "GET /online-radios/index.html HTTP/1.1" 200 33912 "-" "Mozilla/5.0 (iPhone; CPU iPhone OS 13_2_3 like Mac OS X) AppleWebKit/605.1.15 (KHTML, like Gecko) Version/13.0.3 Mobile/15E148 Safari/604.1"
85.215.251.124 - - [02/Aug/2026:01:59:43 +0200] "GET / HTTP/1.1" 200 1309 "-" "SpiceworksAgentShell/0.1a"
85.215.251.124 - - [02/Aug/2026:02:00:43 +0200] "GET / HTTP/1.1" 200 1309 "-" "SpiceworksAgentShell/0.1a"
159.69.158.189 - - [02/Aug/2026:02:01:23 +0200] "HEAD / HTTP/1.1" 200 - "http://gridtip.net" "Mozilla/5.0+(compatible; UptimeRobot/2.0; http://www.uptimerobot.com/)"
85.215.251.124 - - [02/Aug/2026:02:01:43 +0200] "GET / HTTP/1.1" 200 1309 "-" "SpiceworksAgentShell/0.1a"
85.215.251.124 - - [02/Aug/2026:02:02:43 +0200] "GET / HTTP/1.1" 200 1309 "-" "SpiceworksAgentShell/0.1a"
85.215.251.124 - - [02/Aug/2026:02:03:43 +0200] "GET / HTTP/1.1" 200 1309 "-" "SpiceworksAgentShell/0.1a"
85.215.251.124 - - [02/Aug/2026:02:04:43 +0200] "GET / HTTP/1.1" 200 1309 "-" "SpiceworksAgentShell/0.1a"
85.215.251.124 - - [02/Aug/2026:02:05:43 +0200] "GET / HTTP/1.1" 200 1309 "-" "SpiceworksAgentShell/0.1a"
18.193.252.127 - - [02/Aug/2026:02:06:32 +0200] "HEAD / HTTP/1.1" 200 - "http://gridtip.net" "Mozilla/5.0+(compatible; UptimeRobot/2.0; http://www.uptimerobot.com/)"
45.39.163.85 - - [02/Aug/2026:02:06:35 +0200] "GET / HTTP/1.1" 200 1309 "-" "Mozilla/5.0 (X11; Linux i686; rv:109.0) Gecko/20100101 Firefox/120.0"
85.215.251.124 - - [02/Aug/2026:02:06:43 +0200] "GET / HTTP/1.1" 200 1309 "-" "SpiceworksAgentShell/0.1a"
85.215.251.124 - - [02/Aug/2026:02:07:43 +0200] "GET / HTTP/1.1" 200 1309 "-" "SpiceworksAgentShell/0.1a"
85.215.251.124 - - [02/Aug/2026:02:08:43 +0200] "GET / HTTP/1.1" 200 1309 "-" "SpiceworksAgentShell/0.1a"
119.28.89.249 - - [02/Aug/2026:02:09:37 +0200] "GET /running/index.html HTTP/1.1" 200 33366 "-" "Mozilla/5.0 (iPhone; CPU iPhone OS 13_2_3 like Mac OS X) AppleWebKit/605.1.15 (KHTML, like Gecko) Version/13.0.3 Mobile/15E148 Safari/604.1"
85.215.251.124 - - [02/Aug/2026:02:09:43 +0200] "GET / HTTP/1.1" 200 1309 "-" "SpiceworksAgentShell/0.1a"
85.215.251.124 - - [02/Aug/2026:02:10:43 +0200] "GET / HTTP/1.1" 200 1309 "-" "SpiceworksAgentShell/0.1a"
78.47.98.55 - - [02/Aug/2026:02:11:36 +0200] "HEAD / HTTP/1.1" 200 - "http://gridtip.net" "Mozilla/5.0+(compatible; UptimeRobot/2.0; http://www.uptimerobot.com/)"
85.215.251.124 - - [02/Aug/2026:02:11:43 +0200] "GET / HTTP/1.1" 200 1309 "-" "SpiceworksAgentShell/0.1a"
85.215.251.124 - - [02/Aug/2026:02:12:43 +0200] "GET / HTTP/1.1" 200 1309 "-" "SpiceworksAgentShell/0.1a"
85.215.251.124 - - [02/Aug/2026:02:13:43 +0200] "GET / HTTP/1.1" 200 1309 "-" "SpiceworksAgentShell/0.1a"
85.215.251.124 - - [02/Aug/2026:02:14:43 +0200] "GET / HTTP/1.1" 200 1309 "-" "SpiceworksAgentShell/0.1a"
85.215.251.124 - - [02/Aug/2026:02:15:43 +0200] "GET / HTTP/1.1" 200 1309 "-" "SpiceworksAgentShell/0.1a"
49.13.134.145 - - [02/Aug/2026:02:16:42 +0200] "HEAD / HTTP/1.1" 200 - "http://gridtip.net" "Mozilla/5.0+(compatible; UptimeRobot/2.0; http://www.uptimerobot.com/)"
85.215.251.124 - - [02/Aug/2026:02:16:43 +0200] "GET / HTTP/1.1" 200 1309 "-" "SpiceworksAgentShell/0.1a"
