103.196.9.201 - - [01/Aug/2026:23:46:21 +0200] "GET / HTTP/1.1" 200 252 "-" "Mozilla/5.0 (X11; Linux x86_64) AppleWebKit/537.36 (KHTML, like Gecko) Chrome/131.0.0.0 Safari/537.36"
103.196.9.41 - - [01/Aug/2026:23:46:21 +0200] "GET / HTTP/1.1" 200 252 "-" "Mozilla/5.0 (X11; Linux x86_64) AppleWebKit/537.36 (KHTML, like Gecko) Chrome/131.0.0.0 Safari/537.36"
168.110.218.47 - - [01/Aug/2026:23:46:21 +0200] "GET /.env.development.local HTTP/1.1" 404 220 "-" "Mozilla/5.0 (Windows NT 10.0; Win64; x64) AppleWebKit/537.36 (KHTML, like Gecko) Chrome/136.0.0.0 Safari/537.36 (Silvy X Ran; +https://silvyxran.love; +https://silver.inc)"
159.223.213.20 - - [01/Aug/2026:23:46:21 +0200] "GET /serverless.yml HTTP/1.1" 404 212 "-" "Mozilla/5.0 (Windows NT 10.0; Win64; x64) AppleWebKit/537.36 (KHTML, like Gecko) Chrome/136.0.0.0 Safari/537.36 (Silvy X Ran; +https://silvyxran.love; +https://silver.inc)"
168.129.177.245 - - [01/Aug/2026:23:46:21 +0200] "GET /src/.env HTTP/1.1" 404 206 "-" "Mozilla/5.0 (Windows NT 10.0; Win64; x64) AppleWebKit/537.36 (KHTML, like Gecko) Chrome/136.0.0.0 Safari/537.36 (Silvy X Ran; +https://silvyxran.love; +https://silver.inc)"
147.45.240.150 - - [01/Aug/2026:23:46:21 +0200] "GET /config.py HTTP/1.1" 404 207 "-" "Mozilla/5.0 (Windows NT 10.0; Win64; x64) AppleWebKit/537.36 (KHTML, like Gecko) Chrome/136.0.0.0 Safari/537.36 (Silvy X Ran; +https://silvyxran.love; +https://silver.inc)"
138.124.103.234 - - [01/Aug/2026:23:46:21 +0200] "GET /assets/app.js HTTP/1.1" 404 211 "-" "Mozilla/5.0 (Windows NT 10.0; Win64; x64) AppleWebKit/537.36 (KHTML, like Gecko) Chrome/136.0.0.0 Safari/537.36 (Silvy X Ran; +https://silvyxran.love; +https://silver.inc)"
103.4.251.141 - - [01/Aug/2026:23:46:21 +0200] "GET / HTTP/1.1" 302 214 "-" "Mozilla/5.0 (Macintosh; Intel Mac OS X 10_15_7) AppleWebKit/537.36 (KHTML, like Gecko) Chrome/130.0.0.0 Safari/537.36"
144.31.143.114 - - [01/Aug/2026:23:46:21 +0200] "GET /config.py HTTP/1.1" 302 223 "-" "Mozilla/5.0 (Windows NT 10.0; Win64; x64) AppleWebKit/537.36 (KHTML, like Gecko) Chrome/136.0.0.0 Safari/537.36 (Silvy X Ran; +https://silvyxran.love; +https://silver.inc)"
152.42.235.126 - - [01/Aug/2026:23:46:21 +0200] "GET /env.json HTTP/1.1" 404 206 "-" "Mozilla/5.0 (Windows NT 10.0; Win64; x64) AppleWebKit/537.36 (KHTML, like Gecko) Chrome/136.0.0.0 Safari/537.36 (Silvy X Ran; +https://silvyxran.love; +https://silver.inc)"
139.59.102.20 - - [01/Aug/2026:23:46:21 +0200] "GET /env.js HTTP/1.1" 404 204 "-" "Mozilla/5.0 (Windows NT 10.0; Win64; x64) AppleWebKit/537.36 (KHTML, like Gecko) Chrome/136.0.0.0 Safari/537.36 (Silvy X Ran; +https://silvyxran.love; +https://silver.inc)"
159.223.213.20 - - [01/Aug/2026:23:46:21 +0200] "GET /serverless.yaml HTTP/1.1" 404 213 "-" "Mozilla/5.0 (Windows NT 10.0; Win64; x64) AppleWebKit/537.36 (KHTML, like Gecko) Chrome/136.0.0.0 Safari/537.36 (Silvy X Ran; +https://silvyxran.love; +https://silver.inc)"
147.45.240.150 - - [01/Aug/2026:23:46:21 +0200] "GET /secrets.py HTTP/1.1" 404 208 "-" "Mozilla/5.0 (Windows NT 10.0; Win64; x64) AppleWebKit/537.36 (KHTML, like Gecko) Chrome/136.0.0.0 Safari/537.36 (Silvy X Ran; +https://silvyxran.love; +https://silver.inc)"
143.198.85.89 - - [01/Aug/2026:23:46:21 +0200] "GET /env.js HTTP/1.1" 404 204 "-" "Mozilla/5.0 (Windows NT 10.0; Win64; x64) AppleWebKit/537.36 (KHTML, like Gecko) Chrome/136.0.0.0 Safari/537.36 (Silvy X Ran; +https://silvyxran.love; +https://silver.inc)"
138.124.103.234 - - [01/Aug/2026:23:46:21 +0200] "GET /js/app.js HTTP/1.1" 404 207 "-" "Mozilla/5.0 (Windows NT 10.0; Win64; x64) AppleWebKit/537.36 (KHTML, like Gecko) Chrome/136.0.0.0 Safari/537.36 (Silvy X Ran; +https://silvyxran.love; +https://silver.inc)"
161.118.169.38 - - [01/Aug/2026:23:46:21 +0200] "GET /client/.env HTTP/1.1" 404 209 "-" "Mozilla/5.0 (Windows NT 10.0; Win64; x64) AppleWebKit/537.36 (KHTML, like Gecko) Chrome/136.0.0.0 Safari/537.36 (Silvy X Ran; +https://silvyxran.love; +https://silver.inc)"
144.24.123.141 - - [01/Aug/2026:23:46:21 +0200] "GET /api/.env HTTP/1.1" 404 206 "-" "Mozilla/5.0 (Windows NT 10.0; Win64; x64) AppleWebKit/537.36 (KHTML, like Gecko) Chrome/136.0.0.0 Safari/537.36 (Silvy X Ran; +https://silvyxran.love; +https://silver.inc)"
159.223.213.20 - - [01/Aug/2026:23:46:21 +0200] "GET /config/production.json HTTP/1.1" 404 220 "-" "Mozilla/5.0 (Windows NT 10.0; Win64; x64) AppleWebKit/537.36 (KHTML, like Gecko) Chrome/136.0.0.0 Safari/537.36 (Silvy X Ran; +https://silvyxran.love; +https://silver.inc)"
47.239.116.165 - - [01/Aug/2026:23:46:21 +0200] "GET /.env.swp HTTP/1.1" 404 206 "-" "Mozilla/5.0 (Windows NT 10.0; Win64; x64) AppleWebKit/537.36 (KHTML, like Gecko) Chrome/136.0.0.0 Safari/537.36 (Silvy X Ran; +https://silvyxran.love; +https://silver.inc)"
78.189.24.202 - - [01/Aug/2026:23:46:21 +0200] "GET /settings.js HTTP/1.1" 404 209 "-" "Mozilla/5.0 (Windows NT 10.0; Win64; x64) AppleWebKit/537.36 (KHTML, like Gecko) Chrome/136.0.0.0 Safari/537.36 (Silvy X Ran; +https://silvyxran.love; +https://silver.inc)"
147.45.240.150 - - [01/Aug/2026:23:46:21 +0200] "GET /config/secrets.yml HTTP/1.1" 404 216 "-" "Mozilla/5.0 (Windows NT 10.0; Win64; x64) AppleWebKit/537.36 (KHTML, like Gecko) Chrome/136.0.0.0 Safari/537.36 (Silvy X Ran; +https://silvyxran.love; +https://silver.inc)"
144.31.143.114 - - [01/Aug/2026:23:46:21 +0200] "GET /secrets.py HTTP/1.1" 302 224 "-" "Mozilla/5.0 (Windows NT 10.0; Win64; x64) AppleWebKit/537.36 (KHTML, like Gecko) Chrome/136.0.0.0 Safari/537.36 (Silvy X Ran; +https://silvyxran.love; +https://silver.inc)"
154.28.229.158 - - [01/Aug/2026:23:46:21 +0200] "GET / HTTP/1.1" 200 10919 "-" "Mozilla/5.0 (X11; Linux x86_64) AppleWebKit/537.36 (KHTML, like Gecko) Chrome/131.0.0.0 Safari/537.36"
159.223.213.20 - - [01/Aug/2026:23:46:21 +0200] "GET /config/development.json HTTP/1.1" 404 221 "-" "Mozilla/5.0 (Windows NT 10.0; Win64; x64) AppleWebKit/537.36 (KHTML, like Gecko) Chrome/136.0.0.0 Safari/537.36 (Silvy X Ran; +https://silvyxran.love; +https://silver.inc)"
147.45.240.150 - - [01/Aug/2026:23:46:21 +0200] "GET /config/master.key HTTP/1.1" 404 215 "-" "Mozilla/5.0 (Windows NT 10.0; Win64; x64) AppleWebKit/537.36 (KHTML, like Gecko) Chrome/136.0.0.0 Safari/537.36 (Silvy X Ran; +https://silvyxran.love; +https://silver.inc)"
104.164.126.7 - - [01/Aug/2026:23:46:21 +0200] "GET /login.php? HTTP/1.1" 200 16131 "-" "Mozilla/5.0 (X11; Linux x86_64) AppleWebKit/537.36 (KHTML, like Gecko) Chrome/130.0.0.0 Safari/537.36"
104.164.173.223 - - [01/Aug/2026:23:46:20 +0200] "GET /login.php? HTTP/1.1" 200 16131 "-" "Mozilla/5.0 (Macintosh; Intel Mac OS X 10_15_7) AppleWebKit/537.36 (KHTML, like Gecko) Chrome/130.0.0.0 Safari/537.36"
168.129.177.245 - - [01/Aug/2026:23:46:22 +0200] "GET /config/.env HTTP/1.1" 404 209 "-" "Mozilla/5.0 (Windows NT 10.0; Win64; x64) AppleWebKit/537.36 (KHTML, like Gecko) Chrome/136.0.0.0 Safari/537.36 (Silvy X Ran; +https://silvyxran.love; +https://silver.inc)"
144.31.143.114 - - [01/Aug/2026:23:46:22 +0200] "GET /config/secrets.yml HTTP/1.1" 302 232 "-" "Mozilla/5.0 (Windows NT 10.0; Win64; x64) AppleWebKit/537.36 (KHTML, like Gecko) Chrome/136.0.0.0 Safari/537.36 (Silvy X Ran; +https://silvyxran.love; +https://silver.inc)"
103.4.251.113 - - [01/Aug/2026:23:46:19 +0200] "GET / HTTP/1.1" 200 12772 "-" "Mozilla/5.0 (Macintosh; Intel Mac OS X 10_15_7) AppleWebKit/537.36 (KHTML, like Gecko) Chrome/130.0.0.0 Safari/537.36"
159.223.213.20 - - [01/Aug/2026:23:46:22 +0200] "GET /config/default.json HTTP/1.1" 404 217 "-" "Mozilla/5.0 (Windows NT 10.0; Win64; x64) AppleWebKit/537.36 (KHTML, like Gecko) Chrome/136.0.0.0 Safari/537.36 (Silvy X Ran; +https://silvyxran.love; +https://silver.inc)"
147.45.240.150 - - [01/Aug/2026:23:46:22 +0200] "GET /wp-config.php.bak HTTP/1.1" 404 215 "-" "Mozilla/5.0 (Windows NT 10.0; Win64; x64) AppleWebKit/537.36 (KHTML, like Gecko) Chrome/136.0.0.0 Safari/537.36 (Silvy X Ran; +https://silvyxran.love; +https://silver.inc)"
78.189.24.202 - - [01/Aug/2026:23:46:22 +0200] "GET /settings.json HTTP/1.1" 404 211 "-" "Mozilla/5.0 (Windows NT 10.0; Win64; x64) AppleWebKit/537.36 (KHTML, like Gecko) Chrome/136.0.0.0 Safari/537.36 (Silvy X Ran; +https://silvyxran.love; +https://silver.inc)"
168.110.218.47 - - [01/Aug/2026:23:46:22 +0200] "GET /.env.test.local HTTP/1.1" 404 213 "-" "Mozilla/5.0 (Windows NT 10.0; Win64; x64) AppleWebKit/537.36 (KHTML, like Gecko) Chrome/136.0.0.0 Safari/537.36 (Silvy X Ran; +https://silvyxran.love; +https://silver.inc)"
161.118.169.38 - - [01/Aug/2026:23:46:22 +0200] "GET /web/.env HTTP/1.1" 404 206 "-" "Mozilla/5.0 (Windows NT 10.0; Win64; x64) AppleWebKit/537.36 (KHTML, like Gecko) Chrome/136.0.0.0 Safari/537.36 (Silvy X Ran; +https://silvyxran.love; +https://silver.inc)"
152.42.235.126 - - [01/Aug/2026:23:46:22 +0200] "GET /app/.env HTTP/1.1" 404 206 "-" "Mozilla/5.0 (Windows NT 10.0; Win64; x64) AppleWebKit/537.36 (KHTML, like Gecko) Chrome/136.0.0.0 Safari/537.36 (Silvy X Ran; +https://silvyxran.love; +https://silver.inc)"
144.24.123.141 - - [01/Aug/2026:23:46:22 +0200] "GET /server/.env HTTP/1.1" 404 209 "-" "Mozilla/5.0 (Windows NT 10.0; Win64; x64) AppleWebKit/537.36 (KHTML, like Gecko) Chrome/136.0.0.0 Safari/537.36 (Silvy X Ran; +https://silvyxran.love; +https://silver.inc)"
139.59.102.20 - - [01/Aug/2026:23:46:22 +0200] "GET /env.json HTTP/1.1" 404 206 "-" "Mozilla/5.0 (Windows NT 10.0; Win64; x64) AppleWebKit/537.36 (KHTML, like Gecko) Chrome/136.0.0.0 Safari/537.36 (Silvy X Ran; +https://silvyxran.love; +https://silver.inc)"
138.124.103.234 - - [01/Aug/2026:23:46:21 +0200] "GET /js/main.js HTTP/1.1" 404 208 "-" "Mozilla/5.0 (Windows NT 10.0; Win64; x64) AppleWebKit/537.36 (KHTML, like Gecko) Chrome/136.0.0.0 Safari/537.36 (Silvy X Ran; +https://silvyxran.love; +https://silver.inc)"
154.28.229.179 - - [01/Aug/2026:23:46:18 +0200] "GET / HTTP/1.1" 200 12772 "-" "Mozilla/5.0 (Windows NT 10.0; Win64; x64) AppleWebKit/537.36 (KHTML, like Gecko) Chrome/130.0.0.0 Safari/537.36"
144.31.143.114 - - [01/Aug/2026:23:46:22 +0200] "GET /config/master.key HTTP/1.1" 302 231 "-" "Mozilla/5.0 (Windows NT 10.0; Win64; x64) AppleWebKit/537.36 (KHTML, like Gecko) Chrome/136.0.0.0 Safari/537.36 (Silvy X Ran; +https://silvyxran.love; +https://silver.inc)"
143.198.85.89 - - [01/Aug/2026:23:46:22 +0200] "GET /env.json HTTP/1.1" 404 206 "-" "Mozilla/5.0 (Windows NT 10.0; Win64; x64) AppleWebKit/537.36 (KHTML, like Gecko) Chrome/136.0.0.0 Safari/537.36 (Silvy X Ran; +https://silvyxran.love; +https://silver.inc)"
159.223.213.20 - - [01/Aug/2026:23:46:22 +0200] "GET /config/local.json HTTP/1.1" 404 215 "-" "Mozilla/5.0 (Windows NT 10.0; Win64; x64) AppleWebKit/537.36 (KHTML, like Gecko) Chrome/136.0.0.0 Safari/537.36 (Silvy X Ran; +https://silvyxran.love; +https://silver.inc)"
147.45.240.150 - - [01/Aug/2026:23:46:22 +0200] "GET /wp-config.php.old HTTP/1.1" 404 215 "-" "Mozilla/5.0 (Windows NT 10.0; Win64; x64) AppleWebKit/537.36 (KHTML, like Gecko) Chrome/136.0.0.0 Safari/537.36 (Silvy X Ran; +https://silvyxran.love; +https://silver.inc)"
78.189.24.202 - - [01/Aug/2026:23:46:22 +0200] "GET /secrets.json HTTP/1.1" 404 210 "-" "Mozilla/5.0 (Windows NT 10.0; Win64; x64) AppleWebKit/537.36 (KHTML, like Gecko) Chrome/136.0.0.0 Safari/537.36 (Silvy X Ran; +https://silvyxran.love; +https://silver.inc)"
147.45.240.150 - - [01/Aug/2026:23:46:22 +0200] "GET /wp-config.php.save HTTP/1.1" 404 216 "-" "Mozilla/5.0 (Windows NT 10.0; Win64; x64) AppleWebKit/537.36 (KHTML, like Gecko) Chrome/136.0.0.0 Safari/537.36 (Silvy X Ran; +https://silvyxran.love; +https://silver.inc)"
159.223.213.20 - - [01/Aug/2026:23:46:22 +0200] "GET /conf/settings.json HTTP/1.1" 404 216 "-" "Mozilla/5.0 (Windows NT 10.0; Win64; x64) AppleWebKit/537.36 (KHTML, like Gecko) Chrome/136.0.0.0 Safari/537.36 (Silvy X Ran; +https://silvyxran.love; +https://silver.inc)"
168.129.177.245 - - [01/Aug/2026:23:46:22 +0200] "GET /backend/.env HTTP/1.1" 404 210 "-" "Mozilla/5.0 (Windows NT 10.0; Win64; x64) AppleWebKit/537.36 (KHTML, like Gecko) Chrome/136.0.0.0 Safari/537.36 (Silvy X Ran; +https://silvyxran.love; +https://silver.inc)"
144.31.143.114 - - [01/Aug/2026:23:46:22 +0200] "GET /wp-config.php.bak HTTP/1.1" 302 231 "-" "Mozilla/5.0 (Windows NT 10.0; Win64; x64) AppleWebKit/537.36 (KHTML, like Gecko) Chrome/136.0.0.0 Safari/537.36 (Silvy X Ran; +https://silvyxran.love; +https://silver.inc)"
138.124.103.234 - - [01/Aug/2026:23:46:22 +0200] "GET /settings.py HTTP/1.1" 404 209 "-" "Mozilla/5.0 (Windows NT 10.0; Win64; x64) AppleWebKit/537.36 (KHTML, like Gecko) Chrome/136.0.0.0 Safari/537.36 (Silvy X Ran; +https://silvyxran.love; +https://silver.inc)"
103.196.9.47 - - [01/Aug/2026:23:46:22 +0200] "GET / HTTP/1.1" 302 203 "-" "Mozilla/5.0 (Macintosh; Intel Mac OS X 10_15_7) AppleWebKit/537.36 (KHTML, like Gecko) Chrome/130.0.0.0 Safari/537.36"
47.239.116.165 - - [01/Aug/2026:23:46:22 +0200] "GET /.env~ HTTP/1.1" 404 203 "-" "Mozilla/5.0 (Windows NT 10.0; Win64; x64) AppleWebKit/537.36 (KHTML, like Gecko) Chrome/136.0.0.0 Safari/537.36 (Silvy X Ran; +https://silvyxran.love; +https://silver.inc)"
144.24.123.141 - - [01/Aug/2026:23:46:22 +0200] "GET /client/.env HTTP/1.1" 404 209 "-" "Mozilla/5.0 (Windows NT 10.0; Win64; x64) AppleWebKit/537.36 (KHTML, like Gecko) Chrome/136.0.0.0 Safari/537.36 (Silvy X Ran; +https://silvyxran.love; +https://silver.inc)"
147.45.240.150 - - [01/Aug/2026:23:46:22 +0200] "GET /wp-config.php.txt HTTP/1.1" 404 215 "-" "Mozilla/5.0 (Windows NT 10.0; Win64; x64) AppleWebKit/537.36 (KHTML, like Gecko) Chrome/136.0.0.0 Safari/537.36 (Silvy X Ran; +https://silvyxran.love; +https://silver.inc)"
161.118.169.38 - - [01/Aug/2026:23:46:22 +0200] "GET /public/.env HTTP/1.1" 404 209 "-" "Mozilla/5.0 (Windows NT 10.0; Win64; x64) AppleWebKit/537.36 (KHTML, like Gecko) Chrome/136.0.0.0 Safari/537.36 (Silvy X Ran; +https://silvyxran.love; +https://silver.inc)"
152.42.235.126 - - [01/Aug/2026:23:46:22 +0200] "GET /src/.env HTTP/1.1" 404 206 "-" "Mozilla/5.0 (Windows NT 10.0; Win64; x64) AppleWebKit/537.36 (KHTML, like Gecko) Chrome/136.0.0.0 Safari/537.36 (Silvy X Ran; +https://silvyxran.love; +https://silver.inc)"
144.31.143.114 - - [01/Aug/2026:23:46:22 +0200] "GET /wp-config.php.old HTTP/1.1" 302 231 "-" "Mozilla/5.0 (Windows NT 10.0; Win64; x64) AppleWebKit/537.36 (KHTML, like Gecko) Chrome/136.0.0.0 Safari/537.36 (Silvy X Ran; +https://silvyxran.love; +https://silver.inc)"
139.59.102.20 - - [01/Aug/2026:23:46:22 +0200] "GET /app/.env HTTP/1.1" 404 206 "-" "Mozilla/5.0 (Windows NT 10.0; Win64; x64) AppleWebKit/537.36 (KHTML, like Gecko) Chrome/136.0.0.0 Safari/537.36 (Silvy X Ran; +https://silvyxran.love; +https://silver.inc)"
138.124.103.234 - - [01/Aug/2026:23:46:22 +0200] "GET /config.py HTTP/1.1" 404 207 "-" "Mozilla/5.0 (Windows NT 10.0; Win64; x64) AppleWebKit/537.36 (KHTML, like Gecko) Chrome/136.0.0.0 Safari/537.36 (Silvy X Ran; +https://silvyxran.love; +https://silver.inc)"
78.189.24.202 - - [01/Aug/2026:23:46:22 +0200] "GET /credentials.json HTTP/1.1" 404 214 "-" "Mozilla/5.0 (Windows NT 10.0; Win64; x64) AppleWebKit/537.36 (KHTML, like Gecko) Chrome/136.0.0.0 Safari/537.36 (Silvy X Ran; +https://silvyxran.love; +https://silver.inc)"
168.110.218.47 - - [01/Aug/2026:23:46:22 +0200] "GET /.envrc HTTP/1.1" 404 204 "-" "Mozilla/5.0 (Windows NT 10.0; Win64; x64) AppleWebKit/537.36 (KHTML, like Gecko) Chrome/136.0.0.0 Safari/537.36 (Silvy X Ran; +https://silvyxran.love; +https://silver.inc)"
147.45.240.150 - - [01/Aug/2026:23:46:22 +0200] "GET /wp-config.php~ HTTP/1.1" 404 212 "-" "Mozilla/5.0 (Windows NT 10.0; Win64; x64) AppleWebKit/537.36 (KHTML, like Gecko) Chrome/136.0.0.0 Safari/537.36 (Silvy X Ran; +https://silvyxran.love; +https://silver.inc)"
143.198.85.89 - - [01/Aug/2026:23:46:22 +0200] "GET /app/.env HTTP/1.1" 404 206 "-" "Mozilla/5.0 (Windows NT 10.0; Win64; x64) AppleWebKit/537.36 (KHTML, like Gecko) Chrome/136.0.0.0 Safari/537.36 (Silvy X Ran; +https://silvyxran.love; +https://silver.inc)"
144.31.143.114 - - [01/Aug/2026:23:46:22 +0200] "GET /wp-config.php.save HTTP/1.1" 302 232 "-" "Mozilla/5.0 (Windows NT 10.0; Win64; x64) AppleWebKit/537.36 (KHTML, like Gecko) Chrome/136.0.0.0 Safari/537.36 (Silvy X Ran; +https://silvyxran.love; +https://silver.inc)"
138.124.103.234 - - [01/Aug/2026:23:46:22 +0200] "GET /secrets.py HTTP/1.1" 404 208 "-" "Mozilla/5.0 (Windows NT 10.0; Win64; x64) AppleWebKit/537.36 (KHTML, like Gecko) Chrome/136.0.0.0 Safari/537.36 (Silvy X Ran; +https://silvyxran.love; +https://silver.inc)"
147.45.240.150 - - [01/Aug/2026:23:46:22 +0200] "GET /config/app.php HTTP/1.1" 404 212 "-" "Mozilla/5.0 (Windows NT 10.0; Win64; x64) AppleWebKit/537.36 (KHTML, like Gecko) Chrome/136.0.0.0 Safari/537.36 (Silvy X Ran; +https://silvyxran.love; +https://silver.inc)"
168.129.177.245 - - [01/Aug/2026:23:46:22 +0200] "GET /frontend/.env HTTP/1.1" 404 211 "-" "Mozilla/5.0 (Windows NT 10.0; Win64; x64) AppleWebKit/537.36 (KHTML, like Gecko) Chrome/136.0.0.0 Safari/537.36 (Silvy X Ran; +https://silvyxran.love; +https://silver.inc)"
144.24.123.141 - - [01/Aug/2026:23:46:22 +0200] "GET /web/.env HTTP/1.1" 404 206 "-" "Mozilla/5.0 (Windows NT 10.0; Win64; x64) AppleWebKit/537.36 (KHTML, like Gecko) Chrome/136.0.0.0 Safari/537.36 (Silvy X Ran; +https://silvyxran.love; +https://silver.inc)"
78.189.24.202 - - [01/Aug/2026:23:46:22 +0200] "GET /cdp_api_key.json HTTP/1.1" 404 214 "-" "Mozilla/5.0 (Windows NT 10.0; Win64; x64) AppleWebKit/537.36 (KHTML, like Gecko) Chrome/136.0.0.0 Safari/537.36 (Silvy X Ran; +https://silvyxran.love; +https://silver.inc)"
147.45.240.150 - - [01/Aug/2026:23:46:22 +0200] "GET /application.properties HTTP/1.1" 404 220 "-" "Mozilla/5.0 (Windows NT 10.0; Win64; x64) AppleWebKit/537.36 (KHTML, like Gecko) Chrome/136.0.0.0 Safari/537.36 (Silvy X Ran; +https://silvyxran.love; +https://silver.inc)"
144.31.143.114 - - [01/Aug/2026:23:46:22 +0200] "GET /wp-config.php.txt HTTP/1.1" 302 231 "-" "Mozilla/5.0 (Windows NT 10.0; Win64; x64) AppleWebKit/537.36 (KHTML, like Gecko) Chrome/136.0.0.0 Safari/537.36 (Silvy X Ran; +https://silvyxran.love; +https://silver.inc)"
161.118.169.38 - - [01/Aug/2026:23:46:22 +0200] "GET /private/.env HTTP/1.1" 404 210 "-" "Mozilla/5.0 (Windows NT 10.0; Win64; x64) AppleWebKit/537.36 (KHTML, like Gecko) Chrome/136.0.0.0 Safari/537.36 (Silvy X Ran; +https://silvyxran.love; +https://silver.inc)"
47.239.116.165 - - [01/Aug/2026:23:46:22 +0200] "GET /.env.example HTTP/1.1" 404 210 "-" "Mozilla/5.0 (Windows NT 10.0; Win64; x64) AppleWebKit/537.36 (KHTML, like Gecko) Chrome/136.0.0.0 Safari/537.36 (Silvy X Ran; +https://silvyxran.love; +https://silver.inc)"
138.124.103.234 - - [01/Aug/2026:23:46:22 +0200] "GET /config/secrets.yml HTTP/1.1" 404 216 "-" "Mozilla/5.0 (Windows NT 10.0; Win64; x64) AppleWebKit/537.36 (KHTML, like Gecko) Chrome/136.0.0.0 Safari/537.36 (Silvy X Ran; +https://silvyxran.love; +https://silver.inc)"
152.42.235.126 - - [01/Aug/2026:23:46:22 +0200] "GET /config/.env HTTP/1.1" 404 209 "-" "Mozilla/5.0 (Windows NT 10.0; Win64; x64) AppleWebKit/537.36 (KHTML, like Gecko) Chrome/136.0.0.0 Safari/537.36 (Silvy X Ran; +https://silvyxran.love; +https://silver.inc)"
147.45.240.150 - - [01/Aug/2026:23:46:22 +0200] "GET /application.yml HTTP/1.1" 404 213 "-" "Mozilla/5.0 (Windows NT 10.0; Win64; x64) AppleWebKit/537.36 (KHTML, like Gecko) Chrome/136.0.0.0 Safari/537.36 (Silvy X Ran; +https://silvyxran.love; +https://silver.inc)"
139.59.102.20 - - [01/Aug/2026:23:46:22 +0200] "GET /src/.env HTTP/1.1" 404 206 "-" "Mozilla/5.0 (Windows NT 10.0; Win64; x64) AppleWebKit/537.36 (KHTML, like Gecko) Chrome/136.0.0.0 Safari/537.36 (Silvy X Ran; +https://silvyxran.love; +https://silver.inc)"
144.31.143.114 - - [01/Aug/2026:23:46:23 +0200] "GET /wp-config.php~ HTTP/1.1" 302 228 "-" "Mozilla/5.0 (Windows NT 10.0; Win64; x64) AppleWebKit/537.36 (KHTML, like Gecko) Chrome/136.0.0.0 Safari/537.36 (Silvy X Ran; +https://silvyxran.love; +https://silver.inc)"
78.189.24.202 - - [01/Aug/2026:23:46:23 +0200] "GET /app.js HTTP/1.1" 404 204 "-" "Mozilla/5.0 (Windows NT 10.0; Win64; x64) AppleWebKit/537.36 (KHTML, like Gecko) Chrome/136.0.0.0 Safari/537.36 (Silvy X Ran; +https://silvyxran.love; +https://silver.inc)"
138.124.103.234 - - [01/Aug/2026:23:46:23 +0200] "GET /config/master.key HTTP/1.1" 404 215 "-" "Mozilla/5.0 (Windows NT 10.0; Win64; x64) AppleWebKit/537.36 (KHTML, like Gecko) Chrome/136.0.0.0 Safari/537.36 (Silvy X Ran; +https://silvyxran.love; +https://silver.inc)"
147.45.240.150 - - [01/Aug/2026:23:46:23 +0200] "GET /application.yaml HTTP/1.1" 404 214 "-" "Mozilla/5.0 (Windows NT 10.0; Win64; x64) AppleWebKit/537.36 (KHTML, like Gecko) Chrome/136.0.0.0 Safari/537.36 (Silvy X Ran; +https://silvyxran.love; +https://silver.inc)"
143.198.85.89 - - [01/Aug/2026:23:46:23 +0200] "GET /src/.env HTTP/1.1" 404 206 "-" "Mozilla/5.0 (Windows NT 10.0; Win64; x64) AppleWebKit/537.36 (KHTML, like Gecko) Chrome/136.0.0.0 Safari/537.36 (Silvy X Ran; +https://silvyxran.love; +https://silver.inc)"
168.110.218.47 - - [01/Aug/2026:23:46:23 +0200] "GET /.flaskenv HTTP/1.1" 404 207 "-" "Mozilla/5.0 (Windows NT 10.0; Win64; x64) AppleWebKit/537.36 (KHTML, like Gecko) Chrome/136.0.0.0 Safari/537.36 (Silvy X Ran; +https://silvyxran.love; +https://silver.inc)"
168.129.177.245 - - [01/Aug/2026:23:46:23 +0200] "GET /api/.env HTTP/1.1" 404 206 "-" "Mozilla/5.0 (Windows NT 10.0; Win64; x64) AppleWebKit/537.36 (KHTML, like Gecko) Chrome/136.0.0.0 Safari/537.36 (Silvy X Ran; +https://silvyxran.love; +https://silver.inc)"
144.24.123.141 - - [01/Aug/2026:23:46:23 +0200] "GET /public/.env HTTP/1.1" 404 209 "-" "Mozilla/5.0 (Windows NT 10.0; Win64; x64) AppleWebKit/537.36 (KHTML, like Gecko) Chrome/136.0.0.0 Safari/537.36 (Silvy X Ran; +https://silvyxran.love; +https://silver.inc)"
87.58.197.201 - - [01/Aug/2026:23:46:23 +0200] "GET / HTTP/1.1" 200 12772 "-" "Mozilla/5.0 (Macintosh; Intel Mac OS X 10_15_7) AppleWebKit/537.36 (KHTML, like Gecko) Chrome/124.0.0.0 Safari/537.36"
144.31.143.114 - - [01/Aug/2026:23:46:23 +0200] "GET /config/app.php HTTP/1.1" 302 228 "-" "Mozilla/5.0 (Windows NT 10.0; Win64; x64) AppleWebKit/537.36 (KHTML, like Gecko) Chrome/136.0.0.0 Safari/537.36 (Silvy X Ran; +https://silvyxran.love; +https://silver.inc)"
147.45.240.150 - - [01/Aug/2026:23:46:23 +0200] "GET /application-dev.properties HTTP/1.1" 404 224 "-" "Mozilla/5.0 (Windows NT 10.0; Win64; x64) AppleWebKit/537.36 (KHTML, like Gecko) Chrome/136.0.0.0 Safari/537.36 (Silvy X Ran; +https://silvyxran.love; +https://silver.inc)"
161.118.169.38 - - [01/Aug/2026:23:46:23 +0200] "GET /var/.env HTTP/1.1" 404 206 "-" "Mozilla/5.0 (Windows NT 10.0; Win64; x64) AppleWebKit/537.36 (KHTML, like Gecko) Chrome/136.0.0.0 Safari/537.36 (Silvy X Ran; +https://silvyxran.love; +https://silver.inc)"
138.124.103.234 - - [01/Aug/2026:23:46:23 +0200] "GET /wp-config.php.bak HTTP/1.1" 404 215 "-" "Mozilla/5.0 (Windows NT 10.0; Win64; x64) AppleWebKit/537.36 (KHTML, like Gecko) Chrome/136.0.0.0 Safari/537.36 (Silvy X Ran; +https://silvyxran.love; +https://silver.inc)"
78.189.24.202 - - [01/Aug/2026:23:46:23 +0200] "GET /main.js HTTP/1.1" 404 205 "-" "Mozilla/5.0 (Windows NT 10.0; Win64; x64) AppleWebKit/537.36 (KHTML, like Gecko) Chrome/136.0.0.0 Safari/537.36 (Silvy X Ran; +https://silvyxran.love; +https://silver.inc)"
147.45.240.150 - - [01/Aug/2026:23:46:23 +0200] "GET /application-prod.properties HTTP/1.1" 404 225 "-" "Mozilla/5.0 (Windows NT 10.0; Win64; x64) AppleWebKit/537.36 (KHTML, like Gecko) Chrome/136.0.0.0 Safari/537.36 (Silvy X Ran; +https://silvyxran.love; +https://silver.inc)"
144.31.143.114 - - [01/Aug/2026:23:46:23 +0200] "GET /application.properties HTTP/1.1" 302 236 "-" "Mozilla/5.0 (Windows NT 10.0; Win64; x64) AppleWebKit/537.36 (KHTML, like Gecko) Chrome/136.0.0.0 Safari/537.36 (Silvy X Ran; +https://silvyxran.love; +https://silver.inc)"
154.28.229.67 - - [01/Aug/2026:23:46:21 +0200] "GET / HTTP/1.1" 200 12571 "-" "Mozilla/5.0 (X11; Linux x86_64) AppleWebKit/537.36 (KHTML, like Gecko) Chrome/130.0.0.0 Safari/537.36"
152.42.235.126 - - [01/Aug/2026:23:46:23 +0200] "GET /backend/.env HTTP/1.1" 404 210 "-" "Mozilla/5.0 (Windows NT 10.0; Win64; x64) AppleWebKit/537.36 (KHTML, like Gecko) Chrome/136.0.0.0 Safari/537.36 (Silvy X Ran; +https://silvyxran.love; +https://silver.inc)"
138.124.103.234 - - [01/Aug/2026:23:46:23 +0200] "GET /wp-config.php.old HTTP/1.1" 404 215 "-" "Mozilla/5.0 (Windows NT 10.0; Win64; x64) AppleWebKit/537.36 (KHTML, like Gecko) Chrome/136.0.0.0 Safari/537.36 (Silvy X Ran; +https://silvyxran.love; +https://silver.inc)"
147.45.240.150 - - [01/Aug/2026:23:46:23 +0200] "GET /appsettings.json HTTP/1.1" 404 214 "-" "Mozilla/5.0 (Windows NT 10.0; Win64; x64) AppleWebKit/537.36 (KHTML, like Gecko) Chrome/136.0.0.0 Safari/537.36 (Silvy X Ran; +https://silvyxran.love; +https://silver.inc)"
87.58.197.201 - - [01/Aug/2026:23:46:23 +0200] "GET / HTTP/1.1" 200 1757 "-" "Mozilla/5.0 (Macintosh; Intel Mac OS X 10_15_7) AppleWebKit/537.36 (KHTML, like Gecko) Chrome/124.0.0.0 Safari/537.36"
87.58.197.201 - - [01/Aug/2026:23:46:23 +0200] "GET / HTTP/1.1" 200 1757 "-" "Mozilla/5.0 (Macintosh; Intel Mac OS X 10_15_7) AppleWebKit/537.36 (KHTML, like Gecko) Chrome/124.0.0.0 Safari/537.36"
139.59.102.20 - - [01/Aug/2026:23:46:23 +0200] "GET /config/.env HTTP/1.1" 404 209 "-" "Mozilla/5.0 (Windows NT 10.0; Win64; x64) AppleWebKit/537.36 (KHTML, like Gecko) Chrome/136.0.0.0 Safari/537.36 (Silvy X Ran; +https://silvyxran.love; +https://silver.inc)"
47.239.116.165 - - [01/Aug/2026:23:46:23 +0200] "GET /.env.sample HTTP/1.1" 404 209 "-" "Mozilla/5.0 (Windows NT 10.0; Win64; x64) AppleWebKit/537.36 (KHTML, like Gecko) Chrome/136.0.0.0 Safari/537.36 (Silvy X Ran; +https://silvyxran.love; +https://silver.inc)"
144.31.143.114 - - [01/Aug/2026:23:46:23 +0200] "GET /application.yml HTTP/1.1" 302 229 "-" "Mozilla/5.0 (Windows NT 10.0; Win64; x64) AppleWebKit/537.36 (KHTML, like Gecko) Chrome/136.0.0.0 Safari/537.36 (Silvy X Ran; +https://silvyxran.love; +https://silver.inc)"
168.129.177.245 - - [01/Aug/2026:23:46:23 +0200] "GET /server/.env HTTP/1.1" 404 209 "-" "Mozilla/5.0 (Windows NT 10.0; Win64; x64) AppleWebKit/537.36 (KHTML, like Gecko) Chrome/136.0.0.0 Safari/537.36 (Silvy X Ran; +https://silvyxran.love; +https://silver.inc)"
78.189.24.202 - - [01/Aug/2026:23:46:23 +0200] "GET /index.js HTTP/1.1" 404 206 "-" "Mozilla/5.0 (Windows NT 10.0; Win64; x64) AppleWebKit/537.36 (KHTML, like Gecko) Chrome/136.0.0.0 Safari/537.36 (Silvy X Ran; +https://silvyxran.love; +https://silver.inc)"
143.198.85.89 - - [01/Aug/2026:23:46:23 +0200] "GET /config/.env HTTP/1.1" 404 209 "-" "Mozilla/5.0 (Windows NT 10.0; Win64; x64) AppleWebKit/537.36 (KHTML, like Gecko) Chrome/136.0.0.0 Safari/537.36 (Silvy X Ran; +https://silvyxran.love; +https://silver.inc)"
147.45.240.150 - - [01/Aug/2026:23:46:23 +0200] "GET /appsettings.Development.json HTTP/1.1" 404 226 "-" "Mozilla/5.0 (Windows NT 10.0; Win64; x64) AppleWebKit/537.36 (KHTML, like Gecko) Chrome/136.0.0.0 Safari/537.36 (Silvy X Ran; +https://silvyxran.love; +https://silver.inc)"
161.118.169.38 - - [01/Aug/2026:23:46:23 +0200] "GET /docker-compose.yml HTTP/1.1" 404 216 "-" "Mozilla/5.0 (Windows NT 10.0; Win64; x64) AppleWebKit/537.36 (KHTML, like Gecko) Chrome/136.0.0.0 Safari/537.36 (Silvy X Ran; +https://silvyxran.love; +https://silver.inc)"
144.24.123.141 - - [01/Aug/2026:23:46:23 +0200] "GET /private/.env HTTP/1.1" 404 210 "-" "Mozilla/5.0 (Windows NT 10.0; Win64; x64) AppleWebKit/537.36 (KHTML, like Gecko) Chrome/136.0.0.0 Safari/537.36 (Silvy X Ran; +https://silvyxran.love; +https://silver.inc)"
168.110.218.47 - - [01/Aug/2026:23:46:23 +0200] "GET /env HTTP/1.1" 404 201 "-" "Mozilla/5.0 (Windows NT 10.0; Win64; x64) AppleWebKit/537.36 (KHTML, like Gecko) Chrome/136.0.0.0 Safari/537.36 (Silvy X Ran; +https://silvyxran.love; +https://silver.inc)"
144.31.143.114 - - [01/Aug/2026:23:46:23 +0200] "GET /application.yaml HTTP/1.1" 302 230 "-" "Mozilla/5.0 (Windows NT 10.0; Win64; x64) AppleWebKit/537.36 (KHTML, like Gecko) Chrome/136.0.0.0 Safari/537.36 (Silvy X Ran; +https://silvyxran.love; +https://silver.inc)"
147.45.240.150 - - [01/Aug/2026:23:46:23 +0200] "GET /appsettings.Production.json HTTP/1.1" 404 225 "-" "Mozilla/5.0 (Windows NT 10.0; Win64; x64) AppleWebKit/537.36 (KHTML, like Gecko) Chrome/136.0.0.0 Safari/537.36 (Silvy X Ran; +https://silvyxran.love; +https://silver.inc)"
138.124.103.234 - - [01/Aug/2026:23:46:23 +0200] "GET /wp-config.php.save HTTP/1.1" 404 216 "-" "Mozilla/5.0 (Windows NT 10.0; Win64; x64) AppleWebKit/537.36 (KHTML, like Gecko) Chrome/136.0.0.0 Safari/537.36 (Silvy X Ran; +https://silvyxran.love; +https://silver.inc)"
147.45.240.150 - - [01/Aug/2026:23:46:23 +0200] "GET /config.yaml HTTP/1.1" 404 209 "-" "Mozilla/5.0 (Windows NT 10.0; Win64; x64) AppleWebKit/537.36 (KHTML, like Gecko) Chrome/136.0.0.0 Safari/537.36 (Silvy X Ran; +https://silvyxran.love; +https://silver.inc)"
78.189.24.202 - - [01/Aug/2026:23:46:23 +0200] "GET /server.js HTTP/1.1" 404 207 "-" "Mozilla/5.0 (Windows NT 10.0; Win64; x64) AppleWebKit/537.36 (KHTML, like Gecko) Chrome/136.0.0.0 Safari/537.36 (Silvy X Ran; +https://silvyxran.love; +https://silver.inc)"
144.31.143.114 - - [01/Aug/2026:23:46:23 +0200] "GET /application-dev.properties HTTP/1.1" 302 240 "-" "Mozilla/5.0 (Windows NT 10.0; Win64; x64) AppleWebKit/537.36 (KHTML, like Gecko) Chrome/136.0.0.0 Safari/537.36 (Silvy X Ran; +https://silvyxran.love; +https://silver.inc)"
152.42.235.126 - - [01/Aug/2026:23:46:23 +0200] "GET /frontend/.env HTTP/1.1" 404 211 "-" "Mozilla/5.0 (Windows NT 10.0; Win64; x64) AppleWebKit/537.36 (KHTML, like Gecko) Chrome/136.0.0.0 Safari/537.36 (Silvy X Ran; +https://silvyxran.love; +https://silver.inc)"
138.124.103.234 - - [01/Aug/2026:23:46:23 +0200] "GET /wp-config.php.txt HTTP/1.1" 404 215 "-" "Mozilla/5.0 (Windows NT 10.0; Win64; x64) AppleWebKit/537.36 (KHTML, like Gecko) Chrome/136.0.0.0 Safari/537.36 (Silvy X Ran; +https://silvyxran.love; +https://silver.inc)"
139.59.102.20 - - [01/Aug/2026:23:46:23 +0200] "GET /backend/.env HTTP/1.1" 404 210 "-" "Mozilla/5.0 (Windows NT 10.0; Win64; x64) AppleWebKit/537.36 (KHTML, like Gecko) Chrome/136.0.0.0 Safari/537.36 (Silvy X Ran; +https://silvyxran.love; +https://silver.inc)"
147.45.240.150 - - [01/Aug/2026:23:46:23 +0200] "GET /config.yml HTTP/1.1" 404 208 "-" "Mozilla/5.0 (Windows NT 10.0; Win64; x64) AppleWebKit/537.36 (KHTML, like Gecko) Chrome/136.0.0.0 Safari/537.36 (Silvy X Ran; +https://silvyxran.love; +https://silver.inc)"
161.118.169.38 - - [01/Aug/2026:23:46:23 +0200] "GET /docker-compose.yaml HTTP/1.1" 404 217 "-" "Mozilla/5.0 (Windows NT 10.0; Win64; x64) AppleWebKit/537.36 (KHTML, like Gecko) Chrome/136.0.0.0 Safari/537.36 (Silvy X Ran; +https://silvyxran.love; +https://silver.inc)"
144.24.123.141 - - [01/Aug/2026:23:46:23 +0200] "GET /var/.env HTTP/1.1" 404 206 "-" "Mozilla/5.0 (Windows NT 10.0; Win64; x64) AppleWebKit/537.36 (KHTML, like Gecko) Chrome/136.0.0.0 Safari/537.36 (Silvy X Ran; +https://silvyxran.love; +https://silver.inc)"
168.129.177.245 - - [01/Aug/2026:23:46:23 +0200] "GET /client/.env HTTP/1.1" 404 209 "-" "Mozilla/5.0 (Windows NT 10.0; Win64; x64) AppleWebKit/537.36 (KHTML, like Gecko) Chrome/136.0.0.0 Safari/537.36 (Silvy X Ran; +https://silvyxran.love; +https://silver.inc)"
47.239.116.165 - - [01/Aug/2026:23:46:23 +0200] "GET /.env.dist HTTP/1.1" 404 207 "-" "Mozilla/5.0 (Windows NT 10.0; Win64; x64) AppleWebKit/537.36 (KHTML, like Gecko) Chrome/136.0.0.0 Safari/537.36 (Silvy X Ran; +https://silvyxran.love; +https://silver.inc)"
87.58.197.201 - - [01/Aug/2026:23:46:23 +0200] "GET / HTTP/1.1" 200 8549 "-" "Mozilla/5.0 (Macintosh; Intel Mac OS X 10_15_7) AppleWebKit/537.36 (KHTML, like Gecko) Chrome/124.0.0.0 Safari/537.36"
144.31.143.114 - - [01/Aug/2026:23:46:23 +0200] "GET /application-prod.properties HTTP/1.1" 302 241 "-" "Mozilla/5.0 (Windows NT 10.0; Win64; x64) AppleWebKit/537.36 (KHTML, like Gecko) Chrome/136.0.0.0 Safari/537.36 (Silvy X Ran; +https://silvyxran.love; +https://silver.inc)"
147.45.240.150 - - [01/Aug/2026:23:46:23 +0200] "GET /config.toml HTTP/1.1" 404 209 "-" "Mozilla/5.0 (Windows NT 10.0; Win64; x64) AppleWebKit/537.36 (KHTML, like Gecko) Chrome/136.0.0.0 Safari/537.36 (Silvy X Ran; +https://silvyxran.love; +https://silver.inc)"
138.124.103.234 - - [01/Aug/2026:23:46:23 +0200] "GET /wp-config.php~ HTTP/1.1" 404 212 "-" "Mozilla/5.0 (Windows NT 10.0; Win64; x64) AppleWebKit/537.36 (KHTML, like Gecko) Chrome/136.0.0.0 Safari/537.36 (Silvy X Ran; +https://silvyxran.love; +https://silver.inc)"
78.189.24.202 - - [01/Aug/2026:23:46:23 +0200] "GET /bundle.js HTTP/1.1" 404 207 "-" "Mozilla/5.0 (Windows NT 10.0; Win64; x64) AppleWebKit/537.36 (KHTML, like Gecko) Chrome/136.0.0.0 Safari/537.36 (Silvy X Ran; +https://silvyxran.love; +https://silver.inc)"
103.196.9.44 - - [01/Aug/2026:23:46:23 +0200] "GET / HTTP/1.1" 200 991 "-" "Mozilla/5.0 (Macintosh; Intel Mac OS X 10_15_7) AppleWebKit/537.36 (KHTML, like Gecko) Chrome/130.0.0.0 Safari/537.36"
144.31.143.114 - - [01/Aug/2026:23:46:24 +0200] "GET /appsettings.json HTTP/1.1" 302 230 "-" "Mozilla/5.0 (Windows NT 10.0; Win64; x64) AppleWebKit/537.36 (KHTML, like Gecko) Chrome/136.0.0.0 Safari/537.36 (Silvy X Ran; +https://silvyxran.love; +https://silver.inc)"
168.110.218.47 - - [01/Aug/2026:23:46:24 +0200] "GET /env.js HTTP/1.1" 404 204 "-" "Mozilla/5.0 (Windows NT 10.0; Win64; x64) AppleWebKit/537.36 (KHTML, like Gecko) Chrome/136.0.0.0 Safari/537.36 (Silvy X Ran; +https://silvyxran.love; +https://silver.inc)"
147.45.240.150 - - [01/Aug/2026:23:46:24 +0200] "GET /serverless.yml HTTP/1.1" 404 212 "-" "Mozilla/5.0 (Windows NT 10.0; Win64; x64) AppleWebKit/537.36 (KHTML, like Gecko) Chrome/136.0.0.0 Safari/537.36 (Silvy X Ran; +https://silvyxran.love; +https://silver.inc)"
161.118.169.38 - - [01/Aug/2026:23:46:24 +0200] "GET /docker-compose.override.yml HTTP/1.1" 404 225 "-" "Mozilla/5.0 (Windows NT 10.0; Win64; x64) AppleWebKit/537.36 (KHTML, like Gecko) Chrome/136.0.0.0 Safari/537.36 (Silvy X Ran; +https://silvyxran.love; +https://silver.inc)"
138.124.103.234 - - [01/Aug/2026:23:46:24 +0200] "GET /config/app.php HTTP/1.1" 404 212 "-" "Mozilla/5.0 (Windows NT 10.0; Win64; x64) AppleWebKit/537.36 (KHTML, like Gecko) Chrome/136.0.0.0 Safari/537.36 (Silvy X Ran; +https://silvyxran.love; +https://silver.inc)"
144.24.123.141 - - [01/Aug/2026:23:46:24 +0200] "GET /docker-compose.yml HTTP/1.1" 404 216 "-" "Mozilla/5.0 (Windows NT 10.0; Win64; x64) AppleWebKit/537.36 (KHTML, like Gecko) Chrome/136.0.0.0 Safari/537.36 (Silvy X Ran; +https://silvyxran.love; +https://silver.inc)"
87.58.197.201 - - [01/Aug/2026:23:46:24 +0200] "GET / HTTP/1.1" 200 331 "-" "Mozilla/5.0 (Macintosh; Intel Mac OS X 10_15_7) AppleWebKit/537.36 (KHTML, like Gecko) Chrome/124.0.0.0 Safari/537.36"
78.189.24.202 - - [01/Aug/2026:23:46:24 +0200] "GET /app.bundle.js HTTP/1.1" 404 211 "-" "Mozilla/5.0 (Windows NT 10.0; Win64; x64) AppleWebKit/537.36 (KHTML, like Gecko) Chrome/136.0.0.0 Safari/537.36 (Silvy X Ran; +https://silvyxran.love; +https://silver.inc)"
168.129.177.245 - - [01/Aug/2026:23:46:24 +0200] "GET /web/.env HTTP/1.1" 404 206 "-" "Mozilla/5.0 (Windows NT 10.0; Win64; x64) AppleWebKit/537.36 (KHTML, like Gecko) Chrome/136.0.0.0 Safari/537.36 (Silvy X Ran; +https://silvyxran.love; +https://silver.inc)"
139.59.102.20 - - [01/Aug/2026:23:46:24 +0200] "GET /frontend/.env HTTP/1.1" 404 211 "-" "Mozilla/5.0 (Windows NT 10.0; Win64; x64) AppleWebKit/537.36 (KHTML, like Gecko) Chrome/136.0.0.0 Safari/537.36 (Silvy X Ran; +https://silvyxran.love; +https://silver.inc)"
144.31.143.114 - - [01/Aug/2026:23:46:24 +0200] "GET /appsettings.Development.json HTTP/1.1" 302 242 "-" "Mozilla/5.0 (Windows NT 10.0; Win64; x64) AppleWebKit/537.36 (KHTML, like Gecko) Chrome/136.0.0.0 Safari/537.36 (Silvy X Ran; +https://silvyxran.love; +https://silver.inc)"
104.164.126.62 - - [01/Aug/2026:23:46:19 +0200] "GET / HTTP/1.1" 200 6195 "-" "Mozilla/5.0 (X11; Linux x86_64) AppleWebKit/537.36 (KHTML, like Gecko) Chrome/130.0.0.0 Safari/537.36"
87.58.197.201 - - [01/Aug/2026:23:46:23 +0200] "GET / HTTP/1.1" 200 5603 "-" "Mozilla/5.0 (Macintosh; Intel Mac OS X 10_15_7) AppleWebKit/537.36 (KHTML, like Gecko) Chrome/124.0.0.0 Safari/537.36"
143.198.85.89 - - [01/Aug/2026:23:46:23 +0200] "GET /backend/.env HTTP/1.1" 404 210 "-" "Mozilla/5.0 (Windows NT 10.0; Win64; x64) AppleWebKit/537.36 (KHTML, like Gecko) Chrome/136.0.0.0 Safari/537.36 (Silvy X Ran; +https://silvyxran.love; +https://silver.inc)"
152.42.235.126 - - [01/Aug/2026:23:46:24 +0200] "GET /api/.env HTTP/1.1" 404 206 "-" "Mozilla/5.0 (Windows NT 10.0; Win64; x64) AppleWebKit/537.36 (KHTML, like Gecko) Chrome/136.0.0.0 Safari/537.36 (Silvy X Ran; +https://silvyxran.love; +https://silver.inc)"
144.31.143.114 - - [01/Aug/2026:23:46:24 +0200] "GET /appsettings.Production.json HTTP/1.1" 302 241 "-" "Mozilla/5.0 (Windows NT 10.0; Win64; x64) AppleWebKit/537.36 (KHTML, like Gecko) Chrome/136.0.0.0 Safari/537.36 (Silvy X Ran; +https://silvyxran.love; +https://silver.inc)"
161.118.169.38 - - [01/Aug/2026:23:46:24 +0200] "GET /docker-compose.dev.yml HTTP/1.1" 404 220 "-" "Mozilla/5.0 (Windows NT 10.0; Win64; x64) AppleWebKit/537.36 (KHTML, like Gecko) Chrome/136.0.0.0 Safari/537.36 (Silvy X Ran; +https://silvyxran.love; +https://silver.inc)"
144.24.123.141 - - [01/Aug/2026:23:46:24 +0200] "GET /docker-compose.yaml HTTP/1.1" 404 217 "-" "Mozilla/5.0 (Windows NT 10.0; Win64; x64) AppleWebKit/537.36 (KHTML, like Gecko) Chrome/136.0.0.0 Safari/537.36 (Silvy X Ran; +https://silvyxran.love; +https://silver.inc)"
103.4.251.178 - - [01/Aug/2026:23:46:24 +0200] "GET / HTTP/1.1" 200 1740 "-" "Mozilla/5.0 (Windows NT 10.0; Win64; x64) AppleWebKit/537.36 (KHTML, like Gecko) Chrome/130.0.0.0 Safari/537.36"
104.164.173.38 - - [01/Aug/2026:23:46:19 +0200] "GET / HTTP/1.1" 200 6161 "-" "Mozilla/5.0 (X11; Linux x86_64) AppleWebKit/537.36 (KHTML, like Gecko) Chrome/130.0.0.0 Safari/537.36"
104.164.173.38 - - [01/Aug/2026:23:46:24 +0200] "GET / HTTP/1.1" 200 331 "-" "Mozilla/5.0 (Macintosh; Intel Mac OS X 10_15_7) AppleWebKit/537.36 (KHTML, like Gecko) Chrome/131.0.0.0 Safari/537.36"
144.31.143.114 - - [01/Aug/2026:23:46:24 +0200] "GET /config.yaml HTTP/1.1" 302 225 "-" "Mozilla/5.0 (Windows NT 10.0; Win64; x64) AppleWebKit/537.36 (KHTML, like Gecko) Chrome/136.0.0.0 Safari/537.36 (Silvy X Ran; +https://silvyxran.love; +https://silver.inc)"
168.129.177.245 - - [01/Aug/2026:23:46:24 +0200] "GET /public/.env HTTP/1.1" 404 209 "-" "Mozilla/5.0 (Windows NT 10.0; Win64; x64) AppleWebKit/537.36 (KHTML, like Gecko) Chrome/136.0.0.0 Safari/537.36 (Silvy X Ran; +https://silvyxran.love; +https://silver.inc)"
138.124.103.234 - - [01/Aug/2026:23:46:24 +0200] "GET /application.properties HTTP/1.1" 404 220 "-" "Mozilla/5.0 (Windows NT 10.0; Win64; x64) AppleWebKit/537.36 (KHTML, like Gecko) Chrome/136.0.0.0 Safari/537.36 (Silvy X Ran; +https://silvyxran.love; +https://silver.inc)"
139.59.102.20 - - [01/Aug/2026:23:46:24 +0200] "GET /api/.env HTTP/1.1" 404 206 "-" "Mozilla/5.0 (Windows NT 10.0; Win64; x64) AppleWebKit/537.36 (KHTML, like Gecko) Chrome/136.0.0.0 Safari/537.36 (Silvy X Ran; +https://silvyxran.love; +https://silver.inc)"
87.58.197.201 - - [01/Aug/2026:23:46:24 +0200] "GET / HTTP/1.1" 200 991 "-" "Mozilla/5.0 (Macintosh; Intel Mac OS X 10_15_7) AppleWebKit/537.36 (KHTML, like Gecko) Chrome/124.0.0.0 Safari/537.36"
87.58.197.201 - - [01/Aug/2026:23:46:24 +0200] "GET / HTTP/1.1" 302 - "-" "Mozilla/5.0 (Macintosh; Intel Mac OS X 10_15_7) AppleWebKit/537.36 (KHTML, like Gecko) Chrome/124.0.0.0 Safari/537.36"
87.58.197.201 - - [01/Aug/2026:23:46:24 +0200] "GET / HTTP/1.1" 200 1757 "-" "Mozilla/5.0 (Macintosh; Intel Mac OS X 10_15_7) AppleWebKit/537.36 (KHTML, like Gecko) Chrome/124.0.0.0 Safari/537.36"
144.31.143.114 - - [01/Aug/2026:23:46:24 +0200] "GET /config.yml HTTP/1.1" 302 224 "-" "Mozilla/5.0 (Windows NT 10.0; Win64; x64) AppleWebKit/537.36 (KHTML, like Gecko) Chrome/136.0.0.0 Safari/537.36 (Silvy X Ran; +https://silvyxran.love; +https://silver.inc)"
143.198.85.89 - - [01/Aug/2026:23:46:24 +0200] "GET /frontend/.env HTTP/1.1" 404 211 "-" "Mozilla/5.0 (Windows NT 10.0; Win64; x64) AppleWebKit/537.36 (KHTML, like Gecko) Chrome/136.0.0.0 Safari/537.36 (Silvy X Ran; +https://silvyxran.love; +https://silver.inc)"
152.42.235.126 - - [01/Aug/2026:23:46:24 +0200] "GET /server/.env HTTP/1.1" 404 209 "-" "Mozilla/5.0 (Windows NT 10.0; Win64; x64) AppleWebKit/537.36 (KHTML, like Gecko) Chrome/136.0.0.0 Safari/537.36 (Silvy X Ran; +https://silvyxran.love; +https://silver.inc)"
104.164.173.223 - - [01/Aug/2026:23:46:24 +0200] "GET / HTTP/1.1" 302 203 "-" "Mozilla/5.0 (Macintosh; Intel Mac OS X 10_15_7) AppleWebKit/537.36 (KHTML, like Gecko) Chrome/130.0.0.0 Safari/537.36"
161.118.169.38 - - [01/Aug/2026:23:46:24 +0200] "GET /docker-compose.prod.yml HTTP/1.1" 404 221 "-" "Mozilla/5.0 (Windows NT 10.0; Win64; x64) AppleWebKit/537.36 (KHTML, like Gecko) Chrome/136.0.0.0 Safari/537.36 (Silvy X Ran; +https://silvyxran.love; +https://silver.inc)"
87.58.197.201 - - [01/Aug/2026:23:46:24 +0200] "GET /calendar.php HTTP/1.1" 302 674 "https://mamcal.mamweb.at" "Mozilla/5.0 (Macintosh; Intel Mac OS X 10_15_7) AppleWebKit/537.36 (KHTML, like Gecko) Chrome/124.0.0.0 Safari/537.36"
144.24.123.141 - - [01/Aug/2026:23:46:24 +0200] "GET /docker-compose.override.yml HTTP/1.1" 404 225 "-" "Mozilla/5.0 (Windows NT 10.0; Win64; x64) AppleWebKit/537.36 (KHTML, like Gecko) Chrome/136.0.0.0 Safari/537.36 (Silvy X Ran; +https://silvyxran.love; +https://silver.inc)"
138.124.103.234 - - [01/Aug/2026:23:46:24 +0200] "GET /application.yml HTTP/1.1" 404 213 "-" "Mozilla/5.0 (Windows NT 10.0; Win64; x64) AppleWebKit/537.36 (KHTML, like Gecko) Chrome/136.0.0.0 Safari/537.36 (Silvy X Ran; +https://silvyxran.love; +https://silver.inc)"
144.31.143.114 - - [01/Aug/2026:23:46:24 +0200] "GET /config.toml HTTP/1.1" 302 225 "-" "Mozilla/5.0 (Windows NT 10.0; Win64; x64) AppleWebKit/537.36 (KHTML, like Gecko) Chrome/136.0.0.0 Safari/537.36 (Silvy X Ran; +https://silvyxran.love; +https://silver.inc)"
138.124.103.234 - - [01/Aug/2026:23:46:25 +0200] "GET /application.yaml HTTP/1.1" 404 214 "-" "Mozilla/5.0 (Windows NT 10.0; Win64; x64) AppleWebKit/537.36 (KHTML, like Gecko) Chrome/136.0.0.0 Safari/537.36 (Silvy X Ran; +https://silvyxran.love; +https://silver.inc)"
168.129.177.245 - - [01/Aug/2026:23:46:25 +0200] "GET /private/.env HTTP/1.1" 404 210 "-" "Mozilla/5.0 (Windows NT 10.0; Win64; x64) AppleWebKit/537.36 (KHTML, like Gecko) Chrome/136.0.0.0 Safari/537.36 (Silvy X Ran; +https://silvyxran.love; +https://silver.inc)"
168.110.218.47 - - [01/Aug/2026:23:46:24 +0200] "GET /env.json HTTP/1.1" 404 206 "-" "Mozilla/5.0 (Windows NT 10.0; Win64; x64) AppleWebKit/537.36 (KHTML, like Gecko) Chrome/136.0.0.0 Safari/537.36 (Silvy X Ran; +https://silvyxran.love; +https://silver.inc)"
144.31.143.114 - - [01/Aug/2026:23:46:25 +0200] "GET /serverless.yml HTTP/1.1" 302 228 "-" "Mozilla/5.0 (Windows NT 10.0; Win64; x64) AppleWebKit/537.36 (KHTML, like Gecko) Chrome/136.0.0.0 Safari/537.36 (Silvy X Ran; +https://silvyxran.love; +https://silver.inc)"
139.59.102.20 - - [01/Aug/2026:23:46:25 +0200] "GET /server/.env HTTP/1.1" 404 209 "-" "Mozilla/5.0 (Windows NT 10.0; Win64; x64) AppleWebKit/537.36 (KHTML, like Gecko) Chrome/136.0.0.0 Safari/537.36 (Silvy X Ran; +https://silvyxran.love; +https://silver.inc)"
161.118.169.38 - - [01/Aug/2026:23:46:25 +0200] "GET /config.js HTTP/1.1" 404 207 "-" "Mozilla/5.0 (Windows NT 10.0; Win64; x64) AppleWebKit/537.36 (KHTML, like Gecko) Chrome/136.0.0.0 Safari/537.36 (Silvy X Ran; +https://silvyxran.love; +https://silver.inc)"
144.24.123.141 - - [01/Aug/2026:23:46:25 +0200] "GET /docker-compose.dev.yml HTTP/1.1" 404 220 "-" "Mozilla/5.0 (Windows NT 10.0; Win64; x64) AppleWebKit/537.36 (KHTML, like Gecko) Chrome/136.0.0.0 Safari/537.36 (Silvy X Ran; +https://silvyxran.love; +https://silver.inc)"
143.198.85.89 - - [01/Aug/2026:23:46:25 +0200] "GET /api/.env HTTP/1.1" 404 206 "-" "Mozilla/5.0 (Windows NT 10.0; Win64; x64) AppleWebKit/537.36 (KHTML, like Gecko) Chrome/136.0.0.0 Safari/537.36 (Silvy X Ran; +https://silvyxran.love; +https://silver.inc)"
138.124.103.234 - - [01/Aug/2026:23:46:25 +0200] "GET /application-dev.properties HTTP/1.1" 404 224 "-" "Mozilla/5.0 (Windows NT 10.0; Win64; x64) AppleWebKit/537.36 (KHTML, like Gecko) Chrome/136.0.0.0 Safari/537.36 (Silvy X Ran; +https://silvyxran.love; +https://silver.inc)"
87.58.197.201 - - [01/Aug/2026:23:46:25 +0200] "GET / HTTP/1.1" 200 323 "-" "Mozilla/5.0 (Macintosh; Intel Mac OS X 10_15_7) AppleWebKit/537.36 (KHTML, like Gecko) Chrome/124.0.0.0 Safari/537.36"
87.58.197.201 - - [01/Aug/2026:23:46:25 +0200] "GET / HTTP/1.1" 200 252 "-" "Mozilla/5.0 (Macintosh; Intel Mac OS X 10_15_7) AppleWebKit/537.36 (KHTML, like Gecko) Chrome/124.0.0.0 Safari/537.36"
152.42.235.126 - - [01/Aug/2026:23:46:25 +0200] "GET /client/.env HTTP/1.1" 404 209 "-" "Mozilla/5.0 (Windows NT 10.0; Win64; x64) AppleWebKit/537.36 (KHTML, like Gecko) Chrome/136.0.0.0 Safari/537.36 (Silvy X Ran; +https://silvyxran.love; +https://silver.inc)"
144.31.143.114 - - [01/Aug/2026:23:46:25 +0200] "GET /serverless.yaml HTTP/1.1" 302 229 "-" "Mozilla/5.0 (Windows NT 10.0; Win64; x64) AppleWebKit/537.36 (KHTML, like Gecko) Chrome/136.0.0.0 Safari/537.36 (Silvy X Ran; +https://silvyxran.love; +https://silver.inc)"
87.58.197.201 - - [01/Aug/2026:23:46:25 +0200] "GET / HTTP/1.1" 200 10919 "-" "Mozilla/5.0 (Macintosh; Intel Mac OS X 10_15_7) AppleWebKit/537.36 (KHTML, like Gecko) Chrome/124.0.0.0 Safari/537.36"
87.58.197.201 - - [01/Aug/2026:23:46:25 +0200] "GET / HTTP/1.1" 200 9226 "-" "Mozilla/5.0 (Macintosh; Intel Mac OS X 10_15_7) AppleWebKit/537.36 (KHTML, like Gecko) Chrome/124.0.0.0 Safari/537.36"
138.124.103.234 - - [01/Aug/2026:23:46:25 +0200] "GET /application-prod.properties HTTP/1.1" 404 225 "-" "Mozilla/5.0 (Windows NT 10.0; Win64; x64) AppleWebKit/537.36 (KHTML, like Gecko) Chrome/136.0.0.0 Safari/537.36 (Silvy X Ran; +https://silvyxran.love; +https://silver.inc)"
144.31.143.114 - - [01/Aug/2026:23:46:25 +0200] "GET /config/production.json HTTP/1.1" 302 236 "-" "Mozilla/5.0 (Windows NT 10.0; Win64; x64) AppleWebKit/537.36 (KHTML, like Gecko) Chrome/136.0.0.0 Safari/537.36 (Silvy X Ran; +https://silvyxran.love; +https://silver.inc)"
168.129.177.245 - - [01/Aug/2026:23:46:25 +0200] "GET /var/.env HTTP/1.1" 404 206 "-" "Mozilla/5.0 (Windows NT 10.0; Win64; x64) AppleWebKit/537.36 (KHTML, like Gecko) Chrome/136.0.0.0 Safari/537.36 (Silvy X Ran; +https://silvyxran.love; +https://silver.inc)"
87.58.197.201 - - [01/Aug/2026:23:46:25 +0200] "GET / HTTP/1.1" 302 319 "-" "Mozilla/5.0 (Macintosh; Intel Mac OS X 10_15_7) AppleWebKit/537.36 (KHTML, like Gecko) Chrome/124.0.0.0 Safari/537.36"
161.118.169.38 - - [01/Aug/2026:23:46:25 +0200] "GET /config.json HTTP/1.1" 404 209 "-" "Mozilla/5.0 (Windows NT 10.0; Win64; x64) AppleWebKit/537.36 (KHTML, like Gecko) Chrome/136.0.0.0 Safari/537.36 (Silvy X Ran; +https://silvyxran.love; +https://silver.inc)"
144.24.123.141 - - [01/Aug/2026:23:46:25 +0200] "GET /docker-compose.prod.yml HTTP/1.1" 404 221 "-" "Mozilla/5.0 (Windows NT 10.0; Win64; x64) AppleWebKit/537.36 (KHTML, like Gecko) Chrome/136.0.0.0 Safari/537.36 (Silvy X Ran; +https://silvyxran.love; +https://silver.inc)"
138.124.103.234 - - [01/Aug/2026:23:46:25 +0200] "GET /appsettings.json HTTP/1.1" 404 214 "-" "Mozilla/5.0 (Windows NT 10.0; Win64; x64) AppleWebKit/537.36 (KHTML, like Gecko) Chrome/136.0.0.0 Safari/537.36 (Silvy X Ran; +https://silvyxran.love; +https://silver.inc)"
87.58.197.201 - - [01/Aug/2026:23:46:25 +0200] "GET / HTTP/1.1" 200 18754 "-" "Mozilla/5.0 (Macintosh; Intel Mac OS X 10_15_7) AppleWebKit/537.36 (KHTML, like Gecko) Chrome/124.0.0.0 Safari/537.36"
104.164.126.28 - - [01/Aug/2026:23:46:19 +0200] "GET / HTTP/1.1" 200 18818 "-" "Mozilla/5.0 (Windows NT 10.0; Win64; x64) AppleWebKit/537.36 (KHTML, like Gecko) Chrome/131.0.0.0 Safari/537.36"
139.59.102.20 - - [01/Aug/2026:23:46:25 +0200] "GET /client/.env HTTP/1.1" 404 209 "-" "Mozilla/5.0 (Windows NT 10.0; Win64; x64) AppleWebKit/537.36 (KHTML, like Gecko) Chrome/136.0.0.0 Safari/537.36 (Silvy X Ran; +https://silvyxran.love; +https://silver.inc)"
144.31.143.114 - - [01/Aug/2026:23:46:25 +0200] "GET /config/development.json HTTP/1.1" 302 237 "-" "Mozilla/5.0 (Windows NT 10.0; Win64; x64) AppleWebKit/537.36 (KHTML, like Gecko) Chrome/136.0.0.0 Safari/537.36 (Silvy X Ran; +https://silvyxran.love; +https://silver.inc)"
168.110.218.47 - - [01/Aug/2026:23:46:25 +0200] "GET /app/.env HTTP/1.1" 404 206 "-" "Mozilla/5.0 (Windows NT 10.0; Win64; x64) AppleWebKit/537.36 (KHTML, like Gecko) Chrome/136.0.0.0 Safari/537.36 (Silvy X Ran; +https://silvyxran.love; +https://silver.inc)"
143.198.85.89 - - [01/Aug/2026:23:46:25 +0200] "GET /server/.env HTTP/1.1" 404 209 "-" "Mozilla/5.0 (Windows NT 10.0; Win64; x64) AppleWebKit/537.36 (KHTML, like Gecko) Chrome/136.0.0.0 Safari/537.36 (Silvy X Ran; +https://silvyxran.love; +https://silver.inc)"
87.58.197.202 - - [01/Aug/2026:23:46:25 +0200] "GET / HTTP/1.1" 302 - "-" "Mozilla/5.0 (Macintosh; Intel Mac OS X 10_15_7) AppleWebKit/537.36 (KHTML, like Gecko) Chrome/124.0.0.0 Safari/537.36"
87.58.197.202 - - [01/Aug/2026:23:46:25 +0200] "GET / HTTP/1.1" 200 8668 "-" "Mozilla/5.0 (Macintosh; Intel Mac OS X 10_15_7) AppleWebKit/537.36 (KHTML, like Gecko) Chrome/124.0.0.0 Safari/537.36"
152.42.235.126 - - [01/Aug/2026:23:46:25 +0200] "GET /web/.env HTTP/1.1" 404 206 "-" "Mozilla/5.0 (Windows NT 10.0; Win64; x64) AppleWebKit/537.36 (KHTML, like Gecko) Chrome/136.0.0.0 Safari/537.36 (Silvy X Ran; +https://silvyxran.love; +https://silver.inc)"
