85.215.251.124 - - [01/Aug/2026:23:10:43 +0200] "GET / HTTP/1.1" 503 299 "-" "SpiceworksAgentShell/0.1a"
2a01:239:24f:1e00::1 - - [01/Aug/2026:23:10:45 +0200] "GET / HTTP/1.1" 503 299 "-" "SpiceworksAgentShell/0.1a"
114.119.156.60 - - [01/Aug/2026:23:11:15 +0200] "GET /robots.txt HTTP/1.1" 503 299 "http://gridtip.mamweb.at/robots.txt" "Mozilla/5.0 (compatible;PetalBot;+https://webmaster.petalsearch.com/site/petalbot)"
85.215.251.124 - - [01/Aug/2026:23:11:43 +0200] "GET / HTTP/1.1" 503 299 "-" "SpiceworksAgentShell/0.1a"
2a01:239:24f:1e00::1 - - [01/Aug/2026:23:11:45 +0200] "GET / HTTP/1.1" 503 299 "-" "SpiceworksAgentShell/0.1a"
128.140.41.193 - - [01/Aug/2026:23:12:10 +0200] "GET / HTTP/1.1" 503 299 "http://www.mamweb.at" "Mozilla/5.0+(compatible; UptimeRobot/2.0; http://www.uptimerobot.com/)"
85.215.251.124 - - [01/Aug/2026:23:12:43 +0200] "GET / HTTP/1.1" 503 299 "-" "SpiceworksAgentShell/0.1a"
2a01:239:24f:1e00::1 - - [01/Aug/2026:23:12:45 +0200] "GET / HTTP/1.1" 503 299 "-" "SpiceworksAgentShell/0.1a"
23.251.47.34 - - [01/Aug/2026:23:12:58 +0200] "\xba\xbe\xf8\x02\"\xfe?N\xc1\xa7I\x0f&G)!id\xb9\xf2\x1ei8\x1c\xfd:\xb7\xc8\x07P\x06$5v\x1a\x9dz\xfc\xd4\xaaj\xe4B=8\xc0\x8f{\xa0\xe2t\xa1\x96\xe3\x03}|\xfc\xa8\x94\xf0;\x0c \xb0\xd7\xdfl\xb6\x8bF\xa4\x95\xe9\xc2r\x86\xba\xc8o\x80\xe5\xcc\xf63\\[9\xca\r\xa4wxEQ\xfb\\\xa9\xf0\xf6m\xa5\x8f\xfc\xba\xaaw\xf3]\x07\xd6\xe6P1\xfbP1\x03\xc9\xdc\x1b\x0c\xe9\xfa \x8e\xaf\xe1C" 400 226 "-" "-"
49.13.134.145 - - [01/Aug/2026:23:12:58 +0200] "GET / HTTP/1.1" 503 299 "http://gridtip.net" "Mozilla/5.0+(compatible; UptimeRobot/2.0; http://www.uptimerobot.com/)"
85.215.251.124 - - [01/Aug/2026:23:13:43 +0200] "GET / HTTP/1.1" 503 299 "-" "SpiceworksAgentShell/0.1a"
2a01:239:24f:1e00::1 - - [01/Aug/2026:23:13:45 +0200] "GET / HTTP/1.1" 503 299 "-" "SpiceworksAgentShell/0.1a"
85.215.251.124 - - [01/Aug/2026:23:14:43 +0200] "GET / HTTP/1.1" 503 299 "-" "SpiceworksAgentShell/0.1a"
2a01:239:24f:1e00::1 - - [01/Aug/2026:23:14:45 +0200] "GET / HTTP/1.1" 503 299 "-" "SpiceworksAgentShell/0.1a"
85.215.251.124 - - [01/Aug/2026:23:15:43 +0200] "GET / HTTP/1.1" 503 299 "-" "SpiceworksAgentShell/0.1a"
2a01:239:24f:1e00::1 - - [01/Aug/2026:23:15:45 +0200] "GET / HTTP/1.1" 503 299 "-" "SpiceworksAgentShell/0.1a"
85.215.251.124 - - [01/Aug/2026:23:16:43 +0200] "GET / HTTP/1.1" 503 299 "-" "SpiceworksAgentShell/0.1a"
2a01:239:24f:1e00::1 - - [01/Aug/2026:23:16:45 +0200] "GET / HTTP/1.1" 503 299 "-" "SpiceworksAgentShell/0.1a"
159.69.158.189 - - [01/Aug/2026:23:17:18 +0200] "GET / HTTP/1.1" 503 299 "http://www.mamweb.at" "Mozilla/5.0+(compatible; UptimeRobot/2.0; http://www.uptimerobot.com/)"
40.77.167.45 - - [01/Aug/2026:23:17:33 +0200] "GET /feeds/orf3.html HTTP/1.1" 503 299 "-" "Mozilla/5.0 AppleWebKit/537.36 (KHTML, like Gecko; compatible; bingbot/2.0; +http://www.bing.com/bingbot.htm) Chrome/116.0.1938.76 Safari/537.36"
85.215.251.124 - - [01/Aug/2026:23:17:43 +0200] "GET / HTTP/1.1" 503 299 "-" "SpiceworksAgentShell/0.1a"
2a01:239:24f:1e00::1 - - [01/Aug/2026:23:17:45 +0200] "GET / HTTP/1.1" 200 2794 "-" "SpiceworksAgentShell/0.1a"
157.90.156.63 - - [01/Aug/2026:23:18:15 +0200] "GET / HTTP/1.1" 200 1309 "http://gridtip.net" "Mozilla/5.0+(compatible; UptimeRobot/2.0; http://www.uptimerobot.com/)"
85.215.251.124 - - [01/Aug/2026:23:18:43 +0200] "GET / HTTP/1.1" 200 1309 "-" "SpiceworksAgentShell/0.1a"
2a01:239:24f:1e00::1 - - [01/Aug/2026:23:18:43 +0200] "GET / HTTP/1.1" 200 2794 "-" "SpiceworksAgentShell/0.1a"
85.215.251.124 - - [01/Aug/2026:23:19:43 +0200] "GET / HTTP/1.1" 200 1309 "-" "SpiceworksAgentShell/0.1a"
2a01:239:24f:1e00::1 - - [01/Aug/2026:23:19:43 +0200] "GET / HTTP/1.1" 200 2794 "-" "SpiceworksAgentShell/0.1a"
62.178.204.132 - - [01/Aug/2026:23:20:15 +0200] "GET / HTTP/1.1" 200 1309 "-" "Mozilla/5.0 (Windows NT 10.0; Win64; x64) AppleWebKit/537.36 (KHTML, like Gecko) Chrome/151.0.0.0 Safari/537.36"
62.178.204.132 - - [01/Aug/2026:23:20:15 +0200] "GET /gridtip.html HTTP/1.1" 200 1067 "https://gridtip.net/" "Mozilla/5.0 (Windows NT 10.0; Win64; x64) AppleWebKit/537.36 (KHTML, like Gecko) Chrome/151.0.0.0 Safari/537.36"
62.178.204.132 - - [01/Aug/2026:23:20:15 +0200] "GET /menu.php HTTP/1.1" 200 1323 "https://gridtip.net/" "Mozilla/5.0 (Windows NT 10.0; Win64; x64) AppleWebKit/537.36 (KHTML, like Gecko) Chrome/151.0.0.0 Safari/537.36"
62.178.204.132 - - [01/Aug/2026:23:20:16 +0200] "GET /header.php HTTP/1.1" 200 1923 "https://gridtip.net/gridtip.html" "Mozilla/5.0 (Windows NT 10.0; Win64; x64) AppleWebKit/537.36 (KHTML, like Gecko) Chrome/151.0.0.0 Safari/537.36"
62.178.204.132 - - [01/Aug/2026:23:20:16 +0200] "GET /shoutbox/style.css HTTP/1.1" 200 2040 "https://gridtip.net/gridtip.php" "Mozilla/5.0 (Windows NT 10.0; Win64; x64) AppleWebKit/537.36 (KHTML, like Gecko) Chrome/151.0.0.0 Safari/537.36"
62.178.204.132 - - [01/Aug/2026:23:20:16 +0200] "GET /images/home.png HTTP/1.1" 200 12894 "https://gridtip.net/gridtip.php" "Mozilla/5.0 (Windows NT 10.0; Win64; x64) AppleWebKit/537.36 (KHTML, like Gecko) Chrome/151.0.0.0 Safari/537.36"
62.178.204.132 - - [01/Aug/2026:23:20:16 +0200] "GET /gridtip.php HTTP/1.1" 200 25569 "https://gridtip.net/gridtip.html" "Mozilla/5.0 (Windows NT 10.0; Win64; x64) AppleWebKit/537.36 (KHTML, like Gecko) Chrome/151.0.0.0 Safari/537.36"
62.178.204.132 - - [01/Aug/2026:23:20:16 +0200] "GET /shoutbox/shout_button.jpg HTTP/1.1" 200 2117 "https://gridtip.net/shoutbox/style.css" "Mozilla/5.0 (Windows NT 10.0; Win64; x64) AppleWebKit/537.36 (KHTML, like Gecko) Chrome/151.0.0.0 Safari/537.36"
62.178.204.132 - - [01/Aug/2026:23:20:16 +0200] "GET /shoutbox/shouts.php HTTP/1.1" 200 1480 "https://gridtip.net/gridtip.php" "Mozilla/5.0 (Windows NT 10.0; Win64; x64) AppleWebKit/537.36 (KHTML, like Gecko) Chrome/151.0.0.0 Safari/537.36"
62.178.204.132 - - [01/Aug/2026:23:20:16 +0200] "GET /images/favicon-32x32.png HTTP/1.1" 200 786 "https://gridtip.net/" "Mozilla/5.0 (Windows NT 10.0; Win64; x64) AppleWebKit/537.36 (KHTML, like Gecko) Chrome/151.0.0.0 Safari/537.36"
62.178.204.132 - - [01/Aug/2026:23:20:32 +0200] "GET / HTTP/1.1" 200 1309 "-" "Mozilla/5.0 (Windows NT 10.0; Win64; x64) AppleWebKit/537.36 (KHTML, like Gecko) Chrome/150.0.0.0 Safari/537.36"
62.178.204.132 - - [01/Aug/2026:23:20:32 +0200] "GET /gridtip.html HTTP/1.1" 200 1067 "https://gridtip.net/" "Mozilla/5.0 (Windows NT 10.0; Win64; x64) AppleWebKit/537.36 (KHTML, like Gecko) Chrome/150.0.0.0 Safari/537.36"
62.178.204.132 - - [01/Aug/2026:23:20:32 +0200] "GET /menu.php HTTP/1.1" 200 1323 "https://gridtip.net/" "Mozilla/5.0 (Windows NT 10.0; Win64; x64) AppleWebKit/537.36 (KHTML, like Gecko) Chrome/150.0.0.0 Safari/537.36"
62.178.204.132 - - [01/Aug/2026:23:20:33 +0200] "GET /header.php HTTP/1.1" 200 1923 "https://gridtip.net/gridtip.html" "Mozilla/5.0 (Windows NT 10.0; Win64; x64) AppleWebKit/537.36 (KHTML, like Gecko) Chrome/150.0.0.0 Safari/537.36"
62.178.204.132 - - [01/Aug/2026:23:20:33 +0200] "GET /shoutbox/style.css HTTP/1.1" 200 2040 "https://gridtip.net/gridtip.php" "Mozilla/5.0 (Windows NT 10.0; Win64; x64) AppleWebKit/537.36 (KHTML, like Gecko) Chrome/150.0.0.0 Safari/537.36"
62.178.204.132 - - [01/Aug/2026:23:20:33 +0200] "GET /gridtip.php HTTP/1.1" 200 25569 "https://gridtip.net/gridtip.html" "Mozilla/5.0 (Windows NT 10.0; Win64; x64) AppleWebKit/537.36 (KHTML, like Gecko) Chrome/150.0.0.0 Safari/537.36"
62.178.204.132 - - [01/Aug/2026:23:20:33 +0200] "GET /images/home.png HTTP/1.1" 200 12894 "https://gridtip.net/gridtip.php" "Mozilla/5.0 (Windows NT 10.0; Win64; x64) AppleWebKit/537.36 (KHTML, like Gecko) Chrome/150.0.0.0 Safari/537.36"
62.178.204.132 - - [01/Aug/2026:23:20:33 +0200] "GET /shoutbox/shouts.php HTTP/1.1" 200 1480 "https://gridtip.net/gridtip.php" "Mozilla/5.0 (Windows NT 10.0; Win64; x64) AppleWebKit/537.36 (KHTML, like Gecko) Chrome/150.0.0.0 Safari/537.36"
62.178.204.132 - - [01/Aug/2026:23:20:33 +0200] "GET /shoutbox/shout_button.jpg HTTP/1.1" 200 2117 "https://gridtip.net/shoutbox/style.css" "Mozilla/5.0 (Windows NT 10.0; Win64; x64) AppleWebKit/537.36 (KHTML, like Gecko) Chrome/150.0.0.0 Safari/537.36"
62.178.204.132 - - [01/Aug/2026:23:20:34 +0200] "GET /images/favicon-32x32.png HTTP/1.1" 200 786 "https://gridtip.net/" "Mozilla/5.0 (Windows NT 10.0; Win64; x64) AppleWebKit/537.36 (KHTML, like Gecko) Chrome/150.0.0.0 Safari/537.36"
85.215.251.124 - - [01/Aug/2026:23:20:43 +0200] "GET / HTTP/1.1" 200 1309 "-" "SpiceworksAgentShell/0.1a"
2a01:239:24f:1e00::1 - - [01/Aug/2026:23:20:43 +0200] "GET / HTTP/1.1" 200 2794 "-" "SpiceworksAgentShell/0.1a"
62.178.204.132 - - [01/Aug/2026:23:20:56 +0200] "GET /menu.php HTTP/1.1" 200 1323 "https://gridtip.net/" "Mozilla/5.0 (Windows NT 10.0; Win64; x64) AppleWebKit/537.36 (KHTML, like Gecko) Chrome/151.0.0.0 Safari/537.36"
62.178.204.132 - - [01/Aug/2026:23:20:56 +0200] "GET /header.php HTTP/1.1" 200 1923 "https://gridtip.net/gridtip.html" "Mozilla/5.0 (Windows NT 10.0; Win64; x64) AppleWebKit/537.36 (KHTML, like Gecko) Chrome/151.0.0.0 Safari/537.36"
62.178.204.132 - - [01/Aug/2026:23:20:56 +0200] "GET /gridtip.php HTTP/1.1" 200 25569 "https://gridtip.net/gridtip.html" "Mozilla/5.0 (Windows NT 10.0; Win64; x64) AppleWebKit/537.36 (KHTML, like Gecko) Chrome/151.0.0.0 Safari/537.36"
62.178.204.132 - - [01/Aug/2026:23:20:57 +0200] "GET /shoutbox/shouts.php HTTP/1.1" 200 1480 "https://gridtip.net/gridtip.php" "Mozilla/5.0 (Windows NT 10.0; Win64; x64) AppleWebKit/537.36 (KHTML, like Gecko) Chrome/151.0.0.0 Safari/537.36"
85.215.251.124 - - [01/Aug/2026:23:21:43 +0200] "GET / HTTP/1.1" 200 1309 "-" "SpiceworksAgentShell/0.1a"
2a01:239:24f:1e00::1 - - [01/Aug/2026:23:21:43 +0200] "GET / HTTP/1.1" 200 2794 "-" "SpiceworksAgentShell/0.1a"
62.178.204.132 - - [01/Aug/2026:23:21:56 +0200] "-" 408 - "-" "-"
127.0.0.1 - - [01/Aug/2026:23:22:20 +0200] "GET / HTTP/1.1" 200 1309 "-" "curl/8.13.0"
18.192.166.72 - - [01/Aug/2026:23:22:25 +0200] "GET / HTTP/1.1" 200 2794 "http://www.mamweb.at" "Mozilla/5.0+(compatible; UptimeRobot/2.0; http://www.uptimerobot.com/)"
85.215.251.124 - - [01/Aug/2026:23:22:43 +0200] "GET / HTTP/1.1" 200 1309 "-" "SpiceworksAgentShell/0.1a"
2a01:239:24f:1e00::1 - - [01/Aug/2026:23:22:43 +0200] "GET / HTTP/1.1" 200 2794 "-" "SpiceworksAgentShell/0.1a"
167.235.143.113 - - [01/Aug/2026:23:23:19 +0200] "HEAD / HTTP/1.1" 200 - "http://gridtip.net" "Mozilla/5.0+(compatible; UptimeRobot/2.0; http://www.uptimerobot.com/)"
216.244.66.230 - - [01/Aug/2026:23:23:42 +0200] "GET /robots.txt HTTP/1.1" 200 71 "-" "Mozilla/5.0 (compatible; DotBot/1.2; +https://opensiteexplorer.org/dotbot; help@moz.com)"
85.215.251.124 - - [01/Aug/2026:23:23:43 +0200] "GET / HTTP/1.1" 200 1309 "-" "SpiceworksAgentShell/0.1a"
2a01:239:24f:1e00::1 - - [01/Aug/2026:23:23:43 +0200] "GET / HTTP/1.1" 200 2794 "-" "SpiceworksAgentShell/0.1a"
43.166.245.120 - - [01/Aug/2026:23:24:39 +0200] "GET / HTTP/1.1" 200 2794 "http://mamweb.at" "Mozilla/5.0 (iPhone; CPU iPhone OS 13_2_3 like Mac OS X) AppleWebKit/605.1.15 (KHTML, like Gecko) Version/13.0.3 Mobile/15E148 Safari/604.1"
85.215.251.124 - - [01/Aug/2026:23:24:43 +0200] "GET / HTTP/1.1" 200 1309 "-" "SpiceworksAgentShell/0.1a"
2a01:239:24f:1e00::1 - - [01/Aug/2026:23:24:43 +0200] "GET / HTTP/1.1" 200 2794 "-" "SpiceworksAgentShell/0.1a"
74.248.20.32 - - [01/Aug/2026:23:25:25 +0200] "GET /wp-content/plugins/hellopress/wp_filemanager.php HTTP/1.1" 404 246 "-" "-"
74.248.20.32 - - [01/Aug/2026:23:25:25 +0200] "GET /this_is_a_new_hello_world.php HTTP/1.1" 404 227 "-" "-"
74.248.20.32 - - [01/Aug/2026:23:25:25 +0200] "GET /images/pearl/index.php HTTP/1.1" 404 220 "-" "-"
74.248.20.32 - - [01/Aug/2026:23:25:25 +0200] "GET /bypass.php HTTP/1.1" 404 208 "-" "-"
74.248.20.32 - - [01/Aug/2026:23:25:25 +0200] "GET /wp-admin/about.php HTTP/1.1" 404 216 "-" "-"
74.248.20.32 - - [01/Aug/2026:23:25:25 +0200] "GET /12.php HTTP/1.1" 404 204 "-" "-"
74.248.20.32 - - [01/Aug/2026:23:25:25 +0200] "GET /nothing2.php HTTP/1.1" 404 210 "-" "-"
74.248.20.32 - - [01/Aug/2026:23:25:26 +0200] "GET /media.php HTTP/1.1" 404 207 "-" "-"
74.248.20.32 - - [01/Aug/2026:23:25:26 +0200] "GET /file2.php HTTP/1.1" 404 207 "-" "-"
74.248.20.32 - - [01/Aug/2026:23:25:26 +0200] "GET /simple.php HTTP/1.1" 404 208 "-" "-"
74.248.20.32 - - [01/Aug/2026:23:25:26 +0200] "GET /mac.php HTTP/1.1" 404 205 "-" "-"
74.248.20.32 - - [01/Aug/2026:23:25:26 +0200] "GET /install.php HTTP/1.1" 404 209 "-" "-"
74.248.20.32 - - [01/Aug/2026:23:25:26 +0200] "GET /wsx.php HTTP/1.1" 404 205 "-" "-"
74.248.20.32 - - [01/Aug/2026:23:25:26 +0200] "GET /alfa.php HTTP/1.1" 404 206 "-" "-"
74.248.20.32 - - [01/Aug/2026:23:25:26 +0200] "GET /dlu.php HTTP/1.1" 404 205 "-" "-"
74.248.20.32 - - [01/Aug/2026:23:25:26 +0200] "GET /f6.php HTTP/1.1" 404 204 "-" "-"
74.248.20.32 - - [01/Aug/2026:23:25:27 +0200] "GET /0x.php HTTP/1.1" 404 204 "-" "-"
74.248.20.32 - - [01/Aug/2026:23:25:27 +0200] "GET /geck.php HTTP/1.1" 404 206 "-" "-"
74.248.20.32 - - [01/Aug/2026:23:25:27 +0200] "GET /8.php HTTP/1.1" 404 203 "-" "-"
74.248.20.32 - - [01/Aug/2026:23:25:27 +0200] "GET /133.php HTTP/1.1" 404 205 "-" "-"
74.248.20.32 - - [01/Aug/2026:23:25:27 +0200] "GET /11.php HTTP/1.1" 404 204 "-" "-"
74.248.20.32 - - [01/Aug/2026:23:25:27 +0200] "GET /3.php HTTP/1.1" 404 203 "-" "-"
74.248.20.32 - - [01/Aug/2026:23:25:27 +0200] "GET /1.php HTTP/1.1" 404 203 "-" "-"
74.248.20.32 - - [01/Aug/2026:23:25:27 +0200] "GET /ouh.php HTTP/1.1" 404 205 "-" "-"
74.248.20.32 - - [01/Aug/2026:23:25:28 +0200] "GET /ioxi-o.php HTTP/1.1" 404 208 "-" "-"
74.248.20.32 - - [01/Aug/2026:23:25:28 +0200] "GET /ar.php HTTP/1.1" 404 204 "-" "-"
74.248.20.32 - - [01/Aug/2026:23:25:28 +0200] "GET /info.php HTTP/1.1" 404 206 "-" "-"
74.248.20.32 - - [01/Aug/2026:23:25:28 +0200] "GET /123.php HTTP/1.1" 404 205 "-" "-"
74.248.20.32 - - [01/Aug/2026:23:25:28 +0200] "GET /33.php HTTP/1.1" 404 204 "-" "-"
74.248.20.32 - - [01/Aug/2026:23:25:28 +0200] "GET /bak.php HTTP/1.1" 404 205 "-" "-"
74.248.20.32 - - [01/Aug/2026:23:25:28 +0200] "GET /term.php HTTP/1.1" 404 206 "-" "-"
74.248.20.32 - - [01/Aug/2026:23:25:28 +0200] "GET /opts.php HTTP/1.1" 404 206 "-" "-"
74.248.20.32 - - [01/Aug/2026:23:25:28 +0200] "GET /wkl.php HTTP/1.1" 404 205 "-" "-"
74.248.20.32 - - [01/Aug/2026:23:25:28 +0200] "GET /we.php HTTP/1.1" 404 204 "-" "-"
74.248.20.32 - - [01/Aug/2026:23:25:29 +0200] "GET /7.php HTTP/1.1" 404 203 "-" "-"
74.248.20.32 - - [01/Aug/2026:23:25:29 +0200] "GET /ls.php HTTP/1.1" 404 204 "-" "-"
74.248.20.32 - - [01/Aug/2026:23:25:29 +0200] "GET /ant.php HTTP/1.1" 404 205 "-" "-"
74.248.20.32 - - [01/Aug/2026:23:25:29 +0200] "GET /155.php HTTP/1.1" 404 205 "-" "-"
74.248.20.32 - - [01/Aug/2026:23:25:29 +0200] "GET /file9.php HTTP/1.1" 404 207 "-" "-"
74.248.20.32 - - [01/Aug/2026:23:25:29 +0200] "GET /css.php HTTP/1.1" 404 205 "-" "-"
74.248.20.32 - - [01/Aug/2026:23:25:29 +0200] "GET /js.php HTTP/1.1" 404 204 "-" "-"
74.248.20.32 - - [01/Aug/2026:23:25:29 +0200] "GET /lock360.php HTTP/1.1" 404 209 "-" "-"
74.248.20.32 - - [01/Aug/2026:23:25:30 +0200] "GET /v.php HTTP/1.1" 404 203 "-" "-"
74.248.20.32 - - [01/Aug/2026:23:25:31 +0200] "GET /pucci.php HTTP/1.1" 404 207 "-" "-"
74.248.20.32 - - [01/Aug/2026:23:25:31 +0200] "GET /file4.php HTTP/1.1" 404 207 "-" "-"
74.248.20.32 - - [01/Aug/2026:23:25:31 +0200] "GET /222.php HTTP/1.1" 404 205 "-" "-"
74.248.20.32 - - [01/Aug/2026:23:25:31 +0200] "GET /shellalfa.php HTTP/1.1" 404 211 "-" "-"
74.248.20.32 - - [01/Aug/2026:23:25:31 +0200] "GET /aaa.php HTTP/1.1" 404 205 "-" "-"
74.248.20.32 - - [01/Aug/2026:23:25:31 +0200] "GET /abcd.php HTTP/1.1" 404 206 "-" "-"
74.248.20.32 - - [01/Aug/2026:23:25:31 +0200] "GET /about.php HTTP/1.1" 404 207 "-" "-"
74.248.20.32 - - [01/Aug/2026:23:25:31 +0200] "GET /wsd.php HTTP/1.1" 404 205 "-" "-"
74.248.20.32 - - [01/Aug/2026:23:25:31 +0200] "GET /ab.php HTTP/1.1" 404 204 "-" "-"
74.248.20.32 - - [01/Aug/2026:23:25:31 +0200] "GET /gt.php HTTP/1.1" 404 204 "-" "-"
74.248.20.32 - - [01/Aug/2026:23:25:31 +0200] "GET /taff.php HTTP/1.1" 404 206 "-" "-"
74.248.20.32 - - [01/Aug/2026:23:25:31 +0200] "GET /ee.php HTTP/1.1" 404 204 "-" "-"
74.248.20.32 - - [01/Aug/2026:23:25:32 +0200] "GET /max.php HTTP/1.1" 404 205 "-" "-"
74.248.20.32 - - [01/Aug/2026:23:25:32 +0200] "GET /aa.php HTTP/1.1" 404 204 "-" "-"
74.248.20.32 - - [01/Aug/2026:23:25:32 +0200] "GET /system_log.php HTTP/1.1" 404 212 "-" "-"
74.248.20.32 - - [01/Aug/2026:23:25:32 +0200] "GET /201.php HTTP/1.1" 404 205 "-" "-"
74.248.20.32 - - [01/Aug/2026:23:25:32 +0200] "GET /100.php HTTP/1.1" 404 205 "-" "-"
74.248.20.32 - - [01/Aug/2026:23:25:32 +0200] "GET /wp-blink.php HTTP/1.1" 404 210 "-" "-"
74.248.20.32 - - [01/Aug/2026:23:25:32 +0200] "GET /images.php HTTP/1.1" 404 208 "-" "-"
74.248.20.32 - - [01/Aug/2026:23:25:32 +0200] "GET /rrr.php HTTP/1.1" 404 205 "-" "-"
74.248.20.32 - - [01/Aug/2026:23:25:32 +0200] "GET /mail.php HTTP/1.1" 404 206 "-" "-"
74.248.20.32 - - [01/Aug/2026:23:25:32 +0200] "GET /chosen.php HTTP/1.1" 404 208 "-" "-"
74.248.20.32 - - [01/Aug/2026:23:25:33 +0200] "GET /doti.php HTTP/1.1" 404 206 "-" "-"
74.248.20.32 - - [01/Aug/2026:23:25:33 +0200] "GET /x0.php HTTP/1.1" 404 204 "-" "-"
74.248.20.32 - - [01/Aug/2026:23:25:33 +0200] "GET /bless.php HTTP/1.1" 404 207 "-" "-"
74.248.20.32 - - [01/Aug/2026:23:25:33 +0200] "GET /cgi-bin/index.php HTTP/1.1" 404 215 "-" "-"
74.248.20.32 - - [01/Aug/2026:23:25:33 +0200] "GET /size.php HTTP/1.1" 404 206 "-" "-"
74.248.20.32 - - [01/Aug/2026:23:25:33 +0200] "GET /lala.php HTTP/1.1" 404 206 "-" "-"
74.248.20.32 - - [01/Aug/2026:23:25:34 +0200] "GET /file1.php HTTP/1.1" 404 207 "-" "-"
185.209.199.88 - - [01/Aug/2026:23:25:39 +0200] "GET /auth HTTP/1.1" 404 202 "-" "\"Mozilla/5.0 (iPhone; CPU iPhone OS 18_3_2 like Mac OS X) AppleWebKit/605.1.15 (KHTML, like Gecko) Version/18.3.1 Mobile/15E148 Safari/604.\""
85.215.251.124 - - [01/Aug/2026:23:25:43 +0200] "GET / HTTP/1.1" 200 1309 "-" "SpiceworksAgentShell/0.1a"
2a01:239:24f:1e00::1 - - [01/Aug/2026:23:25:43 +0200] "GET / HTTP/1.1" 200 2794 "-" "SpiceworksAgentShell/0.1a"
62.178.204.132 - - [01/Aug/2026:23:25:54 +0200] "GET / HTTP/1.1" 200 1309 "-" "Mozilla/5.0 (Windows NT 10.0; Win64; x64) AppleWebKit/537.36 (KHTML, like Gecko) Chrome/151.0.0.0 Safari/537.36"
62.178.204.132 - - [01/Aug/2026:23:25:54 +0200] "GET /gridtip.html HTTP/1.1" 200 1067 "https://gridtip.net/" "Mozilla/5.0 (Windows NT 10.0; Win64; x64) AppleWebKit/537.36 (KHTML, like Gecko) Chrome/151.0.0.0 Safari/537.36"
62.178.204.132 - - [01/Aug/2026:23:25:54 +0200] "GET /menu.php HTTP/1.1" 200 1323 "https://gridtip.net/" "Mozilla/5.0 (Windows NT 10.0; Win64; x64) AppleWebKit/537.36 (KHTML, like Gecko) Chrome/151.0.0.0 Safari/537.36"
62.178.204.132 - - [01/Aug/2026:23:25:54 +0200] "GET /header.php HTTP/1.1" 200 1923 "https://gridtip.net/gridtip.html" "Mozilla/5.0 (Windows NT 10.0; Win64; x64) AppleWebKit/537.36 (KHTML, like Gecko) Chrome/151.0.0.0 Safari/537.36"
62.178.204.132 - - [01/Aug/2026:23:25:54 +0200] "GET /shoutbox/style.css HTTP/1.1" 200 2040 "https://gridtip.net/gridtip.php" "Mozilla/5.0 (Windows NT 10.0; Win64; x64) AppleWebKit/537.36 (KHTML, like Gecko) Chrome/151.0.0.0 Safari/537.36"
62.178.204.132 - - [01/Aug/2026:23:25:54 +0200] "GET /gridtip.php HTTP/1.1" 200 25569 "https://gridtip.net/gridtip.html" "Mozilla/5.0 (Windows NT 10.0; Win64; x64) AppleWebKit/537.36 (KHTML, like Gecko) Chrome/151.0.0.0 Safari/537.36"
62.178.204.132 - - [01/Aug/2026:23:25:54 +0200] "GET /images/home.png HTTP/1.1" 200 12894 "https://gridtip.net/gridtip.php" "Mozilla/5.0 (Windows NT 10.0; Win64; x64) AppleWebKit/537.36 (KHTML, like Gecko) Chrome/151.0.0.0 Safari/537.36"
62.178.204.132 - - [01/Aug/2026:23:25:54 +0200] "GET /shoutbox/shouts.php HTTP/1.1" 200 1480 "https://gridtip.net/gridtip.php" "Mozilla/5.0 (Windows NT 10.0; Win64; x64) AppleWebKit/537.36 (KHTML, like Gecko) Chrome/151.0.0.0 Safari/537.36"
62.178.204.132 - - [01/Aug/2026:23:25:55 +0200] "GET /shoutbox/shout_button.jpg HTTP/1.1" 200 2117 "https://gridtip.net/shoutbox/style.css" "Mozilla/5.0 (Windows NT 10.0; Win64; x64) AppleWebKit/537.36 (KHTML, like Gecko) Chrome/151.0.0.0 Safari/537.36"
62.178.204.132 - - [01/Aug/2026:23:25:55 +0200] "GET /images/favicon-32x32.png HTTP/1.1" 200 786 "https://gridtip.net/" "Mozilla/5.0 (Windows NT 10.0; Win64; x64) AppleWebKit/537.36 (KHTML, like Gecko) Chrome/151.0.0.0 Safari/537.36"
62.178.204.132 - - [01/Aug/2026:23:25:59 +0200] "GET /gridlist/ HTTP/1.1" 200 444 "https://gridtip.net/gridtip.php" "Mozilla/5.0 (Windows NT 10.0; Win64; x64) AppleWebKit/537.36 (KHTML, like Gecko) Chrome/151.0.0.0 Safari/537.36"
62.178.204.132 - - [01/Aug/2026:23:25:59 +0200] "GET /gridlist/dummy.html HTTP/1.1" 200 - "https://gridtip.net/gridlist/" "Mozilla/5.0 (Windows NT 10.0; Win64; x64) AppleWebKit/537.36 (KHTML, like Gecko) Chrome/151.0.0.0 Safari/537.36"
62.178.204.132 - - [01/Aug/2026:23:25:59 +0200] "GET /gridlist/gridlist.html HTTP/1.1" 200 1071 "https://gridtip.net/gridlist/" "Mozilla/5.0 (Windows NT 10.0; Win64; x64) AppleWebKit/537.36 (KHTML, like Gecko) Chrome/151.0.0.0 Safari/537.36"
62.178.204.132 - - [01/Aug/2026:23:25:59 +0200] "GET /header.php HTTP/1.1" 200 1923 "https://gridtip.net/gridlist/gridlist.html" "Mozilla/5.0 (Windows NT 10.0; Win64; x64) AppleWebKit/537.36 (KHTML, like Gecko) Chrome/151.0.0.0 Safari/537.36"
62.178.204.132 - - [01/Aug/2026:23:25:59 +0200] "GET /gridlist/gridlist.php HTTP/1.1" 200 22915 "https://gridtip.net/gridlist/gridlist.html" "Mozilla/5.0 (Windows NT 10.0; Win64; x64) AppleWebKit/537.36 (KHTML, like Gecko) Chrome/151.0.0.0 Safari/537.36"
62.178.204.132 - - [01/Aug/2026:23:26:00 +0200] "GET /favicon.ico HTTP/1.1" 200 5430 "https://gridtip.net/gridlist/" "Mozilla/5.0 (Windows NT 10.0; Win64; x64) AppleWebKit/537.36 (KHTML, like Gecko) Chrome/151.0.0.0 Safari/537.36"
62.178.204.132 - - [01/Aug/2026:23:26:12 +0200] "GET /gridviz/ HTTP/1.1" 200 601 "https://gridtip.net/gridtip.php" "Mozilla/5.0 (Windows NT 10.0; Win64; x64) AppleWebKit/537.36 (KHTML, like Gecko) Chrome/151.0.0.0 Safari/537.36"
62.178.204.132 - - [01/Aug/2026:23:26:12 +0200] "GET /gridviz/dummy.html HTTP/1.1" 200 - "https://gridtip.net/gridviz/" "Mozilla/5.0 (Windows NT 10.0; Win64; x64) AppleWebKit/537.36 (KHTML, like Gecko) Chrome/151.0.0.0 Safari/537.36"
62.178.204.132 - - [01/Aug/2026:23:26:12 +0200] "GET /gridviz/gridviz.php HTTP/1.1" 200 143971 "https://gridtip.net/gridviz/" "Mozilla/5.0 (Windows NT 10.0; Win64; x64) AppleWebKit/537.36 (KHTML, like Gecko) Chrome/151.0.0.0 Safari/537.36"
62.178.204.132 - - [01/Aug/2026:23:26:17 +0200] "GET /gridviz/favicon-32x32.png HTTP/1.1" 200 1275 "https://gridtip.net/gridviz/" "Mozilla/5.0 (Windows NT 10.0; Win64; x64) AppleWebKit/537.36 (KHTML, like Gecko) Chrome/151.0.0.0 Safari/537.36"
62.178.204.132 - - [01/Aug/2026:23:26:16 +0200] "GET /gridviz/gridviz.php?proxy=1&ep=%2Fmeetings&year=2026 HTTP/1.1" 200 21200 "https://gridtip.net/gridviz/gridviz.php" "Mozilla/5.0 (Windows NT 10.0; Win64; x64) AppleWebKit/537.36 (KHTML, like Gecko) Chrome/151.0.0.0 Safari/537.36"
62.178.204.132 - - [01/Aug/2026:23:26:16 +0200] "GET /gridviz/gridviz.php?proxy=1&ep=%2Fdrivers&session_key=11342 HTTP/1.1" 200 9430 "https://gridtip.net/gridviz/gridviz.php" "Mozilla/5.0 (Windows NT 10.0; Win64; x64) AppleWebKit/537.36 (KHTML, like Gecko) Chrome/151.0.0.0 Safari/537.36"
62.178.204.132 - - [01/Aug/2026:23:26:16 +0200] "GET /gridviz/gridviz.php?proxy=1&ep=%2Fsessions&session_key=11342 HTTP/1.1" 200 359 "https://gridtip.net/gridviz/gridviz.php" "Mozilla/5.0 (Windows NT 10.0; Win64; x64) AppleWebKit/537.36 (KHTML, like Gecko) Chrome/151.0.0.0 Safari/537.36"
62.178.204.132 - - [01/Aug/2026:23:26:20 +0200] "GET /gridviz/gridviz.php?proxy=1&ep=%2Fmeetings&year=2026 HTTP/1.1" 200 21200 "https://gridtip.net/gridviz/gridviz.php" "Mozilla/5.0 (Windows NT 10.0; Win64; x64) AppleWebKit/537.36 (KHTML, like Gecko) Chrome/151.0.0.0 Safari/537.36"
62.178.204.132 - - [01/Aug/2026:23:26:20 +0200] "GET /gridviz/gridviz.php?proxy=1&ep=%2Fsessions&year=2026 HTTP/1.1" 200 48170 "https://gridtip.net/gridviz/gridviz.php" "Mozilla/5.0 (Windows NT 10.0; Win64; x64) AppleWebKit/537.36 (KHTML, like Gecko) Chrome/151.0.0.0 Safari/537.36"
62.178.204.132 - - [01/Aug/2026:23:26:24 +0200] "GET /trackviz/index.html HTTP/1.1" 200 594 "https://gridtip.net/gridtip.php" "Mozilla/5.0 (Windows NT 10.0; Win64; x64) AppleWebKit/537.36 (KHTML, like Gecko) Chrome/151.0.0.0 Safari/537.36"
62.178.204.132 - - [01/Aug/2026:23:26:24 +0200] "GET /trackviz/dummy.html HTTP/1.1" 200 - "https://gridtip.net/trackviz/index.html" "Mozilla/5.0 (Windows NT 10.0; Win64; x64) AppleWebKit/537.36 (KHTML, like Gecko) Chrome/151.0.0.0 Safari/537.36"
62.178.204.132 - - [01/Aug/2026:23:26:24 +0200] "GET /trackviz/trackviz.php HTTP/1.1" 200 354406 "https://gridtip.net/trackviz/index.html" "Mozilla/5.0 (Windows NT 10.0; Win64; x64) AppleWebKit/537.36 (KHTML, like Gecko) Chrome/151.0.0.0 Safari/537.36"
62.178.204.132 - - [01/Aug/2026:23:26:25 +0200] "GET /trackviz/favicon-32x32.png HTTP/1.1" 200 1183 "https://gridtip.net/trackviz/index.html" "Mozilla/5.0 (Windows NT 10.0; Win64; x64) AppleWebKit/537.36 (KHTML, like Gecko) Chrome/151.0.0.0 Safari/537.36"
62.178.204.132 - - [01/Aug/2026:23:26:24 +0200] "GET /trackviz/trackviz.php?of1auth=1 HTTP/1.1" 200 115 "https://gridtip.net/trackviz/trackviz.php" "Mozilla/5.0 (Windows NT 10.0; Win64; x64) AppleWebKit/537.36 (KHTML, like Gecko) Chrome/151.0.0.0 Safari/537.36"
62.178.204.132 - - [01/Aug/2026:23:26:29 +0200] "GET /tracklist/ HTTP/1.1" 200 446 "https://gridtip.net/gridtip.php" "Mozilla/5.0 (Windows NT 10.0; Win64; x64) AppleWebKit/537.36 (KHTML, like Gecko) Chrome/151.0.0.0 Safari/537.36"
62.178.204.132 - - [01/Aug/2026:23:26:29 +0200] "GET /tracklist/dummy.html HTTP/1.1" 200 - "https://gridtip.net/tracklist/" "Mozilla/5.0 (Windows NT 10.0; Win64; x64) AppleWebKit/537.36 (KHTML, like Gecko) Chrome/151.0.0.0 Safari/537.36"
62.178.204.132 - - [01/Aug/2026:23:26:29 +0200] "GET /tracklist/tracklist.php HTTP/1.1" 200 168791 "https://gridtip.net/tracklist/" "Mozilla/5.0 (Windows NT 10.0; Win64; x64) AppleWebKit/537.36 (KHTML, like Gecko) Chrome/151.0.0.0 Safari/537.36"
85.215.251.124 - - [01/Aug/2026:23:26:43 +0200] "GET / HTTP/1.1" 200 1309 "-" "SpiceworksAgentShell/0.1a"
2a01:239:24f:1e00::1 - - [01/Aug/2026:23:26:43 +0200] "GET / HTTP/1.1" 200 2794 "-" "SpiceworksAgentShell/0.1a"
49.13.130.29 - - [01/Aug/2026:23:27:29 +0200] "HEAD / HTTP/1.1" 200 - "http://www.mamweb.at" "Mozilla/5.0+(compatible; UptimeRobot/2.0; http://www.uptimerobot.com/)"
43.134.23.177 - - [01/Aug/2026:23:27:38 +0200] "GET /index_noframes.html HTTP/1.1" 200 11333 "-" "Mozilla/5.0 (iPhone; CPU iPhone OS 13_2_3 like Mac OS X) AppleWebKit/605.1.15 (KHTML, like Gecko) Version/13.0.3 Mobile/15E148 Safari/604.1"
85.215.251.124 - - [01/Aug/2026:23:27:43 +0200] "GET / HTTP/1.1" 200 1309 "-" "SpiceworksAgentShell/0.1a"
2a01:239:24f:1e00::1 - - [01/Aug/2026:23:27:43 +0200] "GET / HTTP/1.1" 200 2794 "-" "SpiceworksAgentShell/0.1a"
128.140.106.114 - - [01/Aug/2026:23:28:24 +0200] "HEAD / HTTP/1.1" 200 - "http://gridtip.net" "Mozilla/5.0+(compatible; UptimeRobot/2.0; http://www.uptimerobot.com/)"
85.215.251.124 - - [01/Aug/2026:23:28:43 +0200] "GET / HTTP/1.1" 200 1309 "-" "SpiceworksAgentShell/0.1a"
2a01:239:24f:1e00::1 - - [01/Aug/2026:23:28:43 +0200] "GET / HTTP/1.1" 200 2794 "-" "SpiceworksAgentShell/0.1a"
43.135.182.43 - - [01/Aug/2026:23:29:00 +0200] "GET / HTTP/1.0" 400 362 "-" "-"
85.215.251.124 - - [01/Aug/2026:23:29:43 +0200] "GET / HTTP/1.1" 200 1309 "-" "SpiceworksAgentShell/0.1a"
2a01:239:24f:1e00::1 - - [01/Aug/2026:23:29:43 +0200] "GET / HTTP/1.1" 200 2794 "-" "SpiceworksAgentShell/0.1a"
85.215.251.124 - - [01/Aug/2026:23:30:43 +0200] "GET / HTTP/1.1" 200 1309 "-" "SpiceworksAgentShell/0.1a"
2a01:239:24f:1e00::1 - - [01/Aug/2026:23:30:43 +0200] "GET / HTTP/1.1" 200 2794 "-" "SpiceworksAgentShell/0.1a"
85.215.251.124 - - [01/Aug/2026:23:31:43 +0200] "GET / HTTP/1.1" 200 1309 "-" "SpiceworksAgentShell/0.1a"
2a01:239:24f:1e00::1 - - [01/Aug/2026:23:31:43 +0200] "GET / HTTP/1.1" 200 2794 "-" "SpiceworksAgentShell/0.1a"
142.132.180.39 - - [01/Aug/2026:23:32:34 +0200] "HEAD / HTTP/1.1" 200 - "http://www.mamweb.at" "Mozilla/5.0+(compatible; UptimeRobot/2.0; http://www.uptimerobot.com/)"
85.215.251.124 - - [01/Aug/2026:23:32:43 +0200] "GET / HTTP/1.1" 200 1309 "-" "SpiceworksAgentShell/0.1a"
2a01:239:24f:1e00::1 - - [01/Aug/2026:23:32:43 +0200] "GET / HTTP/1.1" 200 2794 "-" "SpiceworksAgentShell/0.1a"
18.192.166.72 - - [01/Aug/2026:23:33:29 +0200] "HEAD / HTTP/1.1" 200 - "http://gridtip.net" "Mozilla/5.0+(compatible; UptimeRobot/2.0; http://www.uptimerobot.com/)"
62.178.204.132 - - [01/Aug/2026:23:33:41 +0200] "GET / HTTP/1.1" 302 214 "-" "Mozilla/5.0 (Windows NT 10.0; Win64; x64) AppleWebKit/537.36 (KHTML, like Gecko) Chrome/151.0.0.0 Safari/537.36"
85.215.251.124 - - [01/Aug/2026:23:33:43 +0200] "GET / HTTP/1.1" 200 1309 "-" "SpiceworksAgentShell/0.1a"
2a01:239:24f:1e00::1 - - [01/Aug/2026:23:33:43 +0200] "GET / HTTP/1.1" 200 2794 "-" "SpiceworksAgentShell/0.1a"
62.178.204.132 - - [01/Aug/2026:23:34:06 +0200] "GET / HTTP/1.1" 200 9226 "-" "Mozilla/5.0 (Windows NT 10.0; Win64; x64) AppleWebKit/537.36 (KHTML, like Gecko) Chrome/151.0.0.0 Safari/537.36"
62.178.204.132 - - [01/Aug/2026:23:34:06 +0200] "GET /templates/default/images/space.gif HTTP/1.1" 200 49 "https://forum.mamweb.at/" "Mozilla/5.0 (Windows NT 10.0; Win64; x64) AppleWebKit/537.36 (KHTML, like Gecko) Chrome/151.0.0.0 Safari/537.36"
62.178.204.132 - - [01/Aug/2026:23:34:06 +0200] "GET /templates/default/images/board.gif HTTP/1.1" 200 387 "https://forum.mamweb.at/" "Mozilla/5.0 (Windows NT 10.0; Win64; x64) AppleWebKit/537.36 (KHTML, like Gecko) Chrome/151.0.0.0 Safari/537.36"
62.178.204.132 - - [01/Aug/2026:23:34:06 +0200] "GET /favicon.ico HTTP/1.1" 404 209 "https://forum.mamweb.at/" "Mozilla/5.0 (Windows NT 10.0; Win64; x64) AppleWebKit/537.36 (KHTML, like Gecko) Chrome/151.0.0.0 Safari/537.36"
85.215.251.124 - - [01/Aug/2026:23:34:43 +0200] "GET / HTTP/1.1" 200 1309 "-" "SpiceworksAgentShell/0.1a"
2a01:239:24f:1e00::1 - - [01/Aug/2026:23:34:43 +0200] "GET / HTTP/1.1" 200 2794 "-" "SpiceworksAgentShell/0.1a"
85.215.251.124 - - [01/Aug/2026:23:35:43 +0200] "GET / HTTP/1.1" 200 1309 "-" "SpiceworksAgentShell/0.1a"
2a01:239:24f:1e00::1 - - [01/Aug/2026:23:35:43 +0200] "GET / HTTP/1.1" 200 2794 "-" "SpiceworksAgentShell/0.1a"
172.236.228.227 - - [01/Aug/2026:23:35:52 +0200] "GET / HTTP/1.1" 200 2794 "http://85.215.251.124/" "Mozilla/5.0 (Macintosh; Intel Mac OS X 13_1) AppleWebKit/537.36 (KHTML, like Gecko) Chrome/108.0.0.0 Safari/537.36"
85.215.251.124 - - [01/Aug/2026:23:36:43 +0200] "GET / HTTP/1.1" 200 1309 "-" "SpiceworksAgentShell/0.1a"
2a01:239:24f:1e00::1 - - [01/Aug/2026:23:36:43 +0200] "GET / HTTP/1.1" 200 2794 "-" "SpiceworksAgentShell/0.1a"
43.135.211.148 - - [01/Aug/2026:23:37:10 +0200] "GET /running/index.html HTTP/1.1" 200 33366 "-" "Mozilla/5.0 (iPhone; CPU iPhone OS 13_2_3 like Mac OS X) AppleWebKit/605.1.15 (KHTML, like Gecko) Version/13.0.3 Mobile/15E148 Safari/604.1"
78.46.190.63 - - [01/Aug/2026:23:37:38 +0200] "HEAD / HTTP/1.1" 200 - "http://www.mamweb.at" "Mozilla/5.0+(compatible; UptimeRobot/2.0; http://www.uptimerobot.com/)"
85.215.251.124 - - [01/Aug/2026:23:37:43 +0200] "GET / HTTP/1.1" 200 1309 "-" "SpiceworksAgentShell/0.1a"
2a01:239:24f:1e00::1 - - [01/Aug/2026:23:37:43 +0200] "GET / HTTP/1.1" 200 2794 "-" "SpiceworksAgentShell/0.1a"
49.13.167.123 - - [01/Aug/2026:23:38:33 +0200] "HEAD / HTTP/1.1" 200 - "http://gridtip.net" "Mozilla/5.0+(compatible; UptimeRobot/2.0; http://www.uptimerobot.com/)"
85.215.251.124 - - [01/Aug/2026:23:38:43 +0200] "GET / HTTP/1.1" 200 1309 "-" "SpiceworksAgentShell/0.1a"
2a01:239:24f:1e00::1 - - [01/Aug/2026:23:38:43 +0200] "GET / HTTP/1.1" 200 2794 "-" "SpiceworksAgentShell/0.1a"
85.215.251.124 - - [01/Aug/2026:23:39:43 +0200] "GET / HTTP/1.1" 200 1309 "-" "SpiceworksAgentShell/0.1a"
2a01:239:24f:1e00::1 - - [01/Aug/2026:23:39:43 +0200] "GET / HTTP/1.1" 200 2794 "-" "SpiceworksAgentShell/0.1a"
216.244.66.230 - - [01/Aug/2026:23:39:50 +0200] "GET /online-radios/1.FM/ChannelX/version4/radio.php HTTP/1.1" 200 2017 "-" "Mozilla/5.0 (compatible; DotBot/1.2; +https://opensiteexplorer.org/dotbot; help@moz.com)"
85.215.251.124 - - [01/Aug/2026:23:40:43 +0200] "GET / HTTP/1.1" 200 1309 "-" "SpiceworksAgentShell/0.1a"
2a01:239:24f:1e00::1 - - [01/Aug/2026:23:40:43 +0200] "GET / HTTP/1.1" 200 2794 "-" "SpiceworksAgentShell/0.1a"
85.215.251.124 - - [01/Aug/2026:23:41:43 +0200] "GET / HTTP/1.1" 200 1309 "-" "SpiceworksAgentShell/0.1a"
2a01:239:24f:1e00::1 - - [01/Aug/2026:23:41:43 +0200] "GET / HTTP/1.1" 200 2794 "-" "SpiceworksAgentShell/0.1a"
85.215.251.124 - - [01/Aug/2026:23:42:43 +0200] "GET / HTTP/1.1" 200 1309 "-" "SpiceworksAgentShell/0.1a"
2a01:239:24f:1e00::1 - - [01/Aug/2026:23:42:43 +0200] "GET / HTTP/1.1" 200 2794 "-" "SpiceworksAgentShell/0.1a"
128.140.106.114 - - [01/Aug/2026:23:42:53 +0200] "HEAD / HTTP/1.1" 200 - "http://www.mamweb.at" "Mozilla/5.0+(compatible; UptimeRobot/2.0; http://www.uptimerobot.com/)"
102.209.221.77 - - [01/Aug/2026:23:43:20 +0200] "GET /robots.txt HTTP/1.1" 200 26 "-" "Mozilla/5.0 (Windows NT 10.0; Win64; x64) AppleWebKit/537.36 (KHTML, like Gecko) Chrome/114.0.0.0 Safari/537.36 Edg/114.0.1823.43"
66.249.66.32 - - [01/Aug/2026:23:43:29 +0200] "GET /robots.txt HTTP/1.1" 200 71 "-" "Mozilla/5.0 (compatible; Googlebot/2.1; +http://www.google.com/bot.html)"
66.249.66.45 - - [01/Aug/2026:23:43:30 +0200] "GET /feeds/orf4.html HTTP/1.1" 200 1377 "-" "Mozilla/5.0 (Linux; Android 6.0.1; Nexus 5X Build/MMB29P) AppleWebKit/537.36 (KHTML, like Gecko) Chrome/150.0.7871.186 Mobile Safari/537.36 (compatible; Googlebot/2.1; +http://www.google.com/bot.html)"
167.235.143.113 - - [01/Aug/2026:23:43:38 +0200] "HEAD / HTTP/1.1" 200 - "http://gridtip.net" "Mozilla/5.0+(compatible; UptimeRobot/2.0; http://www.uptimerobot.com/)"
85.215.251.124 - - [01/Aug/2026:23:43:43 +0200] "GET / HTTP/1.1" 200 1309 "-" "SpiceworksAgentShell/0.1a"
2a01:239:24f:1e00::1 - - [01/Aug/2026:23:43:43 +0200] "GET / HTTP/1.1" 200 2794 "-" "SpiceworksAgentShell/0.1a"
85.215.251.124 - - [01/Aug/2026:23:44:43 +0200] "GET / HTTP/1.1" 200 1309 "-" "SpiceworksAgentShell/0.1a"
2a01:239:24f:1e00::1 - - [01/Aug/2026:23:44:43 +0200] "GET / HTTP/1.1" 200 2794 "-" "SpiceworksAgentShell/0.1a"
2a02:6ea0:1508:4::d001 - - [01/Aug/2026:23:44:59 +0200] "GET / HTTP/1.1" 200 2794 "http://85.215.251.124" "Mozilla/5.0 (Windows NT 10.0; Win64; x64) Chrome/120.0.0.0 Safari/537.36"
212.201.100.177 - - [01/Aug/2026:23:45:19 +0200] "GET / HTTP/1.1" 200 2794 "-" "Mozilla/5.0 (Windows NT 10.0; Win64; x64) AppleWebKit/537.36 (KHTML, like Gecko) Chrome/150.0.0.0 Safari/537.36"
212.201.100.177 - - [01/Aug/2026:23:45:19 +0200] "GET /index_top.html HTTP/1.1" 200 11690 "https://mamweb.at/" "Mozilla/5.0 (Windows NT 10.0; Win64; x64) AppleWebKit/537.36 (KHTML, like Gecko) Chrome/150.0.0.0 Safari/537.36"
212.201.100.177 - - [01/Aug/2026:23:45:19 +0200] "GET /index_main.html HTTP/1.1" 200 3134 "https://mamweb.at/" "Mozilla/5.0 (Windows NT 10.0; Win64; x64) AppleWebKit/537.36 (KHTML, like Gecko) Chrome/150.0.0.0 Safari/537.36"
212.201.100.177 - - [01/Aug/2026:23:45:19 +0200] "GET /titel.gif HTTP/1.1" 200 19021 "https://mamweb.at/index_top.html" "Mozilla/5.0 (Windows NT 10.0; Win64; x64) AppleWebKit/537.36 (KHTML, like Gecko) Chrome/150.0.0.0 Safari/537.36"
212.201.100.177 - - [01/Aug/2026:23:45:19 +0200] "GET /my_lastfm.png HTTP/1.1" 200 258 "https://mamweb.at/index_top.html" "Mozilla/5.0 (Windows NT 10.0; Win64; x64) AppleWebKit/537.36 (KHTML, like Gecko) Chrome/150.0.0.0 Safari/537.36"
212.201.100.177 - - [01/Aug/2026:23:45:19 +0200] "GET /my_picasa.png HTTP/1.1" 200 564 "https://mamweb.at/index_top.html" "Mozilla/5.0 (Windows NT 10.0; Win64; x64) AppleWebKit/537.36 (KHTML, like Gecko) Chrome/150.0.0.0 Safari/537.36"
212.201.100.177 - - [01/Aug/2026:23:45:19 +0200] "GET /my_flickr.png HTTP/1.1" 200 509 "https://mamweb.at/index_top.html" "Mozilla/5.0 (Windows NT 10.0; Win64; x64) AppleWebKit/537.36 (KHTML, like Gecko) Chrome/150.0.0.0 Safari/537.36"
212.201.100.177 - - [01/Aug/2026:23:45:20 +0200] "GET /amazon.png HTTP/1.1" 200 1224 "https://mamweb.at/index_top.html" "Mozilla/5.0 (Windows NT 10.0; Win64; x64) AppleWebKit/537.36 (KHTML, like Gecko) Chrome/150.0.0.0 Safari/537.36"
212.201.100.177 - - [01/Aug/2026:23:45:20 +0200] "GET /my_mcp.png HTTP/1.1" 200 275 "https://mamweb.at/index_top.html" "Mozilla/5.0 (Windows NT 10.0; Win64; x64) AppleWebKit/537.36 (KHTML, like Gecko) Chrome/150.0.0.0 Safari/537.36"
212.201.100.177 - - [01/Aug/2026:23:45:20 +0200] "GET /emailme.png HTTP/1.1" 200 1169 "https://mamweb.at/index_top.html" "Mozilla/5.0 (Windows NT 10.0; Win64; x64) AppleWebKit/537.36 (KHTML, like Gecko) Chrome/150.0.0.0 Safari/537.36"
212.201.100.177 - - [01/Aug/2026:23:45:20 +0200] "GET /my_geourl.png HTTP/1.1" 200 1170 "https://mamweb.at/index_top.html" "Mozilla/5.0 (Windows NT 10.0; Win64; x64) AppleWebKit/537.36 (KHTML, like Gecko) Chrome/150.0.0.0 Safari/537.36"
212.201.100.177 - - [01/Aug/2026:23:45:20 +0200] "GET /menu.html HTTP/1.1" 200 31090 "https://mamweb.at/index_main.html" "Mozilla/5.0 (Windows NT 10.0; Win64; x64) AppleWebKit/537.36 (KHTML, like Gecko) Chrome/150.0.0.0 Safari/537.36"
212.201.100.177 - - [01/Aug/2026:23:45:20 +0200] "GET /main.html HTTP/1.1" 200 59967 "https://mamweb.at/index_main.html" "Mozilla/5.0 (Windows NT 10.0; Win64; x64) AppleWebKit/537.36 (KHTML, like Gecko) Chrome/150.0.0.0 Safari/537.36"
212.201.100.177 - - [01/Aug/2026:23:45:20 +0200] "GET /rennsportnews.png HTTP/1.1" 200 296 "https://mamweb.at/index_top.html" "Mozilla/5.0 (Windows NT 10.0; Win64; x64) AppleWebKit/537.36 (KHTML, like Gecko) Chrome/150.0.0.0 Safari/537.36"
212.201.100.177 - - [01/Aug/2026:23:45:20 +0200] "GET /f1total.png HTTP/1.1" 200 256 "https://mamweb.at/index_top.html" "Mozilla/5.0 (Windows NT 10.0; Win64; x64) AppleWebKit/537.36 (KHTML, like Gecko) Chrome/150.0.0.0 Safari/537.36"
212.201.100.177 - - [01/Aug/2026:23:45:20 +0200] "GET /gmailme.png HTTP/1.1" 200 1342 "https://mamweb.at/index_top.html" "Mozilla/5.0 (Windows NT 10.0; Win64; x64) AppleWebKit/537.36 (KHTML, like Gecko) Chrome/150.0.0.0 Safari/537.36"
212.201.100.177 - - [01/Aug/2026:23:45:20 +0200] "GET /skypeme.png HTTP/1.1" 200 1317 "https://mamweb.at/index_top.html" "Mozilla/5.0 (Windows NT 10.0; Win64; x64) AppleWebKit/537.36 (KHTML, like Gecko) Chrome/150.0.0.0 Safari/537.36"
212.201.100.177 - - [01/Aug/2026:23:45:20 +0200] "GET /formula1.png HTTP/1.1" 200 280 "https://mamweb.at/index_top.html" "Mozilla/5.0 (Windows NT 10.0; Win64; x64) AppleWebKit/537.36 (KHTML, like Gecko) Chrome/150.0.0.0 Safari/537.36"
212.201.100.177 - - [01/Aug/2026:23:45:20 +0200] "GET /faltordner.jpg HTTP/1.1" 200 38874 "https://mamweb.at/index_top.html" "Mozilla/5.0 (Windows NT 10.0; Win64; x64) AppleWebKit/537.36 (KHTML, like Gecko) Chrome/150.0.0.0 Safari/537.36"
212.201.100.177 - - [01/Aug/2026:23:45:20 +0200] "GET /play.jpg HTTP/1.1" 200 722 "https://mamweb.at/main.html" "Mozilla/5.0 (Windows NT 10.0; Win64; x64) AppleWebKit/537.36 (KHTML, like Gecko) Chrome/150.0.0.0 Safari/537.36"
212.201.100.177 - - [01/Aug/2026:23:45:20 +0200] "GET /orf.gif HTTP/1.1" 200 198 "https://mamweb.at/menu.html" "Mozilla/5.0 (Windows NT 10.0; Win64; x64) AppleWebKit/537.36 (KHTML, like Gecko) Chrome/150.0.0.0 Safari/537.36"
212.201.100.177 - - [01/Aug/2026:23:45:20 +0200] "GET /heise.gif HTTP/1.1" 200 700 "https://mamweb.at/menu.html" "Mozilla/5.0 (Windows NT 10.0; Win64; x64) AppleWebKit/537.36 (KHTML, like Gecko) Chrome/150.0.0.0 Safari/537.36"
212.201.100.177 - - [01/Aug/2026:23:45:20 +0200] "GET /formel1.gif HTTP/1.1" 200 798 "https://mamweb.at/menu.html" "Mozilla/5.0 (Windows NT 10.0; Win64; x64) AppleWebKit/537.36 (KHTML, like Gecko) Chrome/150.0.0.0 Safari/537.36"
212.201.100.177 - - [01/Aug/2026:23:45:20 +0200] "GET /f1total.gif HTTP/1.1" 200 1083 "https://mamweb.at/menu.html" "Mozilla/5.0 (Windows NT 10.0; Win64; x64) AppleWebKit/537.36 (KHTML, like Gecko) Chrome/150.0.0.0 Safari/537.36"
212.201.100.177 - - [01/Aug/2026:23:45:20 +0200] "GET /rennsportnews.gif HTTP/1.1" 200 2156 "https://mamweb.at/menu.html" "Mozilla/5.0 (Windows NT 10.0; Win64; x64) AppleWebKit/537.36 (KHTML, like Gecko) Chrome/150.0.0.0 Safari/537.36"
212.201.100.177 - - [01/Aug/2026:23:45:20 +0200] "GET /formula1.gif HTTP/1.1" 200 1516 "https://mamweb.at/menu.html" "Mozilla/5.0 (Windows NT 10.0; Win64; x64) AppleWebKit/537.36 (KHTML, like Gecko) Chrome/150.0.0.0 Safari/537.36"
212.201.100.177 - - [01/Aug/2026:23:45:20 +0200] "GET /golem.gif HTTP/1.1" 200 1061 "https://mamweb.at/menu.html" "Mozilla/5.0 (Windows NT 10.0; Win64; x64) AppleWebKit/537.36 (KHTML, like Gecko) Chrome/150.0.0.0 Safari/537.36"
212.201.100.177 - - [01/Aug/2026:23:45:20 +0200] "GET /microsoft.gif HTTP/1.1" 200 1187 "https://mamweb.at/menu.html" "Mozilla/5.0 (Windows NT 10.0; Win64; x64) AppleWebKit/537.36 (KHTML, like Gecko) Chrome/150.0.0.0 Safari/537.36"
212.201.100.177 - - [01/Aug/2026:23:45:20 +0200] "GET /xml.gif HTTP/1.1" 200 429 "https://mamweb.at/menu.html" "Mozilla/5.0 (Windows NT 10.0; Win64; x64) AppleWebKit/537.36 (KHTML, like Gecko) Chrome/150.0.0.0 Safari/537.36"
212.201.100.177 - - [01/Aug/2026:23:45:20 +0200] "GET /favicon.ico HTTP/1.1" 200 1334 "https://mamweb.at/" "Mozilla/5.0 (Windows NT 10.0; Win64; x64) AppleWebKit/537.36 (KHTML, like Gecko) Chrome/150.0.0.0 Safari/537.36"
212.201.100.177 - - [01/Aug/2026:23:45:20 +0200] "GET /favicon.ico HTTP/1.1" 200 1334 "https://mamweb.at/" "Mozilla/5.0 (Windows NT 10.0; Win64; x64) AppleWebKit/537.36 (KHTML, like Gecko) Chrome/150.0.0.0 Safari/537.36"
205.169.39.20 - - [01/Aug/2026:23:45:33 +0200] "GET / HTTP/1.1" 200 2794 "-" "Mozilla/5.0 (Windows NT 10.0) AppleWebKit/537.36 (KHTML, like Gecko) Chrome/106.0.0.0 Safari/537.36"
85.215.251.124 - - [01/Aug/2026:23:45:43 +0200] "GET / HTTP/1.1" 200 1309 "-" "SpiceworksAgentShell/0.1a"
2a01:239:24f:1e00::1 - - [01/Aug/2026:23:45:43 +0200] "GET / HTTP/1.1" 200 2794 "-" "SpiceworksAgentShell/0.1a"
143.198.85.89 - - [01/Aug/2026:23:46:00 +0200] "GET / HTTP/1.1" 200 252 "-" "Mozilla/5.0 (Windows NT 10.0; Win64; x64) AppleWebKit/537.36 (KHTML, like Gecko) Chrome/136.0.0.0 Safari/537.36 (Silvy X Ran; +https://silvyxran.love; +https://silver.inc)"
79.127.222.204 - - [01/Aug/2026:23:46:01 +0200] "GET / HTTP/1.1" 200 2794 "-" "Mozilla/5.0 (Macintosh; Intel Mac OS X 10_15_7) AppleWebKit/537.36 (KHTML, like Gecko) Chrome/146.0.0.0 Safari/537.36"
79.127.222.204 - - [01/Aug/2026:23:46:01 +0200] "GET /favicon.ico HTTP/1.1" 200 1334 "-" "Mozilla/5.0 (Macintosh; Intel Mac OS X 10_15_7) AppleWebKit/537.36 (KHTML, like Gecko) Chrome/146.0.0.0 Safari/537.36"
43.166.129.247 - - [01/Aug/2026:23:46:02 +0200] "GET /f1total.html HTTP/1.1" 404 210 "-" "Mozilla/5.0 (iPhone; CPU iPhone OS 13_2_3 like Mac OS X) AppleWebKit/605.1.15 (KHTML, like Gecko) Version/13.0.3 Mobile/15E148 Safari/604.1"
143.198.85.89 - - [01/Aug/2026:23:46:05 +0200] "GET / HTTP/1.1" 200 246 "-" "Mozilla/5.0 (Windows NT 10.0; Win64; x64) AppleWebKit/537.36 (KHTML, like Gecko) Chrome/136.0.0.0 Safari/537.36 (Silvy X Ran; +https://silvyxran.love; +https://silver.inc)"
139.59.102.20 - - [01/Aug/2026:23:46:05 +0200] "GET / HTTP/1.1" 200 5603 "-" "Mozilla/5.0 (Windows NT 10.0; Win64; x64) AppleWebKit/537.36 (KHTML, like Gecko) Chrome/136.0.0.0 Safari/537.36 (Silvy X Ran; +https://silvyxran.love; +https://silver.inc)"
159.223.213.20 - - [01/Aug/2026:23:46:09 +0200] "GET /config HTTP/1.1" 404 204 "-" "Mozilla/5.0 (Windows NT 10.0; Win64; x64) AppleWebKit/537.36 (KHTML, like Gecko) Chrome/136.0.0.0 Safari/537.36 (Silvy X Ran; +https://silvyxran.love; +https://silver.inc)"
159.223.213.20 - - [01/Aug/2026:23:46:09 +0200] "GET /.env HTTP/1.1" 404 202 "-" "Mozilla/5.0 (Windows NT 10.0; Win64; x64) AppleWebKit/537.36 (KHTML, like Gecko) Chrome/136.0.0.0 Safari/537.36 (Silvy X Ran; +https://silvyxran.love; +https://silver.inc)"
144.31.143.114 - - [01/Aug/2026:23:46:09 +0200] "GET /config HTTP/1.1" 302 220 "-" "Mozilla/5.0 (Windows NT 10.0; Win64; x64) AppleWebKit/537.36 (KHTML, like Gecko) Chrome/136.0.0.0 Safari/537.36 (Silvy X Ran; +https://silvyxran.love; +https://silver.inc)"
159.223.213.20 - - [01/Aug/2026:23:46:09 +0200] "GET /.env.local HTTP/1.1" 404 208 "-" "Mozilla/5.0 (Windows NT 10.0; Win64; x64) AppleWebKit/537.36 (KHTML, like Gecko) Chrome/136.0.0.0 Safari/537.36 (Silvy X Ran; +https://silvyxran.love; +https://silver.inc)"
159.223.213.20 - - [01/Aug/2026:23:46:09 +0200] "GET /.env.production HTTP/1.1" 404 213 "-" "Mozilla/5.0 (Windows NT 10.0; Win64; x64) AppleWebKit/537.36 (KHTML, like Gecko) Chrome/136.0.0.0 Safari/537.36 (Silvy X Ran; +https://silvyxran.love; +https://silver.inc)"
144.31.143.114 - - [01/Aug/2026:23:46:09 +0200] "GET /.env HTTP/1.1" 302 218 "-" "Mozilla/5.0 (Windows NT 10.0; Win64; x64) AppleWebKit/537.36 (KHTML, like Gecko) Chrome/136.0.0.0 Safari/537.36 (Silvy X Ran; +https://silvyxran.love; +https://silver.inc)"
138.124.103.234 - - [01/Aug/2026:23:46:09 +0200] "GET /config HTTP/1.1" 404 204 "-" "Mozilla/5.0 (Windows NT 10.0; Win64; x64) AppleWebKit/537.36 (KHTML, like Gecko) Chrome/136.0.0.0 Safari/537.36 (Silvy X Ran; +https://silvyxran.love; +https://silver.inc)"
159.223.213.20 - - [01/Aug/2026:23:46:09 +0200] "GET /.env.development HTTP/1.1" 404 214 "-" "Mozilla/5.0 (Windows NT 10.0; Win64; x64) AppleWebKit/537.36 (KHTML, like Gecko) Chrome/136.0.0.0 Safari/537.36 (Silvy X Ran; +https://silvyxran.love; +https://silver.inc)"
144.31.143.114 - - [01/Aug/2026:23:46:10 +0200] "GET /.env.local HTTP/1.1" 302 224 "-" "Mozilla/5.0 (Windows NT 10.0; Win64; x64) AppleWebKit/537.36 (KHTML, like Gecko) Chrome/136.0.0.0 Safari/537.36 (Silvy X Ran; +https://silvyxran.love; +https://silver.inc)"
138.124.103.234 - - [01/Aug/2026:23:46:10 +0200] "GET /.env HTTP/1.1" 404 202 "-" "Mozilla/5.0 (Windows NT 10.0; Win64; x64) AppleWebKit/537.36 (KHTML, like Gecko) Chrome/136.0.0.0 Safari/537.36 (Silvy X Ran; +https://silvyxran.love; +https://silver.inc)"
78.189.24.202 - - [01/Aug/2026:23:46:10 +0200] "GET /config HTTP/1.1" 404 204 "-" "Mozilla/5.0 (Windows NT 10.0; Win64; x64) AppleWebKit/537.36 (KHTML, like Gecko) Chrome/136.0.0.0 Safari/537.36 (Silvy X Ran; +https://silvyxran.love; +https://silver.inc)"
159.223.213.20 - - [01/Aug/2026:23:46:10 +0200] "GET /.env.dev HTTP/1.1" 404 206 "-" "Mozilla/5.0 (Windows NT 10.0; Win64; x64) AppleWebKit/537.36 (KHTML, like Gecko) Chrome/136.0.0.0 Safari/537.36 (Silvy X Ran; +https://silvyxran.love; +https://silver.inc)"
144.31.143.114 - - [01/Aug/2026:23:46:10 +0200] "GET /.env.production HTTP/1.1" 302 229 "-" "Mozilla/5.0 (Windows NT 10.0; Win64; x64) AppleWebKit/537.36 (KHTML, like Gecko) Chrome/136.0.0.0 Safari/537.36 (Silvy X Ran; +https://silvyxran.love; +https://silver.inc)"
159.223.213.20 - - [01/Aug/2026:23:46:10 +0200] "GET /.env.prod HTTP/1.1" 404 207 "-" "Mozilla/5.0 (Windows NT 10.0; Win64; x64) AppleWebKit/537.36 (KHTML, like Gecko) Chrome/136.0.0.0 Safari/537.36 (Silvy X Ran; +https://silvyxran.love; +https://silver.inc)"
138.124.103.234 - - [01/Aug/2026:23:46:10 +0200] "GET /.env.local HTTP/1.1" 404 208 "-" "Mozilla/5.0 (Windows NT 10.0; Win64; x64) AppleWebKit/537.36 (KHTML, like Gecko) Chrome/136.0.0.0 Safari/537.36 (Silvy X Ran; +https://silvyxran.love; +https://silver.inc)"
78.189.24.202 - - [01/Aug/2026:23:46:10 +0200] "GET /.env HTTP/1.1" 404 202 "-" "Mozilla/5.0 (Windows NT 10.0; Win64; x64) AppleWebKit/537.36 (KHTML, like Gecko) Chrome/136.0.0.0 Safari/537.36 (Silvy X Ran; +https://silvyxran.love; +https://silver.inc)"
159.223.213.20 - - [01/Aug/2026:23:46:10 +0200] "GET /.env.test HTTP/1.1" 404 207 "-" "Mozilla/5.0 (Windows NT 10.0; Win64; x64) AppleWebKit/537.36 (KHTML, like Gecko) Chrome/136.0.0.0 Safari/537.36 (Silvy X Ran; +https://silvyxran.love; +https://silver.inc)"
144.31.143.114 - - [01/Aug/2026:23:46:10 +0200] "GET /.env.development HTTP/1.1" 302 230 "-" "Mozilla/5.0 (Windows NT 10.0; Win64; x64) AppleWebKit/537.36 (KHTML, like Gecko) Chrome/136.0.0.0 Safari/537.36 (Silvy X Ran; +https://silvyxran.love; +https://silver.inc)"
144.24.123.141 - - [01/Aug/2026:23:46:10 +0200] "GET /config HTTP/1.1" 404 204 "-" "Mozilla/5.0 (Windows NT 10.0; Win64; x64) AppleWebKit/537.36 (KHTML, like Gecko) Chrome/136.0.0.0 Safari/537.36 (Silvy X Ran; +https://silvyxran.love; +https://silver.inc)"
138.124.103.234 - - [01/Aug/2026:23:46:10 +0200] "GET /.env.production HTTP/1.1" 404 213 "-" "Mozilla/5.0 (Windows NT 10.0; Win64; x64) AppleWebKit/537.36 (KHTML, like Gecko) Chrome/136.0.0.0 Safari/537.36 (Silvy X Ran; +https://silvyxran.love; +https://silver.inc)"
159.223.213.20 - - [01/Aug/2026:23:46:10 +0200] "GET /.env.staging HTTP/1.1" 404 210 "-" "Mozilla/5.0 (Windows NT 10.0; Win64; x64) AppleWebKit/537.36 (KHTML, like Gecko) Chrome/136.0.0.0 Safari/537.36 (Silvy X Ran; +https://silvyxran.love; +https://silver.inc)"
144.31.143.114 - - [01/Aug/2026:23:46:10 +0200] "GET /.env.dev HTTP/1.1" 302 222 "-" "Mozilla/5.0 (Windows NT 10.0; Win64; x64) AppleWebKit/537.36 (KHTML, like Gecko) Chrome/136.0.0.0 Safari/537.36 (Silvy X Ran; +https://silvyxran.love; +https://silver.inc)"
161.118.169.38 - - [01/Aug/2026:23:46:10 +0200] "GET /config HTTP/1.1" 404 204 "-" "Mozilla/5.0 (Windows NT 10.0; Win64; x64) AppleWebKit/537.36 (KHTML, like Gecko) Chrome/136.0.0.0 Safari/537.36 (Silvy X Ran; +https://silvyxran.love; +https://silver.inc)"
78.189.24.202 - - [01/Aug/2026:23:46:10 +0200] "GET /.env.local HTTP/1.1" 404 208 "-" "Mozilla/5.0 (Windows NT 10.0; Win64; x64) AppleWebKit/537.36 (KHTML, like Gecko) Chrome/136.0.0.0 Safari/537.36 (Silvy X Ran; +https://silvyxran.love; +https://silver.inc)"
159.223.213.20 - - [01/Aug/2026:23:46:10 +0200] "GET /.env.backup HTTP/1.1" 404 209 "-" "Mozilla/5.0 (Windows NT 10.0; Win64; x64) AppleWebKit/537.36 (KHTML, like Gecko) Chrome/136.0.0.0 Safari/537.36 (Silvy X Ran; +https://silvyxran.love; +https://silver.inc)"
