138.124.103.234 - - [01/Aug/2026:23:46:25 +0200] "GET /appsettings.Development.json HTTP/1.1" 404 226 "-" "Mozilla/5.0 (Windows NT 10.0; Win64; x64) AppleWebKit/537.36 (KHTML, like Gecko) Chrome/136.0.0.0 Safari/537.36 (Silvy X Ran; +https://silvyxran.love; +https://silver.inc)"
144.31.143.114 - - [01/Aug/2026:23:46:25 +0200] "GET /config/default.json HTTP/1.1" 302 233 "-" "Mozilla/5.0 (Windows NT 10.0; Win64; x64) AppleWebKit/537.36 (KHTML, like Gecko) Chrome/136.0.0.0 Safari/537.36 (Silvy X Ran; +https://silvyxran.love; +https://silver.inc)"
87.58.197.202 - - [01/Aug/2026:23:46:25 +0200] "GET / HTTP/1.1" 200 12772 "-" "Mozilla/5.0 (Macintosh; Intel Mac OS X 10_15_7) AppleWebKit/537.36 (KHTML, like Gecko) Chrome/124.0.0.0 Safari/537.36"
87.58.197.202 - - [01/Aug/2026:23:46:25 +0200] "GET / HTTP/1.1" 200 323 "-" "Mozilla/5.0 (Macintosh; Intel Mac OS X 10_15_7) AppleWebKit/537.36 (KHTML, like Gecko) Chrome/124.0.0.0 Safari/537.36"
87.58.197.202 - - [01/Aug/2026:23:46:25 +0200] "GET /calendar.php HTTP/1.1" 302 674 "https://mamcal.mamweb.at:443" "Mozilla/5.0 (Macintosh; Intel Mac OS X 10_15_7) AppleWebKit/537.36 (KHTML, like Gecko) Chrome/124.0.0.0 Safari/537.36"
87.58.197.201 - - [01/Aug/2026:23:46:25 +0200] "GET /login.php? HTTP/1.1" 200 16131 "https://webcalendar.mamweb.at" "Mozilla/5.0 (Macintosh; Intel Mac OS X 10_15_7) AppleWebKit/537.36 (KHTML, like Gecko) Chrome/124.0.0.0 Safari/537.36"
161.118.169.38 - - [01/Aug/2026:23:46:25 +0200] "GET /settings.js HTTP/1.1" 404 209 "-" "Mozilla/5.0 (Windows NT 10.0; Win64; x64) AppleWebKit/537.36 (KHTML, like Gecko) Chrome/136.0.0.0 Safari/537.36 (Silvy X Ran; +https://silvyxran.love; +https://silver.inc)"
168.129.177.245 - - [01/Aug/2026:23:46:25 +0200] "GET /docker-compose.yml HTTP/1.1" 404 216 "-" "Mozilla/5.0 (Windows NT 10.0; Win64; x64) AppleWebKit/537.36 (KHTML, like Gecko) Chrome/136.0.0.0 Safari/537.36 (Silvy X Ran; +https://silvyxran.love; +https://silver.inc)"
138.124.103.234 - - [01/Aug/2026:23:46:25 +0200] "GET /appsettings.Production.json HTTP/1.1" 404 225 "-" "Mozilla/5.0 (Windows NT 10.0; Win64; x64) AppleWebKit/537.36 (KHTML, like Gecko) Chrome/136.0.0.0 Safari/537.36 (Silvy X Ran; +https://silvyxran.love; +https://silver.inc)"
144.31.143.114 - - [01/Aug/2026:23:46:25 +0200] "GET /config/local.json HTTP/1.1" 302 231 "-" "Mozilla/5.0 (Windows NT 10.0; Win64; x64) AppleWebKit/537.36 (KHTML, like Gecko) Chrome/136.0.0.0 Safari/537.36 (Silvy X Ran; +https://silvyxran.love; +https://silver.inc)"
139.59.102.20 - - [01/Aug/2026:23:46:25 +0200] "GET /web/.env HTTP/1.1" 404 206 "-" "Mozilla/5.0 (Windows NT 10.0; Win64; x64) AppleWebKit/537.36 (KHTML, like Gecko) Chrome/136.0.0.0 Safari/537.36 (Silvy X Ran; +https://silvyxran.love; +https://silver.inc)"
87.58.197.202 - - [01/Aug/2026:23:46:25 +0200] "GET / HTTP/1.1" 200 5603 "-" "Mozilla/5.0 (Macintosh; Intel Mac OS X 10_15_7) AppleWebKit/537.36 (KHTML, like Gecko) Chrome/124.0.0.0 Safari/537.36"
138.124.103.234 - - [01/Aug/2026:23:46:25 +0200] "GET /config.yaml HTTP/1.1" 404 209 "-" "Mozilla/5.0 (Windows NT 10.0; Win64; x64) AppleWebKit/537.36 (KHTML, like Gecko) Chrome/136.0.0.0 Safari/537.36 (Silvy X Ran; +https://silvyxran.love; +https://silver.inc)"
47.239.116.165 - - [01/Aug/2026:23:46:26 +0200] "GET /.env.template HTTP/1.1" 404 211 "-" "Mozilla/5.0 (Windows NT 10.0; Win64; x64) AppleWebKit/537.36 (KHTML, like Gecko) Chrome/136.0.0.0 Safari/537.36 (Silvy X Ran; +https://silvyxran.love; +https://silver.inc)"
104.164.126.194 - - [01/Aug/2026:23:46:24 +0200] "GET / HTTP/1.1" 200 12571 "-" "Mozilla/5.0 (X11; Linux x86_64) AppleWebKit/537.36 (KHTML, like Gecko) Chrome/130.0.0.0 Safari/537.36"
144.31.143.114 - - [01/Aug/2026:23:46:26 +0200] "GET /conf/settings.json HTTP/1.1" 302 232 "-" "Mozilla/5.0 (Windows NT 10.0; Win64; x64) AppleWebKit/537.36 (KHTML, like Gecko) Chrome/136.0.0.0 Safari/537.36 (Silvy X Ran; +https://silvyxran.love; +https://silver.inc)"
154.28.229.243 - - [01/Aug/2026:23:46:20 +0200] "GET / HTTP/1.1" 200 18634 "-" "Mozilla/5.0 (Macintosh; Intel Mac OS X 10_15_7) AppleWebKit/537.36 (KHTML, like Gecko) Chrome/131.0.0.0 Safari/537.36"
168.110.218.47 - - [01/Aug/2026:23:46:26 +0200] "GET /src/.env HTTP/1.1" 404 206 "-" "Mozilla/5.0 (Windows NT 10.0; Win64; x64) AppleWebKit/537.36 (KHTML, like Gecko) Chrome/136.0.0.0 Safari/537.36 (Silvy X Ran; +https://silvyxran.love; +https://silver.inc)"
143.198.85.89 - - [01/Aug/2026:23:46:26 +0200] "GET /client/.env HTTP/1.1" 404 209 "-" "Mozilla/5.0 (Windows NT 10.0; Win64; x64) AppleWebKit/537.36 (KHTML, like Gecko) Chrome/136.0.0.0 Safari/537.36 (Silvy X Ran; +https://silvyxran.love; +https://silver.inc)"
161.118.169.38 - - [01/Aug/2026:23:46:26 +0200] "GET /settings.json HTTP/1.1" 404 211 "-" "Mozilla/5.0 (Windows NT 10.0; Win64; x64) AppleWebKit/537.36 (KHTML, like Gecko) Chrome/136.0.0.0 Safari/537.36 (Silvy X Ran; +https://silvyxran.love; +https://silver.inc)"
144.24.123.141 - - [01/Aug/2026:23:46:26 +0200] "GET /config.js HTTP/1.1" 404 207 "-" "Mozilla/5.0 (Windows NT 10.0; Win64; x64) AppleWebKit/537.36 (KHTML, like Gecko) Chrome/136.0.0.0 Safari/537.36 (Silvy X Ran; +https://silvyxran.love; +https://silver.inc)"
138.124.103.234 - - [01/Aug/2026:23:46:26 +0200] "GET /config.yml HTTP/1.1" 404 208 "-" "Mozilla/5.0 (Windows NT 10.0; Win64; x64) AppleWebKit/537.36 (KHTML, like Gecko) Chrome/136.0.0.0 Safari/537.36 (Silvy X Ran; +https://silvyxran.love; +https://silver.inc)"
168.129.177.245 - - [01/Aug/2026:23:46:26 +0200] "GET /docker-compose.yaml HTTP/1.1" 404 217 "-" "Mozilla/5.0 (Windows NT 10.0; Win64; x64) AppleWebKit/537.36 (KHTML, like Gecko) Chrome/136.0.0.0 Safari/537.36 (Silvy X Ran; +https://silvyxran.love; +https://silver.inc)"
152.42.235.126 - - [01/Aug/2026:23:46:26 +0200] "GET /public/.env HTTP/1.1" 404 209 "-" "Mozilla/5.0 (Windows NT 10.0; Win64; x64) AppleWebKit/537.36 (KHTML, like Gecko) Chrome/136.0.0.0 Safari/537.36 (Silvy X Ran; +https://silvyxran.love; +https://silver.inc)"
139.59.102.20 - - [01/Aug/2026:23:46:26 +0200] "GET /public/.env HTTP/1.1" 404 209 "-" "Mozilla/5.0 (Windows NT 10.0; Win64; x64) AppleWebKit/537.36 (KHTML, like Gecko) Chrome/136.0.0.0 Safari/537.36 (Silvy X Ran; +https://silvyxran.love; +https://silver.inc)"
159.223.213.20 - - [01/Aug/2026:23:46:26 +0200] "GET /data/config.json HTTP/1.1" 404 214 "-" "Mozilla/5.0 (Windows NT 10.0; Win64; x64) AppleWebKit/537.36 (KHTML, like Gecko) Chrome/136.0.0.0 Safari/537.36 (Silvy X Ran; +https://silvyxran.love; +https://silver.inc)"
103.4.251.2 - - [01/Aug/2026:23:46:26 +0200] "GET / HTTP/1.1" 200 246 "-" "Mozilla/5.0 (X11; Linux x86_64) AppleWebKit/537.36 (KHTML, like Gecko) Chrome/130.0.0.0 Safari/537.36"
87.58.197.202 - - [01/Aug/2026:23:46:25 +0200] "GET / HTTP/1.1" 200 12571 "-" "Mozilla/5.0 (Macintosh; Intel Mac OS X 10_15_7) AppleWebKit/537.36 (KHTML, like Gecko) Chrome/124.0.0.0 Safari/537.36"
138.124.103.234 - - [01/Aug/2026:23:46:26 +0200] "GET /config.toml HTTP/1.1" 404 209 "-" "Mozilla/5.0 (Windows NT 10.0; Win64; x64) AppleWebKit/537.36 (KHTML, like Gecko) Chrome/136.0.0.0 Safari/537.36 (Silvy X Ran; +https://silvyxran.love; +https://silver.inc)"
161.118.169.38 - - [01/Aug/2026:23:46:26 +0200] "GET /secrets.json HTTP/1.1" 404 210 "-" "Mozilla/5.0 (Windows NT 10.0; Win64; x64) AppleWebKit/537.36 (KHTML, like Gecko) Chrome/136.0.0.0 Safari/537.36 (Silvy X Ran; +https://silvyxran.love; +https://silver.inc)"
144.24.123.141 - - [01/Aug/2026:23:46:26 +0200] "GET /config.json HTTP/1.1" 404 209 "-" "Mozilla/5.0 (Windows NT 10.0; Win64; x64) AppleWebKit/537.36 (KHTML, like Gecko) Chrome/136.0.0.0 Safari/537.36 (Silvy X Ran; +https://silvyxran.love; +https://silver.inc)"
47.239.116.165 - - [01/Aug/2026:23:46:26 +0200] "GET /.env.production.local HTTP/1.1" 404 219 "-" "Mozilla/5.0 (Windows NT 10.0; Win64; x64) AppleWebKit/537.36 (KHTML, like Gecko) Chrome/136.0.0.0 Safari/537.36 (Silvy X Ran; +https://silvyxran.love; +https://silver.inc)"
143.198.85.89 - - [01/Aug/2026:23:46:26 +0200] "GET /web/.env HTTP/1.1" 404 206 "-" "Mozilla/5.0 (Windows NT 10.0; Win64; x64) AppleWebKit/537.36 (KHTML, like Gecko) Chrome/136.0.0.0 Safari/537.36 (Silvy X Ran; +https://silvyxran.love; +https://silver.inc)"
159.223.213.20 - - [01/Aug/2026:23:46:26 +0200] "GET /actuator/env HTTP/1.1" 404 210 "-" "Mozilla/5.0 (Windows NT 10.0; Win64; x64) AppleWebKit/537.36 (KHTML, like Gecko) Chrome/136.0.0.0 Safari/537.36 (Silvy X Ran; +https://silvyxran.love; +https://silver.inc)"
147.45.240.150 - - [01/Aug/2026:23:46:24 +0200] "GET /serverless.yaml HTTP/1.1" 404 213 "-" "Mozilla/5.0 (Windows NT 10.0; Win64; x64) AppleWebKit/537.36 (KHTML, like Gecko) Chrome/136.0.0.0 Safari/537.36 (Silvy X Ran; +https://silvyxran.love; +https://silver.inc)"
168.129.177.245 - - [01/Aug/2026:23:46:26 +0200] "GET /docker-compose.override.yml HTTP/1.1" 404 225 "-" "Mozilla/5.0 (Windows NT 10.0; Win64; x64) AppleWebKit/537.36 (KHTML, like Gecko) Chrome/136.0.0.0 Safari/537.36 (Silvy X Ran; +https://silvyxran.love; +https://silver.inc)"
168.110.218.47 - - [01/Aug/2026:23:46:26 +0200] "GET /config/.env HTTP/1.1" 404 209 "-" "Mozilla/5.0 (Windows NT 10.0; Win64; x64) AppleWebKit/537.36 (KHTML, like Gecko) Chrome/136.0.0.0 Safari/537.36 (Silvy X Ran; +https://silvyxran.love; +https://silver.inc)"
138.124.103.234 - - [01/Aug/2026:23:46:26 +0200] "GET /serverless.yml HTTP/1.1" 404 212 "-" "Mozilla/5.0 (Windows NT 10.0; Win64; x64) AppleWebKit/537.36 (KHTML, like Gecko) Chrome/136.0.0.0 Safari/537.36 (Silvy X Ran; +https://silvyxran.love; +https://silver.inc)"
144.24.123.141 - - [01/Aug/2026:23:46:26 +0200] "GET /.env.development HTTP/1.1" 404 214 "-" "Mozilla/5.0 (Windows NT 10.0; Win64; x64) AppleWebKit/537.36 (KHTML, like Gecko) Chrome/136.0.0.0 Safari/537.36 (Silvy X Ran; +https://silvyxran.love; +https://silver.inc)"
159.223.213.20 - - [01/Aug/2026:23:46:26 +0200] "GET /actuator/configprops HTTP/1.1" 404 218 "-" "Mozilla/5.0 (Windows NT 10.0; Win64; x64) AppleWebKit/537.36 (KHTML, like Gecko) Chrome/136.0.0.0 Safari/537.36 (Silvy X Ran; +https://silvyxran.love; +https://silver.inc)"
147.45.240.150 - - [01/Aug/2026:23:46:26 +0200] "GET /config/production.json HTTP/1.1" 404 220 "-" "Mozilla/5.0 (Windows NT 10.0; Win64; x64) AppleWebKit/537.36 (KHTML, like Gecko) Chrome/136.0.0.0 Safari/537.36 (Silvy X Ran; +https://silvyxran.love; +https://silver.inc)"
143.198.85.89 - - [01/Aug/2026:23:46:26 +0200] "GET /.env HTTP/1.1" 404 202 "-" "Mozilla/5.0 (Windows NT 10.0; Win64; x64) AppleWebKit/537.36 (KHTML, like Gecko) Chrome/136.0.0.0 Safari/537.36 (Silvy X Ran; +https://silvyxran.love; +https://silver.inc)"
152.42.235.126 - - [01/Aug/2026:23:46:26 +0200] "GET /private/.env HTTP/1.1" 404 210 "-" "Mozilla/5.0 (Windows NT 10.0; Win64; x64) AppleWebKit/537.36 (KHTML, like Gecko) Chrome/136.0.0.0 Safari/537.36 (Silvy X Ran; +https://silvyxran.love; +https://silver.inc)"
159.223.213.20 - - [01/Aug/2026:23:46:26 +0200] "GET /api/config HTTP/1.1" 404 208 "-" "Mozilla/5.0 (Windows NT 10.0; Win64; x64) AppleWebKit/537.36 (KHTML, like Gecko) Chrome/136.0.0.0 Safari/537.36 (Silvy X Ran; +https://silvyxran.love; +https://silver.inc)"
161.118.169.38 - - [01/Aug/2026:23:46:26 +0200] "GET /credentials.json HTTP/1.1" 404 214 "-" "Mozilla/5.0 (Windows NT 10.0; Win64; x64) AppleWebKit/537.36 (KHTML, like Gecko) Chrome/136.0.0.0 Safari/537.36 (Silvy X Ran; +https://silvyxran.love; +https://silver.inc)"
138.124.103.234 - - [01/Aug/2026:23:46:26 +0200] "GET /serverless.yaml HTTP/1.1" 404 213 "-" "Mozilla/5.0 (Windows NT 10.0; Win64; x64) AppleWebKit/537.36 (KHTML, like Gecko) Chrome/136.0.0.0 Safari/537.36 (Silvy X Ran; +https://silvyxran.love; +https://silver.inc)"
144.24.123.141 - - [01/Aug/2026:23:46:26 +0200] "GET /settings.js HTTP/1.1" 404 209 "-" "Mozilla/5.0 (Windows NT 10.0; Win64; x64) AppleWebKit/537.36 (KHTML, like Gecko) Chrome/136.0.0.0 Safari/537.36 (Silvy X Ran; +https://silvyxran.love; +https://silver.inc)"
147.45.240.150 - - [01/Aug/2026:23:46:26 +0200] "GET /config/development.json HTTP/1.1" 404 221 "-" "Mozilla/5.0 (Windows NT 10.0; Win64; x64) AppleWebKit/537.36 (KHTML, like Gecko) Chrome/136.0.0.0 Safari/537.36 (Silvy X Ran; +https://silvyxran.love; +https://silver.inc)"
139.59.102.20 - - [01/Aug/2026:23:46:26 +0200] "GET /private/.env HTTP/1.1" 404 210 "-" "Mozilla/5.0 (Windows NT 10.0; Win64; x64) AppleWebKit/537.36 (KHTML, like Gecko) Chrome/136.0.0.0 Safari/537.36 (Silvy X Ran; +https://silvyxran.love; +https://silver.inc)"
159.223.213.20 - - [01/Aug/2026:23:46:26 +0200] "GET /api/settings HTTP/1.1" 404 210 "-" "Mozilla/5.0 (Windows NT 10.0; Win64; x64) AppleWebKit/537.36 (KHTML, like Gecko) Chrome/136.0.0.0 Safari/537.36 (Silvy X Ran; +https://silvyxran.love; +https://silver.inc)"
144.31.143.114 - - [01/Aug/2026:23:46:26 +0200] "GET /data/config.json HTTP/1.1" 302 230 "-" "Mozilla/5.0 (Windows NT 10.0; Win64; x64) AppleWebKit/537.36 (KHTML, like Gecko) Chrome/136.0.0.0 Safari/537.36 (Silvy X Ran; +https://silvyxran.love; +https://silver.inc)"
147.45.240.150 - - [01/Aug/2026:23:46:26 +0200] "GET /config/default.json HTTP/1.1" 404 217 "-" "Mozilla/5.0 (Windows NT 10.0; Win64; x64) AppleWebKit/537.36 (KHTML, like Gecko) Chrome/136.0.0.0 Safari/537.36 (Silvy X Ran; +https://silvyxran.love; +https://silver.inc)"
143.198.85.89 - - [01/Aug/2026:23:46:26 +0200] "GET /public/.env HTTP/1.1" 404 209 "-" "Mozilla/5.0 (Windows NT 10.0; Win64; x64) AppleWebKit/537.36 (KHTML, like Gecko) Chrome/136.0.0.0 Safari/537.36 (Silvy X Ran; +https://silvyxran.love; +https://silver.inc)"
168.129.177.245 - - [01/Aug/2026:23:46:26 +0200] "GET /docker-compose.dev.yml HTTP/1.1" 404 220 "-" "Mozilla/5.0 (Windows NT 10.0; Win64; x64) AppleWebKit/537.36 (KHTML, like Gecko) Chrome/136.0.0.0 Safari/537.36 (Silvy X Ran; +https://silvyxran.love; +https://silver.inc)"
144.24.123.141 - - [01/Aug/2026:23:46:26 +0200] "GET /.env.dev HTTP/1.1" 404 206 "-" "Mozilla/5.0 (Windows NT 10.0; Win64; x64) AppleWebKit/537.36 (KHTML, like Gecko) Chrome/136.0.0.0 Safari/537.36 (Silvy X Ran; +https://silvyxran.love; +https://silver.inc)"
138.124.103.234 - - [01/Aug/2026:23:46:26 +0200] "GET /config/production.json HTTP/1.1" 404 220 "-" "Mozilla/5.0 (Windows NT 10.0; Win64; x64) AppleWebKit/537.36 (KHTML, like Gecko) Chrome/136.0.0.0 Safari/537.36 (Silvy X Ran; +https://silvyxran.love; +https://silver.inc)"
159.223.213.20 - - [01/Aug/2026:23:46:26 +0200] "GET /api/env HTTP/1.1" 404 205 "-" "Mozilla/5.0 (Windows NT 10.0; Win64; x64) AppleWebKit/537.36 (KHTML, like Gecko) Chrome/136.0.0.0 Safari/537.36 (Silvy X Ran; +https://silvyxran.love; +https://silver.inc)"
47.239.116.165 - - [01/Aug/2026:23:46:26 +0200] "GET /.env.development.local HTTP/1.1" 404 220 "-" "Mozilla/5.0 (Windows NT 10.0; Win64; x64) AppleWebKit/537.36 (KHTML, like Gecko) Chrome/136.0.0.0 Safari/537.36 (Silvy X Ran; +https://silvyxran.love; +https://silver.inc)"
147.45.240.150 - - [01/Aug/2026:23:46:27 +0200] "GET /config/local.json HTTP/1.1" 404 215 "-" "Mozilla/5.0 (Windows NT 10.0; Win64; x64) AppleWebKit/537.36 (KHTML, like Gecko) Chrome/136.0.0.0 Safari/537.36 (Silvy X Ran; +https://silvyxran.love; +https://silver.inc)"
159.223.213.20 - - [01/Aug/2026:23:46:27 +0200] "GET /backup/.env HTTP/1.1" 404 209 "-" "Mozilla/5.0 (Windows NT 10.0; Win64; x64) AppleWebKit/537.36 (KHTML, like Gecko) Chrome/136.0.0.0 Safari/537.36 (Silvy X Ran; +https://silvyxran.love; +https://silver.inc)"
103.4.251.3 - - [01/Aug/2026:23:46:27 +0200] "GET / HTTP/1.1" 200 4076 "-" "Mozilla/5.0 (X11; Linux x86_64) AppleWebKit/537.36 (KHTML, like Gecko) Chrome/131.0.0.0 Safari/537.36"
144.31.143.114 - - [01/Aug/2026:23:46:27 +0200] "GET /actuator/env HTTP/1.1" 302 226 "-" "Mozilla/5.0 (Windows NT 10.0; Win64; x64) AppleWebKit/537.36 (KHTML, like Gecko) Chrome/136.0.0.0 Safari/537.36 (Silvy X Ran; +https://silvyxran.love; +https://silver.inc)"
161.118.169.38 - - [01/Aug/2026:23:46:27 +0200] "GET /cdp_api_key.json HTTP/1.1" 404 214 "-" "Mozilla/5.0 (Windows NT 10.0; Win64; x64) AppleWebKit/537.36 (KHTML, like Gecko) Chrome/136.0.0.0 Safari/537.36 (Silvy X Ran; +https://silvyxran.love; +https://silver.inc)"
168.110.218.47 - - [01/Aug/2026:23:46:27 +0200] "GET /backend/.env HTTP/1.1" 404 210 "-" "Mozilla/5.0 (Windows NT 10.0; Win64; x64) AppleWebKit/537.36 (KHTML, like Gecko) Chrome/136.0.0.0 Safari/537.36 (Silvy X Ran; +https://silvyxran.love; +https://silver.inc)"
138.124.103.234 - - [01/Aug/2026:23:46:27 +0200] "GET /config/development.json HTTP/1.1" 404 221 "-" "Mozilla/5.0 (Windows NT 10.0; Win64; x64) AppleWebKit/537.36 (KHTML, like Gecko) Chrome/136.0.0.0 Safari/537.36 (Silvy X Ran; +https://silvyxran.love; +https://silver.inc)"
144.24.123.141 - - [01/Aug/2026:23:46:27 +0200] "GET /settings.json HTTP/1.1" 404 211 "-" "Mozilla/5.0 (Windows NT 10.0; Win64; x64) AppleWebKit/537.36 (KHTML, like Gecko) Chrome/136.0.0.0 Safari/537.36 (Silvy X Ran; +https://silvyxran.love; +https://silver.inc)"
152.42.235.126 - - [01/Aug/2026:23:46:27 +0200] "GET /var/.env HTTP/1.1" 404 206 "-" "Mozilla/5.0 (Windows NT 10.0; Win64; x64) AppleWebKit/537.36 (KHTML, like Gecko) Chrome/136.0.0.0 Safari/537.36 (Silvy X Ran; +https://silvyxran.love; +https://silver.inc)"
147.45.240.150 - - [01/Aug/2026:23:46:27 +0200] "GET /conf/settings.json HTTP/1.1" 404 216 "-" "Mozilla/5.0 (Windows NT 10.0; Win64; x64) AppleWebKit/537.36 (KHTML, like Gecko) Chrome/136.0.0.0 Safari/537.36 (Silvy X Ran; +https://silvyxran.love; +https://silver.inc)"
159.223.213.20 - - [01/Aug/2026:23:46:27 +0200] "GET /backups/.env HTTP/1.1" 404 210 "-" "Mozilla/5.0 (Windows NT 10.0; Win64; x64) AppleWebKit/537.36 (KHTML, like Gecko) Chrome/136.0.0.0 Safari/537.36 (Silvy X Ran; +https://silvyxran.love; +https://silver.inc)"
139.59.102.20 - - [01/Aug/2026:23:46:27 +0200] "GET /var/.env HTTP/1.1" 404 206 "-" "Mozilla/5.0 (Windows NT 10.0; Win64; x64) AppleWebKit/537.36 (KHTML, like Gecko) Chrome/136.0.0.0 Safari/537.36 (Silvy X Ran; +https://silvyxran.love; +https://silver.inc)"
144.24.123.141 - - [01/Aug/2026:23:46:27 +0200] "GET /.env.prod HTTP/1.1" 404 207 "-" "Mozilla/5.0 (Windows NT 10.0; Win64; x64) AppleWebKit/537.36 (KHTML, like Gecko) Chrome/136.0.0.0 Safari/537.36 (Silvy X Ran; +https://silvyxran.love; +https://silver.inc)"
159.223.213.20 - - [01/Aug/2026:23:46:27 +0200] "GET /old/.env HTTP/1.1" 404 206 "-" "Mozilla/5.0 (Windows NT 10.0; Win64; x64) AppleWebKit/537.36 (KHTML, like Gecko) Chrome/136.0.0.0 Safari/537.36 (Silvy X Ran; +https://silvyxran.love; +https://silver.inc)"
168.129.177.245 - - [01/Aug/2026:23:46:27 +0200] "GET /docker-compose.prod.yml HTTP/1.1" 404 221 "-" "Mozilla/5.0 (Windows NT 10.0; Win64; x64) AppleWebKit/537.36 (KHTML, like Gecko) Chrome/136.0.0.0 Safari/537.36 (Silvy X Ran; +https://silvyxran.love; +https://silver.inc)"
138.124.103.234 - - [01/Aug/2026:23:46:27 +0200] "GET /config/default.json HTTP/1.1" 404 217 "-" "Mozilla/5.0 (Windows NT 10.0; Win64; x64) AppleWebKit/537.36 (KHTML, like Gecko) Chrome/136.0.0.0 Safari/537.36 (Silvy X Ran; +https://silvyxran.love; +https://silver.inc)"
144.31.143.114 - - [01/Aug/2026:23:46:27 +0200] "GET /actuator/configprops HTTP/1.1" 302 234 "-" "Mozilla/5.0 (Windows NT 10.0; Win64; x64) AppleWebKit/537.36 (KHTML, like Gecko) Chrome/136.0.0.0 Safari/537.36 (Silvy X Ran; +https://silvyxran.love; +https://silver.inc)"
143.198.85.89 - - [01/Aug/2026:23:46:27 +0200] "GET /private/.env HTTP/1.1" 404 210 "-" "Mozilla/5.0 (Windows NT 10.0; Win64; x64) AppleWebKit/537.36 (KHTML, like Gecko) Chrome/136.0.0.0 Safari/537.36 (Silvy X Ran; +https://silvyxran.love; +https://silver.inc)"
159.223.213.20 - - [01/Aug/2026:23:46:27 +0200] "GET /temp/.env HTTP/1.1" 404 207 "-" "Mozilla/5.0 (Windows NT 10.0; Win64; x64) AppleWebKit/537.36 (KHTML, like Gecko) Chrome/136.0.0.0 Safari/537.36 (Silvy X Ran; +https://silvyxran.love; +https://silver.inc)"
47.239.116.165 - - [01/Aug/2026:23:46:27 +0200] "GET /.env.test.local HTTP/1.1" 404 213 "-" "Mozilla/5.0 (Windows NT 10.0; Win64; x64) AppleWebKit/537.36 (KHTML, like Gecko) Chrome/136.0.0.0 Safari/537.36 (Silvy X Ran; +https://silvyxran.love; +https://silver.inc)"
161.118.169.38 - - [01/Aug/2026:23:46:27 +0200] "GET /app.js HTTP/1.1" 404 204 "-" "Mozilla/5.0 (Windows NT 10.0; Win64; x64) AppleWebKit/537.36 (KHTML, like Gecko) Chrome/136.0.0.0 Safari/537.36 (Silvy X Ran; +https://silvyxran.love; +https://silver.inc)"
144.24.123.141 - - [01/Aug/2026:23:46:27 +0200] "GET /secrets.json HTTP/1.1" 404 210 "-" "Mozilla/5.0 (Windows NT 10.0; Win64; x64) AppleWebKit/537.36 (KHTML, like Gecko) Chrome/136.0.0.0 Safari/537.36 (Silvy X Ran; +https://silvyxran.love; +https://silver.inc)"
138.124.103.234 - - [01/Aug/2026:23:46:27 +0200] "GET /config/local.json HTTP/1.1" 404 215 "-" "Mozilla/5.0 (Windows NT 10.0; Win64; x64) AppleWebKit/537.36 (KHTML, like Gecko) Chrome/136.0.0.0 Safari/537.36 (Silvy X Ran; +https://silvyxran.love; +https://silver.inc)"
159.223.213.20 - - [01/Aug/2026:23:46:27 +0200] "GET /tmp/.env HTTP/1.1" 404 206 "-" "Mozilla/5.0 (Windows NT 10.0; Win64; x64) AppleWebKit/537.36 (KHTML, like Gecko) Chrome/136.0.0.0 Safari/537.36 (Silvy X Ran; +https://silvyxran.love; +https://silver.inc)"
144.31.143.114 - - [01/Aug/2026:23:46:27 +0200] "GET /api/config HTTP/1.1" 302 224 "-" "Mozilla/5.0 (Windows NT 10.0; Win64; x64) AppleWebKit/537.36 (KHTML, like Gecko) Chrome/136.0.0.0 Safari/537.36 (Silvy X Ran; +https://silvyxran.love; +https://silver.inc)"
103.196.9.183 - - [01/Aug/2026:23:46:20 +0200] "GET / HTTP/1.1" 200 7063 "-" "Mozilla/5.0 (Windows NT 10.0; Win64; x64) AppleWebKit/537.36 (KHTML, like Gecko) Chrome/130.0.0.0 Safari/537.36"
78.189.24.202 - - [01/Aug/2026:23:46:24 +0200] "GET /main.bundle.js HTTP/1.1" 404 212 "-" "Mozilla/5.0 (Windows NT 10.0; Win64; x64) AppleWebKit/537.36 (KHTML, like Gecko) Chrome/136.0.0.0 Safari/537.36 (Silvy X Ran; +https://silvyxran.love; +https://silver.inc)"
171.22.217.45 - - [01/Aug/2026:23:46:27 +0200] "GET / HTTP/1.1" 200 246 "-" "Mozilla/5.0 (X11; Linux x86_64) AppleWebKit/537.36 (KHTML, like Gecko) Chrome/131.0.0.0 Safari/537.36"
152.42.235.126 - - [01/Aug/2026:23:46:27 +0200] "GET /docker-compose.yml HTTP/1.1" 404 216 "-" "Mozilla/5.0 (Windows NT 10.0; Win64; x64) AppleWebKit/537.36 (KHTML, like Gecko) Chrome/136.0.0.0 Safari/537.36 (Silvy X Ran; +https://silvyxran.love; +https://silver.inc)"
104.164.126.195 - - [01/Aug/2026:23:46:27 +0200] "GET / HTTP/1.1" 200 23637 "-" "Mozilla/5.0 (X11; Linux x86_64) AppleWebKit/537.36 (KHTML, like Gecko) Chrome/130.0.0.0 Safari/537.36"
144.24.123.141 - - [01/Aug/2026:23:46:27 +0200] "GET /.env.test HTTP/1.1" 404 207 "-" "Mozilla/5.0 (Windows NT 10.0; Win64; x64) AppleWebKit/537.36 (KHTML, like Gecko) Chrome/136.0.0.0 Safari/537.36 (Silvy X Ran; +https://silvyxran.love; +https://silver.inc)"
104.164.173.231 - - [01/Aug/2026:23:46:21 +0200] "GET / HTTP/1.1" 200 7063 "-" "Mozilla/5.0 (X11; Linux x86_64) AppleWebKit/537.36 (KHTML, like Gecko) Chrome/130.0.0.0 Safari/537.36"
159.223.213.20 - - [01/Aug/2026:23:46:27 +0200] "GET /.streamlit/secrets.toml HTTP/1.1" 404 221 "-" "Mozilla/5.0 (Windows NT 10.0; Win64; x64) AppleWebKit/537.36 (KHTML, like Gecko) Chrome/136.0.0.0 Safari/537.36 (Silvy X Ran; +https://silvyxran.love; +https://silver.inc)"
168.110.218.47 - - [01/Aug/2026:23:46:27 +0200] "GET /frontend/.env HTTP/1.1" 404 211 "-" "Mozilla/5.0 (Windows NT 10.0; Win64; x64) AppleWebKit/537.36 (KHTML, like Gecko) Chrome/136.0.0.0 Safari/537.36 (Silvy X Ran; +https://silvyxran.love; +https://silver.inc)"
103.4.251.147 - - [01/Aug/2026:23:46:27 +0200] "GET / HTTP/1.1" 200 2794 "-" "Mozilla/5.0 (Windows NT 10.0; Win64; x64) AppleWebKit/537.36 (KHTML, like Gecko) Chrome/130.0.0.0 Safari/537.36"
139.59.102.20 - - [01/Aug/2026:23:46:27 +0200] "GET /docker-compose.yml HTTP/1.1" 404 216 "-" "Mozilla/5.0 (Windows NT 10.0; Win64; x64) AppleWebKit/537.36 (KHTML, like Gecko) Chrome/136.0.0.0 Safari/537.36 (Silvy X Ran; +https://silvyxran.love; +https://silver.inc)"
144.31.143.114 - - [01/Aug/2026:23:46:27 +0200] "GET /api/settings HTTP/1.1" 302 226 "-" "Mozilla/5.0 (Windows NT 10.0; Win64; x64) AppleWebKit/537.36 (KHTML, like Gecko) Chrome/136.0.0.0 Safari/537.36 (Silvy X Ran; +https://silvyxran.love; +https://silver.inc)"
138.124.103.234 - - [01/Aug/2026:23:46:27 +0200] "GET /conf/settings.json HTTP/1.1" 404 216 "-" "Mozilla/5.0 (Windows NT 10.0; Win64; x64) AppleWebKit/537.36 (KHTML, like Gecko) Chrome/136.0.0.0 Safari/537.36 (Silvy X Ran; +https://silvyxran.love; +https://silver.inc)"
168.129.177.245 - - [01/Aug/2026:23:46:27 +0200] "GET /config.js HTTP/1.1" 404 207 "-" "Mozilla/5.0 (Windows NT 10.0; Win64; x64) AppleWebKit/537.36 (KHTML, like Gecko) Chrome/136.0.0.0 Safari/537.36 (Silvy X Ran; +https://silvyxran.love; +https://silver.inc)"
103.4.251.86 - - [01/Aug/2026:23:46:27 +0200] "GET / HTTP/1.1" 200 2674 "-" "Mozilla/5.0 (X11; Linux x86_64) AppleWebKit/537.36 (KHTML, like Gecko) Chrome/131.0.0.0 Safari/537.36"
78.189.24.202 - - [01/Aug/2026:23:46:27 +0200] "GET /vendor.js HTTP/1.1" 404 207 "-" "Mozilla/5.0 (Windows NT 10.0; Win64; x64) AppleWebKit/537.36 (KHTML, like Gecko) Chrome/136.0.0.0 Safari/537.36 (Silvy X Ran; +https://silvyxran.love; +https://silver.inc)"
159.223.213.20 - - [01/Aug/2026:23:46:27 +0200] "GET /root/.streamlit/secrets.toml HTTP/1.1" 404 226 "-" "Mozilla/5.0 (Windows NT 10.0; Win64; x64) AppleWebKit/537.36 (KHTML, like Gecko) Chrome/136.0.0.0 Safari/537.36 (Silvy X Ran; +https://silvyxran.love; +https://silver.inc)"
143.198.85.89 - - [01/Aug/2026:23:46:27 +0200] "GET /var/.env HTTP/1.1" 404 206 "-" "Mozilla/5.0 (Windows NT 10.0; Win64; x64) AppleWebKit/537.36 (KHTML, like Gecko) Chrome/136.0.0.0 Safari/537.36 (Silvy X Ran; +https://silvyxran.love; +https://silver.inc)"
144.31.143.114 - - [01/Aug/2026:23:46:27 +0200] "GET /api/env HTTP/1.1" 302 221 "-" "Mozilla/5.0 (Windows NT 10.0; Win64; x64) AppleWebKit/537.36 (KHTML, like Gecko) Chrome/136.0.0.0 Safari/537.36 (Silvy X Ran; +https://silvyxran.love; +https://silver.inc)"
144.24.123.141 - - [01/Aug/2026:23:46:27 +0200] "GET /credentials.json HTTP/1.1" 404 214 "-" "Mozilla/5.0 (Windows NT 10.0; Win64; x64) AppleWebKit/537.36 (KHTML, like Gecko) Chrome/136.0.0.0 Safari/537.36 (Silvy X Ran; +https://silvyxran.love; +https://silver.inc)"
161.118.169.38 - - [01/Aug/2026:23:46:27 +0200] "GET /main.js HTTP/1.1" 404 205 "-" "Mozilla/5.0 (Windows NT 10.0; Win64; x64) AppleWebKit/537.36 (KHTML, like Gecko) Chrome/136.0.0.0 Safari/537.36 (Silvy X Ran; +https://silvyxran.love; +https://silver.inc)"
159.223.213.20 - - [01/Aug/2026:23:46:27 +0200] "GET /root/.aws/credentials HTTP/1.1" 404 219 "-" "Mozilla/5.0 (Windows NT 10.0; Win64; x64) AppleWebKit/537.36 (KHTML, like Gecko) Chrome/136.0.0.0 Safari/537.36 (Silvy X Ran; +https://silvyxran.love; +https://silver.inc)"
144.24.123.141 - - [01/Aug/2026:23:46:27 +0200] "GET /.env.staging HTTP/1.1" 404 210 "-" "Mozilla/5.0 (Windows NT 10.0; Win64; x64) AppleWebKit/537.36 (KHTML, like Gecko) Chrome/136.0.0.0 Safari/537.36 (Silvy X Ran; +https://silvyxran.love; +https://silver.inc)"
47.239.116.165 - - [01/Aug/2026:23:46:27 +0200] "GET /.envrc HTTP/1.1" 404 204 "-" "Mozilla/5.0 (Windows NT 10.0; Win64; x64) AppleWebKit/537.36 (KHTML, like Gecko) Chrome/136.0.0.0 Safari/537.36 (Silvy X Ran; +https://silvyxran.love; +https://silver.inc)"
159.223.213.20 - - [01/Aug/2026:23:46:27 +0200] "GET /home/ubuntu/.aws/credentials HTTP/1.1" 404 226 "-" "Mozilla/5.0 (Windows NT 10.0; Win64; x64) AppleWebKit/537.36 (KHTML, like Gecko) Chrome/136.0.0.0 Safari/537.36 (Silvy X Ran; +https://silvyxran.love; +https://silver.inc)"
152.42.235.126 - - [01/Aug/2026:23:46:27 +0200] "GET /docker-compose.yaml HTTP/1.1" 404 217 "-" "Mozilla/5.0 (Windows NT 10.0; Win64; x64) AppleWebKit/537.36 (KHTML, like Gecko) Chrome/136.0.0.0 Safari/537.36 (Silvy X Ran; +https://silvyxran.love; +https://silver.inc)"
144.31.143.114 - - [01/Aug/2026:23:46:27 +0200] "GET /backup/.env HTTP/1.1" 302 225 "-" "Mozilla/5.0 (Windows NT 10.0; Win64; x64) AppleWebKit/537.36 (KHTML, like Gecko) Chrome/136.0.0.0 Safari/537.36 (Silvy X Ran; +https://silvyxran.love; +https://silver.inc)"
78.189.24.202 - - [01/Aug/2026:23:46:27 +0200] "GET /chunk.js HTTP/1.1" 404 206 "-" "Mozilla/5.0 (Windows NT 10.0; Win64; x64) AppleWebKit/537.36 (KHTML, like Gecko) Chrome/136.0.0.0 Safari/537.36 (Silvy X Ran; +https://silvyxran.love; +https://silver.inc)"
168.129.177.245 - - [01/Aug/2026:23:46:28 +0200] "GET /config.json HTTP/1.1" 404 209 "-" "Mozilla/5.0 (Windows NT 10.0; Win64; x64) AppleWebKit/537.36 (KHTML, like Gecko) Chrome/136.0.0.0 Safari/537.36 (Silvy X Ran; +https://silvyxran.love; +https://silver.inc)"
159.223.213.20 - - [01/Aug/2026:23:46:28 +0200] "GET /home/ec2-user/.aws/credentials HTTP/1.1" 404 228 "-" "Mozilla/5.0 (Windows NT 10.0; Win64; x64) AppleWebKit/537.36 (KHTML, like Gecko) Chrome/136.0.0.0 Safari/537.36 (Silvy X Ran; +https://silvyxran.love; +https://silver.inc)"
139.59.102.20 - - [01/Aug/2026:23:46:28 +0200] "GET /docker-compose.yaml HTTP/1.1" 404 217 "-" "Mozilla/5.0 (Windows NT 10.0; Win64; x64) AppleWebKit/537.36 (KHTML, like Gecko) Chrome/136.0.0.0 Safari/537.36 (Silvy X Ran; +https://silvyxran.love; +https://silver.inc)"
168.110.218.47 - - [01/Aug/2026:23:46:28 +0200] "GET /api/.env HTTP/1.1" 404 206 "-" "Mozilla/5.0 (Windows NT 10.0; Win64; x64) AppleWebKit/537.36 (KHTML, like Gecko) Chrome/136.0.0.0 Safari/537.36 (Silvy X Ran; +https://silvyxran.love; +https://silver.inc)"
161.118.169.38 - - [01/Aug/2026:23:46:28 +0200] "GET /index.js HTTP/1.1" 404 206 "-" "Mozilla/5.0 (Windows NT 10.0; Win64; x64) AppleWebKit/537.36 (KHTML, like Gecko) Chrome/136.0.0.0 Safari/537.36 (Silvy X Ran; +https://silvyxran.love; +https://silver.inc)"
144.24.123.141 - - [01/Aug/2026:23:46:28 +0200] "GET /cdp_api_key.json HTTP/1.1" 404 214 "-" "Mozilla/5.0 (Windows NT 10.0; Win64; x64) AppleWebKit/537.36 (KHTML, like Gecko) Chrome/136.0.0.0 Safari/537.36 (Silvy X Ran; +https://silvyxran.love; +https://silver.inc)"
159.223.213.20 - - [01/Aug/2026:23:46:28 +0200] "GET /home/node/.aws/credentials HTTP/1.1" 404 224 "-" "Mozilla/5.0 (Windows NT 10.0; Win64; x64) AppleWebKit/537.36 (KHTML, like Gecko) Chrome/136.0.0.0 Safari/537.36 (Silvy X Ran; +https://silvyxran.love; +https://silver.inc)"
144.31.143.114 - - [01/Aug/2026:23:46:28 +0200] "GET /backups/.env HTTP/1.1" 302 226 "-" "Mozilla/5.0 (Windows NT 10.0; Win64; x64) AppleWebKit/537.36 (KHTML, like Gecko) Chrome/136.0.0.0 Safari/537.36 (Silvy X Ran; +https://silvyxran.love; +https://silver.inc)"
143.198.85.89 - - [01/Aug/2026:23:46:28 +0200] "GET /docker-compose.yml HTTP/1.1" 404 216 "-" "Mozilla/5.0 (Windows NT 10.0; Win64; x64) AppleWebKit/537.36 (KHTML, like Gecko) Chrome/136.0.0.0 Safari/537.36 (Silvy X Ran; +https://silvyxran.love; +https://silver.inc)"
144.24.123.141 - - [01/Aug/2026:23:46:28 +0200] "GET /.env.backup HTTP/1.1" 404 209 "-" "Mozilla/5.0 (Windows NT 10.0; Win64; x64) AppleWebKit/537.36 (KHTML, like Gecko) Chrome/136.0.0.0 Safari/537.36 (Silvy X Ran; +https://silvyxran.love; +https://silver.inc)"
78.189.24.202 - - [01/Aug/2026:23:46:28 +0200] "GET /static/js/main.js HTTP/1.1" 404 215 "-" "Mozilla/5.0 (Windows NT 10.0; Win64; x64) AppleWebKit/537.36 (KHTML, like Gecko) Chrome/136.0.0.0 Safari/537.36 (Silvy X Ran; +https://silvyxran.love; +https://silver.inc)"
159.223.213.20 - - [01/Aug/2026:23:46:28 +0200] "GET /terraform.tfvars HTTP/1.1" 404 214 "-" "Mozilla/5.0 (Windows NT 10.0; Win64; x64) AppleWebKit/537.36 (KHTML, like Gecko) Chrome/136.0.0.0 Safari/537.36 (Silvy X Ran; +https://silvyxran.love; +https://silver.inc)"
144.31.143.114 - - [01/Aug/2026:23:46:28 +0200] "GET /old/.env HTTP/1.1" 302 222 "-" "Mozilla/5.0 (Windows NT 10.0; Win64; x64) AppleWebKit/537.36 (KHTML, like Gecko) Chrome/136.0.0.0 Safari/537.36 (Silvy X Ran; +https://silvyxran.love; +https://silver.inc)"
152.42.235.126 - - [01/Aug/2026:23:46:28 +0200] "GET /docker-compose.override.yml HTTP/1.1" 404 225 "-" "Mozilla/5.0 (Windows NT 10.0; Win64; x64) AppleWebKit/537.36 (KHTML, like Gecko) Chrome/136.0.0.0 Safari/537.36 (Silvy X Ran; +https://silvyxran.love; +https://silver.inc)"
47.239.116.165 - - [01/Aug/2026:23:46:28 +0200] "GET /.flaskenv HTTP/1.1" 404 207 "-" "Mozilla/5.0 (Windows NT 10.0; Win64; x64) AppleWebKit/537.36 (KHTML, like Gecko) Chrome/136.0.0.0 Safari/537.36 (Silvy X Ran; +https://silvyxran.love; +https://silver.inc)"
168.129.177.245 - - [01/Aug/2026:23:46:28 +0200] "GET /settings.js HTTP/1.1" 404 209 "-" "Mozilla/5.0 (Windows NT 10.0; Win64; x64) AppleWebKit/537.36 (KHTML, like Gecko) Chrome/136.0.0.0 Safari/537.36 (Silvy X Ran; +https://silvyxran.love; +https://silver.inc)"
159.223.213.20 - - [01/Aug/2026:23:46:28 +0200] "GET /terraform.tfstate HTTP/1.1" 404 215 "-" "Mozilla/5.0 (Windows NT 10.0; Win64; x64) AppleWebKit/537.36 (KHTML, like Gecko) Chrome/136.0.0.0 Safari/537.36 (Silvy X Ran; +https://silvyxran.love; +https://silver.inc)"
128.199.182.55 - - [01/Aug/2026:23:46:28 +0200] "GET / HTTP/1.1" 200 323 "-" "Mozilla/5.0 (l9scan/2.0.432313e2135323e2531323e25383; +https://leakix.net)"
161.118.169.38 - - [01/Aug/2026:23:46:28 +0200] "GET /server.js HTTP/1.1" 404 207 "-" "Mozilla/5.0 (Windows NT 10.0; Win64; x64) AppleWebKit/537.36 (KHTML, like Gecko) Chrome/136.0.0.0 Safari/537.36 (Silvy X Ran; +https://silvyxran.love; +https://silver.inc)"
144.24.123.141 - - [01/Aug/2026:23:46:28 +0200] "GET /app.js HTTP/1.1" 404 204 "-" "Mozilla/5.0 (Windows NT 10.0; Win64; x64) AppleWebKit/537.36 (KHTML, like Gecko) Chrome/136.0.0.0 Safari/537.36 (Silvy X Ran; +https://silvyxran.love; +https://silver.inc)"
78.189.24.202 - - [01/Aug/2026:23:46:28 +0200] "GET /static/js/app.js HTTP/1.1" 404 214 "-" "Mozilla/5.0 (Windows NT 10.0; Win64; x64) AppleWebKit/537.36 (KHTML, like Gecko) Chrome/136.0.0.0 Safari/537.36 (Silvy X Ran; +https://silvyxran.love; +https://silver.inc)"
104.164.173.38 - - [01/Aug/2026:23:46:27 +0200] "GET /themes/ HTTP/1.1" 200 1120 "-" "Mozilla/5.0 (Macintosh; Intel Mac OS X 10_15_7) AppleWebKit/537.36 (KHTML, like Gecko) Chrome/131.0.0.0 Safari/537.36"
144.31.143.114 - - [01/Aug/2026:23:46:28 +0200] "GET /temp/.env HTTP/1.1" 302 223 "-" "Mozilla/5.0 (Windows NT 10.0; Win64; x64) AppleWebKit/537.36 (KHTML, like Gecko) Chrome/136.0.0.0 Safari/537.36 (Silvy X Ran; +https://silvyxran.love; +https://silver.inc)"
159.223.213.20 - - [01/Aug/2026:23:46:28 +0200] "GET /ecosystem.config.js HTTP/1.1" 404 217 "-" "Mozilla/5.0 (Windows NT 10.0; Win64; x64) AppleWebKit/537.36 (KHTML, like Gecko) Chrome/136.0.0.0 Safari/537.36 (Silvy X Ran; +https://silvyxran.love; +https://silver.inc)"
144.24.123.141 - - [01/Aug/2026:23:46:28 +0200] "GET /.env.save HTTP/1.1" 404 207 "-" "Mozilla/5.0 (Windows NT 10.0; Win64; x64) AppleWebKit/537.36 (KHTML, like Gecko) Chrome/136.0.0.0 Safari/537.36 (Silvy X Ran; +https://silvyxran.love; +https://silver.inc)"
104.164.173.5 - - [01/Aug/2026:23:46:28 +0200] "GET / HTTP/1.1" 200 991 "-" "Mozilla/5.0 (X11; Linux x86_64) AppleWebKit/537.36 (KHTML, like Gecko) Chrome/130.0.0.0 Safari/537.36"
143.198.85.89 - - [01/Aug/2026:23:46:28 +0200] "GET /docker-compose.yaml HTTP/1.1" 404 217 "-" "Mozilla/5.0 (Windows NT 10.0; Win64; x64) AppleWebKit/537.36 (KHTML, like Gecko) Chrome/136.0.0.0 Safari/537.36 (Silvy X Ran; +https://silvyxran.love; +https://silver.inc)"
139.59.102.20 - - [01/Aug/2026:23:46:28 +0200] "GET /docker-compose.override.yml HTTP/1.1" 404 225 "-" "Mozilla/5.0 (Windows NT 10.0; Win64; x64) AppleWebKit/537.36 (KHTML, like Gecko) Chrome/136.0.0.0 Safari/537.36 (Silvy X Ran; +https://silvyxran.love; +https://silver.inc)"
168.110.218.47 - - [01/Aug/2026:23:46:28 +0200] "GET /server/.env HTTP/1.1" 404 209 "-" "Mozilla/5.0 (Windows NT 10.0; Win64; x64) AppleWebKit/537.36 (KHTML, like Gecko) Chrome/136.0.0.0 Safari/537.36 (Silvy X Ran; +https://silvyxran.love; +https://silver.inc)"
159.223.213.20 - - [01/Aug/2026:23:46:28 +0200] "GET /secrets.yaml HTTP/1.1" 404 210 "-" "Mozilla/5.0 (Windows NT 10.0; Win64; x64) AppleWebKit/537.36 (KHTML, like Gecko) Chrome/136.0.0.0 Safari/537.36 (Silvy X Ran; +https://silvyxran.love; +https://silver.inc)"
144.31.143.114 - - [01/Aug/2026:23:46:28 +0200] "GET /tmp/.env HTTP/1.1" 302 222 "-" "Mozilla/5.0 (Windows NT 10.0; Win64; x64) AppleWebKit/537.36 (KHTML, like Gecko) Chrome/136.0.0.0 Safari/537.36 (Silvy X Ran; +https://silvyxran.love; +https://silver.inc)"
78.189.24.202 - - [01/Aug/2026:23:46:28 +0200] "GET /static/js/bundle.js HTTP/1.1" 404 217 "-" "Mozilla/5.0 (Windows NT 10.0; Win64; x64) AppleWebKit/537.36 (KHTML, like Gecko) Chrome/136.0.0.0 Safari/537.36 (Silvy X Ran; +https://silvyxran.love; +https://silver.inc)"
159.223.213.20 - - [01/Aug/2026:23:46:28 +0200] "GET /secrets.yml HTTP/1.1" 404 209 "-" "Mozilla/5.0 (Windows NT 10.0; Win64; x64) AppleWebKit/537.36 (KHTML, like Gecko) Chrome/136.0.0.0 Safari/537.36 (Silvy X Ran; +https://silvyxran.love; +https://silver.inc)"
168.129.177.245 - - [01/Aug/2026:23:46:28 +0200] "GET /settings.json HTTP/1.1" 404 211 "-" "Mozilla/5.0 (Windows NT 10.0; Win64; x64) AppleWebKit/537.36 (KHTML, like Gecko) Chrome/136.0.0.0 Safari/537.36 (Silvy X Ran; +https://silvyxran.love; +https://silver.inc)"
161.118.169.38 - - [01/Aug/2026:23:46:28 +0200] "GET /bundle.js HTTP/1.1" 404 207 "-" "Mozilla/5.0 (Windows NT 10.0; Win64; x64) AppleWebKit/537.36 (KHTML, like Gecko) Chrome/136.0.0.0 Safari/537.36 (Silvy X Ran; +https://silvyxran.love; +https://silver.inc)"
144.24.123.141 - - [01/Aug/2026:23:46:28 +0200] "GET /main.js HTTP/1.1" 404 205 "-" "Mozilla/5.0 (Windows NT 10.0; Win64; x64) AppleWebKit/537.36 (KHTML, like Gecko) Chrome/136.0.0.0 Safari/537.36 (Silvy X Ran; +https://silvyxran.love; +https://silver.inc)"
144.31.143.114 - - [01/Aug/2026:23:46:28 +0200] "GET /.streamlit/secrets.toml HTTP/1.1" 302 237 "-" "Mozilla/5.0 (Windows NT 10.0; Win64; x64) AppleWebKit/537.36 (KHTML, like Gecko) Chrome/136.0.0.0 Safari/537.36 (Silvy X Ran; +https://silvyxran.love; +https://silver.inc)"
152.42.235.126 - - [01/Aug/2026:23:46:28 +0200] "GET /docker-compose.dev.yml HTTP/1.1" 404 220 "-" "Mozilla/5.0 (Windows NT 10.0; Win64; x64) AppleWebKit/537.36 (KHTML, like Gecko) Chrome/136.0.0.0 Safari/537.36 (Silvy X Ran; +https://silvyxran.love; +https://silver.inc)"
159.223.213.20 - - [01/Aug/2026:23:46:28 +0200] "GET /.secrets HTTP/1.1" 404 206 "-" "Mozilla/5.0 (Windows NT 10.0; Win64; x64) AppleWebKit/537.36 (KHTML, like Gecko) Chrome/136.0.0.0 Safari/537.36 (Silvy X Ran; +https://silvyxran.love; +https://silver.inc)"
144.24.123.141 - - [01/Aug/2026:23:46:28 +0200] "GET /.env.old HTTP/1.1" 404 206 "-" "Mozilla/5.0 (Windows NT 10.0; Win64; x64) AppleWebKit/537.36 (KHTML, like Gecko) Chrome/136.0.0.0 Safari/537.36 (Silvy X Ran; +https://silvyxran.love; +https://silver.inc)"
104.164.173.38 - - [01/Aug/2026:23:46:28 +0200] "GET /.well-known/ HTTP/1.1" 200 282 "-" "Mozilla/5.0 (Macintosh; Intel Mac OS X 10_15_7) AppleWebKit/537.36 (KHTML, like Gecko) Chrome/131.0.0.0 Safari/537.36"
159.223.213.20 - - [01/Aug/2026:23:46:29 +0200] "GET /.env.vault HTTP/1.1" 404 208 "-" "Mozilla/5.0 (Windows NT 10.0; Win64; x64) AppleWebKit/537.36 (KHTML, like Gecko) Chrome/136.0.0.0 Safari/537.36 (Silvy X Ran; +https://silvyxran.love; +https://silver.inc)"
143.198.85.89 - - [01/Aug/2026:23:46:29 +0200] "GET /docker-compose.override.yml HTTP/1.1" 404 225 "-" "Mozilla/5.0 (Windows NT 10.0; Win64; x64) AppleWebKit/537.36 (KHTML, like Gecko) Chrome/136.0.0.0 Safari/537.36 (Silvy X Ran; +https://silvyxran.love; +https://silver.inc)"
144.31.143.114 - - [01/Aug/2026:23:46:29 +0200] "GET /root/.streamlit/secrets.toml HTTP/1.1" 302 242 "-" "Mozilla/5.0 (Windows NT 10.0; Win64; x64) AppleWebKit/537.36 (KHTML, like Gecko) Chrome/136.0.0.0 Safari/537.36 (Silvy X Ran; +https://silvyxran.love; +https://silver.inc)"
139.59.102.20 - - [01/Aug/2026:23:46:29 +0200] "GET /docker-compose.dev.yml HTTP/1.1" 404 220 "-" "Mozilla/5.0 (Windows NT 10.0; Win64; x64) AppleWebKit/537.36 (KHTML, like Gecko) Chrome/136.0.0.0 Safari/537.36 (Silvy X Ran; +https://silvyxran.love; +https://silver.inc)"
168.110.218.47 - - [01/Aug/2026:23:46:29 +0200] "GET /client/.env HTTP/1.1" 404 209 "-" "Mozilla/5.0 (Windows NT 10.0; Win64; x64) AppleWebKit/537.36 (KHTML, like Gecko) Chrome/136.0.0.0 Safari/537.36 (Silvy X Ran; +https://silvyxran.love; +https://silver.inc)"
159.223.213.20 - - [01/Aug/2026:23:46:29 +0200] "GET /.aws/credentials HTTP/1.1" 404 214 "-" "Mozilla/5.0 (Windows NT 10.0; Win64; x64) AppleWebKit/537.36 (KHTML, like Gecko) Chrome/136.0.0.0 Safari/537.36 (Silvy X Ran; +https://silvyxran.love; +https://silver.inc)"
161.118.169.38 - - [01/Aug/2026:23:46:29 +0200] "GET /app.bundle.js HTTP/1.1" 404 211 "-" "Mozilla/5.0 (Windows NT 10.0; Win64; x64) AppleWebKit/537.36 (KHTML, like Gecko) Chrome/136.0.0.0 Safari/537.36 (Silvy X Ran; +https://silvyxran.love; +https://silver.inc)"
144.24.123.141 - - [01/Aug/2026:23:46:29 +0200] "GET /index.js HTTP/1.1" 404 206 "-" "Mozilla/5.0 (Windows NT 10.0; Win64; x64) AppleWebKit/537.36 (KHTML, like Gecko) Chrome/136.0.0.0 Safari/537.36 (Silvy X Ran; +https://silvyxran.love; +https://silver.inc)"
168.129.177.245 - - [01/Aug/2026:23:46:29 +0200] "GET /secrets.json HTTP/1.1" 404 210 "-" "Mozilla/5.0 (Windows NT 10.0; Win64; x64) AppleWebKit/537.36 (KHTML, like Gecko) Chrome/136.0.0.0 Safari/537.36 (Silvy X Ran; +https://silvyxran.love; +https://silver.inc)"
144.24.123.141 - - [01/Aug/2026:23:46:29 +0200] "GET /.env.bak HTTP/1.1" 404 206 "-" "Mozilla/5.0 (Windows NT 10.0; Win64; x64) AppleWebKit/537.36 (KHTML, like Gecko) Chrome/136.0.0.0 Safari/537.36 (Silvy X Ran; +https://silvyxran.love; +https://silver.inc)"
144.31.143.114 - - [01/Aug/2026:23:46:29 +0200] "GET /root/.aws/credentials HTTP/1.1" 302 235 "-" "Mozilla/5.0 (Windows NT 10.0; Win64; x64) AppleWebKit/537.36 (KHTML, like Gecko) Chrome/136.0.0.0 Safari/537.36 (Silvy X Ran; +https://silvyxran.love; +https://silver.inc)"
78.189.24.202 - - [01/Aug/2026:23:46:29 +0200] "GET /dist/main.js HTTP/1.1" 404 210 "-" "Mozilla/5.0 (Windows NT 10.0; Win64; x64) AppleWebKit/537.36 (KHTML, like Gecko) Chrome/136.0.0.0 Safari/537.36 (Silvy X Ran; +https://silvyxran.love; +https://silver.inc)"
159.223.213.20 - - [01/Aug/2026:23:46:29 +0200] "GET /.aws/config HTTP/1.1" 404 209 "-" "Mozilla/5.0 (Windows NT 10.0; Win64; x64) AppleWebKit/537.36 (KHTML, like Gecko) Chrome/136.0.0.0 Safari/537.36 (Silvy X Ran; +https://silvyxran.love; +https://silver.inc)"
152.42.235.126 - - [01/Aug/2026:23:46:29 +0200] "GET /docker-compose.prod.yml HTTP/1.1" 404 221 "-" "Mozilla/5.0 (Windows NT 10.0; Win64; x64) AppleWebKit/537.36 (KHTML, like Gecko) Chrome/136.0.0.0 Safari/537.36 (Silvy X Ran; +https://silvyxran.love; +https://silver.inc)"
87.58.197.202 - - [01/Aug/2026:23:46:25 +0200] "GET / HTTP/1.1" 200 1740 "-" "Mozilla/5.0 (Macintosh; Intel Mac OS X 10_15_7) AppleWebKit/537.36 (KHTML, like Gecko) Chrome/124.0.0.0 Safari/537.36"
159.223.213.20 - - [01/Aug/2026:23:46:29 +0200] "GET /.docker/config.json HTTP/1.1" 404 217 "-" "Mozilla/5.0 (Windows NT 10.0; Win64; x64) AppleWebKit/537.36 (KHTML, like Gecko) Chrome/136.0.0.0 Safari/537.36 (Silvy X Ran; +https://silvyxran.love; +https://silver.inc)"
144.31.143.114 - - [01/Aug/2026:23:46:29 +0200] "GET /home/ubuntu/.aws/credentials HTTP/1.1" 302 242 "-" "Mozilla/5.0 (Windows NT 10.0; Win64; x64) AppleWebKit/537.36 (KHTML, like Gecko) Chrome/136.0.0.0 Safari/537.36 (Silvy X Ran; +https://silvyxran.love; +https://silver.inc)"
103.4.250.43 - - [01/Aug/2026:23:46:24 +0200] "GET / HTTP/1.1" 401 2463 "-" "Mozilla/5.0 (Windows NT 10.0; Win64; x64) AppleWebKit/537.36 (KHTML, like Gecko) Chrome/131.0.0.0 Safari/537.36"
159.223.213.20 - - [01/Aug/2026:23:46:29 +0200] "GET /storage/framework/.env HTTP/1.1" 404 220 "-" "Mozilla/5.0 (Windows NT 10.0; Win64; x64) AppleWebKit/537.36 (KHTML, like Gecko) Chrome/136.0.0.0 Safari/537.36 (Silvy X Ran; +https://silvyxran.love; +https://silver.inc)"
161.118.169.38 - - [01/Aug/2026:23:46:29 +0200] "GET /main.bundle.js HTTP/1.1" 404 212 "-" "Mozilla/5.0 (Windows NT 10.0; Win64; x64) AppleWebKit/537.36 (KHTML, like Gecko) Chrome/136.0.0.0 Safari/537.36 (Silvy X Ran; +https://silvyxran.love; +https://silver.inc)"
143.198.85.89 - - [01/Aug/2026:23:46:29 +0200] "GET /docker-compose.dev.yml HTTP/1.1" 404 220 "-" "Mozilla/5.0 (Windows NT 10.0; Win64; x64) AppleWebKit/537.36 (KHTML, like Gecko) Chrome/136.0.0.0 Safari/537.36 (Silvy X Ran; +https://silvyxran.love; +https://silver.inc)"
144.24.123.141 - - [01/Aug/2026:23:46:29 +0200] "GET /server.js HTTP/1.1" 404 207 "-" "Mozilla/5.0 (Windows NT 10.0; Win64; x64) AppleWebKit/537.36 (KHTML, like Gecko) Chrome/136.0.0.0 Safari/537.36 (Silvy X Ran; +https://silvyxran.love; +https://silver.inc)"
139.59.102.20 - - [01/Aug/2026:23:46:29 +0200] "GET /docker-compose.prod.yml HTTP/1.1" 404 221 "-" "Mozilla/5.0 (Windows NT 10.0; Win64; x64) AppleWebKit/537.36 (KHTML, like Gecko) Chrome/136.0.0.0 Safari/537.36 (Silvy X Ran; +https://silvyxran.love; +https://silver.inc)"
104.164.173.38 - - [01/Aug/2026:23:46:28 +0200] "GET / HTTP/1.1" 200 6186 "-" "Mozilla/5.0 (Windows NT 10.0; Win64; x64) AppleWebKit/537.36 (KHTML, like Gecko) Chrome/130.0.0.0 Safari/537.36"
78.189.24.202 - - [01/Aug/2026:23:46:29 +0200] "GET /dist/app.js HTTP/1.1" 404 209 "-" "Mozilla/5.0 (Windows NT 10.0; Win64; x64) AppleWebKit/537.36 (KHTML, like Gecko) Chrome/136.0.0.0 Safari/537.36 (Silvy X Ran; +https://silvyxran.love; +https://silver.inc)"
144.24.123.141 - - [01/Aug/2026:23:46:29 +0200] "GET /.env.tmp HTTP/1.1" 404 206 "-" "Mozilla/5.0 (Windows NT 10.0; Win64; x64) AppleWebKit/537.36 (KHTML, like Gecko) Chrome/136.0.0.0 Safari/537.36 (Silvy X Ran; +https://silvyxran.love; +https://silver.inc)"
103.196.9.240 - - [01/Aug/2026:23:46:24 +0200] "GET / HTTP/1.1" 200 5603 "-" "Mozilla/5.0 (Macintosh; Intel Mac OS X 10_15_7) AppleWebKit/537.36 (KHTML, like Gecko) Chrome/130.0.0.0 Safari/537.36"
144.31.143.114 - - [01/Aug/2026:23:46:29 +0200] "GET /home/ec2-user/.aws/credentials HTTP/1.1" 302 244 "-" "Mozilla/5.0 (Windows NT 10.0; Win64; x64) AppleWebKit/537.36 (KHTML, like Gecko) Chrome/136.0.0.0 Safari/537.36 (Silvy X Ran; +https://silvyxran.love; +https://silver.inc)"
168.129.177.245 - - [01/Aug/2026:23:46:29 +0200] "GET /credentials.json HTTP/1.1" 404 214 "-" "Mozilla/5.0 (Windows NT 10.0; Win64; x64) AppleWebKit/537.36 (KHTML, like Gecko) Chrome/136.0.0.0 Safari/537.36 (Silvy X Ran; +https://silvyxran.love; +https://silver.inc)"
159.223.213.20 - - [01/Aug/2026:23:46:29 +0200] "GET /laravel/.env HTTP/1.1" 404 210 "-" "Mozilla/5.0 (Windows NT 10.0; Win64; x64) AppleWebKit/537.36 (KHTML, like Gecko) Chrome/136.0.0.0 Safari/537.36 (Silvy X Ran; +https://silvyxran.love; +https://silver.inc)"
154.28.229.169 - - [01/Aug/2026:23:46:23 +0200] "GET / HTTP/1.1" 401 2463 "-" "Mozilla/5.0 (Windows NT 10.0; Win64; x64) AppleWebKit/537.36 (KHTML, like Gecko) Chrome/131.0.0.0 Safari/537.36"
87.58.197.201 - - [01/Aug/2026:23:46:24 +0200] "GET / HTTP/1.1" 401 2463 "-" "Mozilla/5.0 (Macintosh; Intel Mac OS X 10_15_7) AppleWebKit/537.36 (KHTML, like Gecko) Chrome/124.0.0.0 Safari/537.36"
87.58.197.202 - - [01/Aug/2026:23:46:25 +0200] "GET / HTTP/1.1" 200 991 "-" "Mozilla/5.0 (Macintosh; Intel Mac OS X 10_15_7) AppleWebKit/537.36 (KHTML, like Gecko) Chrome/124.0.0.0 Safari/537.36"
144.31.143.114 - - [01/Aug/2026:23:46:29 +0200] "GET /home/node/.aws/credentials HTTP/1.1" 302 240 "-" "Mozilla/5.0 (Windows NT 10.0; Win64; x64) AppleWebKit/537.36 (KHTML, like Gecko) Chrome/136.0.0.0 Safari/537.36 (Silvy X Ran; +https://silvyxran.love; +https://silver.inc)"
103.196.9.115 - - [01/Aug/2026:23:46:29 +0200] "GET / HTTP/1.1" 200 - "-" "Mozilla/5.0 (Windows NT 10.0; Win64; x64) AppleWebKit/537.36 (KHTML, like Gecko) Chrome/130.0.0.0 Safari/537.36"
168.110.218.47 - - [01/Aug/2026:23:46:29 +0200] "GET /web/.env HTTP/1.1" 404 206 "-" "Mozilla/5.0 (Windows NT 10.0; Win64; x64) AppleWebKit/537.36 (KHTML, like Gecko) Chrome/136.0.0.0 Safari/537.36 (Silvy X Ran; +https://silvyxran.love; +https://silver.inc)"
78.189.24.202 - - [01/Aug/2026:23:46:29 +0200] "GET /dist/bundle.js HTTP/1.1" 404 212 "-" "Mozilla/5.0 (Windows NT 10.0; Win64; x64) AppleWebKit/537.36 (KHTML, like Gecko) Chrome/136.0.0.0 Safari/537.36 (Silvy X Ran; +https://silvyxran.love; +https://silver.inc)"
154.28.229.158 - - [01/Aug/2026:23:46:29 +0200] "GET / HTTP/1.1" 200 10919 "-" "Mozilla/5.0 (Macintosh; Intel Mac OS X 10_15_7) AppleWebKit/537.36 (KHTML, like Gecko) Chrome/131.0.0.0 Safari/537.36"
161.118.169.38 - - [01/Aug/2026:23:46:29 +0200] "GET /vendor.js HTTP/1.1" 404 207 "-" "Mozilla/5.0 (Windows NT 10.0; Win64; x64) AppleWebKit/537.36 (KHTML, like Gecko) Chrome/136.0.0.0 Safari/537.36 (Silvy X Ran; +https://silvyxran.love; +https://silver.inc)"
144.24.123.141 - - [01/Aug/2026:23:46:29 +0200] "GET /bundle.js HTTP/1.1" 404 207 "-" "Mozilla/5.0 (Windows NT 10.0; Win64; x64) AppleWebKit/537.36 (KHTML, like Gecko) Chrome/136.0.0.0 Safari/537.36 (Silvy X Ran; +https://silvyxran.love; +https://silver.inc)"
47.239.116.165 - - [01/Aug/2026:23:46:29 +0200] "GET /env HTTP/1.1" 404 201 "-" "Mozilla/5.0 (Windows NT 10.0; Win64; x64) AppleWebKit/537.36 (KHTML, like Gecko) Chrome/136.0.0.0 Safari/537.36 (Silvy X Ran; +https://silvyxran.love; +https://silver.inc)"
87.58.197.202 - - [01/Aug/2026:23:46:25 +0200] "GET / HTTP/1.1" 200 1757 "-" "Mozilla/5.0 (Macintosh; Intel Mac OS X 10_15_7) AppleWebKit/537.36 (KHTML, like Gecko) Chrome/124.0.0.0 Safari/537.36"
144.24.123.141 - - [01/Aug/2026:23:46:29 +0200] "GET /.env.swp HTTP/1.1" 404 206 "-" "Mozilla/5.0 (Windows NT 10.0; Win64; x64) AppleWebKit/537.36 (KHTML, like Gecko) Chrome/136.0.0.0 Safari/537.36 (Silvy X Ran; +https://silvyxran.love; +https://silver.inc)"
144.31.143.114 - - [01/Aug/2026:23:46:29 +0200] "GET /terraform.tfvars HTTP/1.1" 302 230 "-" "Mozilla/5.0 (Windows NT 10.0; Win64; x64) AppleWebKit/537.36 (KHTML, like Gecko) Chrome/136.0.0.0 Safari/537.36 (Silvy X Ran; +https://silvyxran.love; +https://silver.inc)"
