54.211.110.59 - - [01/Aug/2026:23:47:39 +0200] "GET /music/WMPlayer/dist/WMPlayer.js HTTP/1.1" 200 23295 "https://spaghetti-skeletti.mamweb.at/" "Mozilla/5.0 (Windows NT 10.0; Win64; x64) AppleWebKit/537.36 (KHTML, like Gecko) Chrome/145.0.7632.6 Safari/537.36"
54.211.110.59 - - [01/Aug/2026:23:47:39 +0200] "GET /music/WMPlayer/dist/WMPlayerEvent.js HTTP/1.1" 200 609 "https://spaghetti-skeletti.mamweb.at/" "Mozilla/5.0 (Windows NT 10.0; Win64; x64) AppleWebKit/537.36 (KHTML, like Gecko) Chrome/145.0.7632.6 Safari/537.36"
104.164.173.38 - - [01/Aug/2026:23:47:39 +0200] "-" 408 - "-" "-"
54.211.110.59 - - [01/Aug/2026:23:47:39 +0200] "GET /music/WMPlayer/dist/WMPlayerModel.js HTTP/1.1" 200 24851 "https://spaghetti-skeletti.mamweb.at/" "Mozilla/5.0 (Windows NT 10.0; Win64; x64) AppleWebKit/537.36 (KHTML, like Gecko) Chrome/145.0.7632.6 Safari/537.36"
54.211.110.59 - - [01/Aug/2026:23:47:39 +0200] "GET /js/jquery.js HTTP/1.1" 200 93099 "https://spaghetti-skeletti.mamweb.at/" "Mozilla/5.0 (Windows NT 10.0; Win64; x64) AppleWebKit/537.36 (KHTML, like Gecko) Chrome/145.0.7632.6 Safari/537.36"
54.211.110.59 - - [01/Aug/2026:23:47:39 +0200] "GET /js/bootstrap.min.js HTTP/1.1" 200 36816 "https://spaghetti-skeletti.mamweb.at/" "Mozilla/5.0 (Windows NT 10.0; Win64; x64) AppleWebKit/537.36 (KHTML, like Gecko) Chrome/145.0.7632.6 Safari/537.36"
54.211.110.59 - - [01/Aug/2026:23:47:39 +0200] "GET /music/WMPlayer/dist/WMPlayerView.js HTTP/1.1" 200 18789 "https://spaghetti-skeletti.mamweb.at/" "Mozilla/5.0 (Windows NT 10.0; Win64; x64) AppleWebKit/537.36 (KHTML, like Gecko) Chrome/145.0.7632.6 Safari/537.36"
143.198.85.89 - - [01/Aug/2026:23:47:39 +0200] "GET /google-credentials.json HTTP/1.1" 404 221 "-" "Mozilla/5.0 (Windows NT 10.0; Win64; x64) AppleWebKit/537.36 (KHTML, like Gecko) Chrome/136.0.0.0 Safari/537.36 (Silvy X Ran; +https://silvyxran.love; +https://silver.inc)"
54.211.110.59 - - [01/Aug/2026:23:47:39 +0200] "GET /images/spaghetti-skeletti_logo.jpg HTTP/1.1" 200 223903 "https://spaghetti-skeletti.mamweb.at/" "Mozilla/5.0 (Windows NT 10.0; Win64; x64) AppleWebKit/537.36 (KHTML, like Gecko) Chrome/145.0.7632.6 Safari/537.36"
54.211.110.59 - - [01/Aug/2026:23:47:39 +0200] "GET /fonts/ProximaNova-Regular.otf HTTP/1.1" 200 62892 "https://spaghetti-skeletti.mamweb.at/css/templatemo-gray.css" "Mozilla/5.0 (Windows NT 10.0; Win64; x64) AppleWebKit/537.36 (KHTML, like Gecko) Chrome/145.0.7632.6 Safari/537.36"
54.211.110.59 - - [01/Aug/2026:23:47:40 +0200] "GET /js/jquery.backstretch.min.js HTTP/1.1" 200 4235 "https://spaghetti-skeletti.mamweb.at/" "Mozilla/5.0 (Windows NT 10.0; Win64; x64) AppleWebKit/537.36 (KHTML, like Gecko) Chrome/145.0.7632.6 Safari/537.36"
54.211.110.59 - - [01/Aug/2026:23:47:40 +0200] "GET /js/custom.js HTTP/1.1" 200 377 "https://spaghetti-skeletti.mamweb.at/" "Mozilla/5.0 (Windows NT 10.0; Win64; x64) AppleWebKit/537.36 (KHTML, like Gecko) Chrome/145.0.7632.6 Safari/537.36"
54.211.110.59 - - [01/Aug/2026:23:47:40 +0200] "GET /music/WMPlayer/dist/WMPlayer.css HTTP/1.1" 200 7989 "https://spaghetti-skeletti.mamweb.at/" "Mozilla/5.0 (Windows NT 10.0; Win64; x64) AppleWebKit/537.36 (KHTML, like Gecko) Chrome/145.0.7632.6 Safari/537.36"
143.198.85.89 - - [01/Aug/2026:23:47:40 +0200] "GET /google-cloud-key.json HTTP/1.1" 404 219 "-" "Mozilla/5.0 (Windows NT 10.0; Win64; x64) AppleWebKit/537.36 (KHTML, like Gecko) Chrome/136.0.0.0 Safari/537.36 (Silvy X Ran; +https://silvyxran.love; +https://silver.inc)"
54.211.110.59 - - [01/Aug/2026:23:47:40 +0200] "GET /music/Songs/Covers/Spaghetti%20Skeletti%20-%202026%20-%20The%20Cookies%20[Maxi-Single]%20-%2001%20-%20The%20Cookies%20(Original%20Version).jpg HTTP/1.1" 404 312 "https://spaghetti-skeletti.mamweb.at/" "Mozilla/5.0 (Windows NT 10.0; Win64; x64) AppleWebKit/537.36 (KHTML, like Gecko) Chrome/145.0.7632.6 Safari/537.36"
54.211.110.59 - - [01/Aug/2026:23:47:40 +0200] "GET /images/wp-speakers-1.jpg HTTP/1.1" 200 159408 "https://spaghetti-skeletti.mamweb.at/" "Mozilla/5.0 (Windows NT 10.0; Win64; x64) AppleWebKit/537.36 (KHTML, like Gecko) Chrome/145.0.7632.6 Safari/537.36"
54.211.110.59 - - [01/Aug/2026:23:47:39 +0200] "GET /images/spaghetti-skeletti_avatar.jpg HTTP/1.1" 200 831884 "https://spaghetti-skeletti.mamweb.at/" "Mozilla/5.0 (Windows NT 10.0; Win64; x64) AppleWebKit/537.36 (KHTML, like Gecko) Chrome/145.0.7632.6 Safari/537.36"
143.198.85.89 - - [01/Aug/2026:23:47:40 +0200] "GET /firebase-adminsdk.json HTTP/1.1" 404 220 "-" "Mozilla/5.0 (Windows NT 10.0; Win64; x64) AppleWebKit/537.36 (KHTML, like Gecko) Chrome/136.0.0.0 Safari/537.36 (Silvy X Ran; +https://silvyxran.love; +https://silver.inc)"
54.211.110.59 - - [01/Aug/2026:23:47:40 +0200] "GET /images/wp-speakers-6.jpg HTTP/1.1" 200 640912 "https://spaghetti-skeletti.mamweb.at/" "Mozilla/5.0 (Windows NT 10.0; Win64; x64) AppleWebKit/537.36 (KHTML, like Gecko) Chrome/145.0.7632.6 Safari/537.36"
54.211.110.59 - - [01/Aug/2026:23:47:40 +0200] "GET /images/wp-headphones.jpg HTTP/1.1" 200 621296 "https://spaghetti-skeletti.mamweb.at/" "Mozilla/5.0 (Windows NT 10.0; Win64; x64) AppleWebKit/537.36 (KHTML, like Gecko) Chrome/145.0.7632.6 Safari/537.36"
143.198.85.89 - - [01/Aug/2026:23:47:41 +0200] "GET /firebase-credentials.json HTTP/1.1" 404 223 "-" "Mozilla/5.0 (Windows NT 10.0; Win64; x64) AppleWebKit/537.36 (KHTML, like Gecko) Chrome/136.0.0.0 Safari/537.36 (Silvy X Ran; +https://silvyxran.love; +https://silver.inc)"
143.198.85.89 - - [01/Aug/2026:23:47:41 +0200] "GET /root/.config/gcloud/application_default_credentials.json HTTP/1.1" 404 254 "-" "Mozilla/5.0 (Windows NT 10.0; Win64; x64) AppleWebKit/537.36 (KHTML, like Gecko) Chrome/136.0.0.0 Safari/537.36 (Silvy X Ran; +https://silvyxran.love; +https://silver.inc)"
54.211.110.59 - - [01/Aug/2026:23:47:40 +0200] "GET /music/Songs/Covers/Spaghetti%20Skeletti%20-%202026%20-%20The%20Cookies%20[Maxi-Single]%20-%2001%20-%20The%20Cookies%20(Original%20Version).png HTTP/1.1" 200 2678780 "https://spaghetti-skeletti.mamweb.at/" "Mozilla/5.0 (Windows NT 10.0; Win64; x64) AppleWebKit/537.36 (KHTML, like Gecko) Chrome/145.0.7632.6 Safari/537.36"
202.178.125.178 - - [01/Aug/2026:23:47:41 +0200] "GET /.docker/config.json HTTP/1.1" 404 217 "-" "Mozilla/5.0 (Windows NT 10.0; Win64; x64) AppleWebKit/537.36 (KHTML, like Gecko) Chrome/136.0.0.0 Safari/537.36 (Silvy X Ran; +https://silvyxran.love; +https://silver.inc)"
54.211.110.59 - - [01/Aug/2026:23:47:40 +0200] "GET /music/Songs/Spaghetti%20Skeletti%20-%202026%20-%20The%20Cookies%20[Maxi-Single]%20-%2001%20-%20The%20Cookies%20(Original%20Version).mp3 HTTP/1.1" 206 5191646 "https://spaghetti-skeletti.mamweb.at/" "Mozilla/5.0 (Windows NT 10.0; Win64; x64) AppleWebKit/537.36 (KHTML, like Gecko) Chrome/145.0.7632.6 Safari/537.36"
143.198.85.89 - - [01/Aug/2026:23:47:41 +0200] "GET /root/.config/gcloud/credentials.db HTTP/1.1" 404 232 "-" "Mozilla/5.0 (Windows NT 10.0; Win64; x64) AppleWebKit/537.36 (KHTML, like Gecko) Chrome/136.0.0.0 Safari/537.36 (Silvy X Ran; +https://silvyxran.love; +https://silver.inc)"
143.198.85.89 - - [01/Aug/2026:23:47:42 +0200] "GET /home/ubuntu/.config/gcloud/application_default_credentials.json HTTP/1.1" 404 261 "-" "Mozilla/5.0 (Windows NT 10.0; Win64; x64) AppleWebKit/537.36 (KHTML, like Gecko) Chrome/136.0.0.0 Safari/537.36 (Silvy X Ran; +https://silvyxran.love; +https://silver.inc)"
202.178.125.178 - - [01/Aug/2026:23:47:42 +0200] "GET /storage/framework/.env HTTP/1.1" 404 220 "-" "Mozilla/5.0 (Windows NT 10.0; Win64; x64) AppleWebKit/537.36 (KHTML, like Gecko) Chrome/136.0.0.0 Safari/537.36 (Silvy X Ran; +https://silvyxran.love; +https://silver.inc)"
54.211.110.59 - - [01/Aug/2026:23:47:42 +0200] "GET /favicon-32x32.png HTTP/1.1" 200 3357 "https://spaghetti-skeletti.mamweb.at/" "Mozilla/5.0 (Windows NT 10.0; Win64; x64) AppleWebKit/537.36 (KHTML, like Gecko) Chrome/145.0.7632.6 Safari/537.36"
143.198.85.89 - - [01/Aug/2026:23:47:42 +0200] "GET /home/node/.config/gcloud/application_default_credentials.json HTTP/1.1" 404 259 "-" "Mozilla/5.0 (Windows NT 10.0; Win64; x64) AppleWebKit/537.36 (KHTML, like Gecko) Chrome/136.0.0.0 Safari/537.36 (Silvy X Ran; +https://silvyxran.love; +https://silver.inc)"
143.198.85.89 - - [01/Aug/2026:23:47:43 +0200] "GET /app/credentials.json HTTP/1.1" 404 218 "-" "Mozilla/5.0 (Windows NT 10.0; Win64; x64) AppleWebKit/537.36 (KHTML, like Gecko) Chrome/136.0.0.0 Safari/537.36 (Silvy X Ran; +https://silvyxran.love; +https://silver.inc)"
66.80.0.98 - - [01/Aug/2026:23:47:43 +0200] "GET /application.properties HTTP/1.1" 404 220 "-" "Mozilla/5.0 (Windows NT 10.0; Win64; x64) AppleWebKit/537.36 (KHTML, like Gecko) Chrome/136.0.0.0 Safari/537.36 (Silvy X Ran; +https://silvyxran.love; +https://silver.inc)"
202.178.125.178 - - [01/Aug/2026:23:47:43 +0200] "GET /laravel/.env HTTP/1.1" 404 210 "-" "Mozilla/5.0 (Windows NT 10.0; Win64; x64) AppleWebKit/537.36 (KHTML, like Gecko) Chrome/136.0.0.0 Safari/537.36 (Silvy X Ran; +https://silvyxran.love; +https://silver.inc)"
85.215.251.124 - - [01/Aug/2026:23:47:43 +0200] "GET / HTTP/1.1" 200 1309 "-" "SpiceworksAgentShell/0.1a"
2a01:239:24f:1e00::1 - - [01/Aug/2026:23:47:43 +0200] "GET / HTTP/1.1" 200 2794 "-" "SpiceworksAgentShell/0.1a"
143.198.85.89 - - [01/Aug/2026:23:47:43 +0200] "GET /app/service-account.json HTTP/1.1" 404 222 "-" "Mozilla/5.0 (Windows NT 10.0; Win64; x64) AppleWebKit/537.36 (KHTML, like Gecko) Chrome/136.0.0.0 Safari/537.36 (Silvy X Ran; +https://silvyxran.love; +https://silver.inc)"
66.80.0.98 - - [01/Aug/2026:23:47:43 +0200] "GET /application.yml HTTP/1.1" 404 213 "-" "Mozilla/5.0 (Windows NT 10.0; Win64; x64) AppleWebKit/537.36 (KHTML, like Gecko) Chrome/136.0.0.0 Safari/537.36 (Silvy X Ran; +https://silvyxran.love; +https://silver.inc)"
66.80.0.98 - - [01/Aug/2026:23:47:43 +0200] "GET /application.yaml HTTP/1.1" 404 214 "-" "Mozilla/5.0 (Windows NT 10.0; Win64; x64) AppleWebKit/537.36 (KHTML, like Gecko) Chrome/136.0.0.0 Safari/537.36 (Silvy X Ran; +https://silvyxran.love; +https://silver.inc)"
143.198.85.89 - - [01/Aug/2026:23:47:44 +0200] "GET /config/gcp.json HTTP/1.1" 404 213 "-" "Mozilla/5.0 (Windows NT 10.0; Win64; x64) AppleWebKit/537.36 (KHTML, like Gecko) Chrome/136.0.0.0 Safari/537.36 (Silvy X Ran; +https://silvyxran.love; +https://silver.inc)"
66.80.0.98 - - [01/Aug/2026:23:47:44 +0200] "GET /application-dev.properties HTTP/1.1" 404 224 "-" "Mozilla/5.0 (Windows NT 10.0; Win64; x64) AppleWebKit/537.36 (KHTML, like Gecko) Chrome/136.0.0.0 Safari/537.36 (Silvy X Ran; +https://silvyxran.love; +https://silver.inc)"
66.80.0.98 - - [01/Aug/2026:23:47:44 +0200] "GET /application-prod.properties HTTP/1.1" 404 225 "-" "Mozilla/5.0 (Windows NT 10.0; Win64; x64) AppleWebKit/537.36 (KHTML, like Gecko) Chrome/136.0.0.0 Safari/537.36 (Silvy X Ran; +https://silvyxran.love; +https://silver.inc)"
54.211.110.59 - - [01/Aug/2026:23:47:44 +0200] "GET /favicon-16x16.png HTTP/1.1" 200 981 "-" "Mozilla/5.0 (Windows NT 10.0; Win64; x64) AppleWebKit/537.36 (KHTML, like Gecko) Chrome/145.0.7632.6 Safari/537.36"
54.211.110.59 - - [01/Aug/2026:23:47:44 +0200] "GET /favicon-32x32.png HTTP/1.1" 200 3357 "-" "Mozilla/5.0 (Windows NT 10.0; Win64; x64) AppleWebKit/537.36 (KHTML, like Gecko) Chrome/145.0.7632.6 Safari/537.36"
143.198.85.89 - - [01/Aug/2026:23:47:44 +0200] "GET /root/.config/hcloud/cli.toml HTTP/1.1" 404 226 "-" "Mozilla/5.0 (Windows NT 10.0; Win64; x64) AppleWebKit/537.36 (KHTML, like Gecko) Chrome/136.0.0.0 Safari/537.36 (Silvy X Ran; +https://silvyxran.love; +https://silver.inc)"
159.65.181.218 - - [01/Aug/2026:23:47:44 +0200] "GET / HTTP/1.1" 200 7063 "-" "Mozilla/5.0 (X11; Linux x86_64) AppleWebKit/537.36 (KHTML, like Gecko) Chrome/142.0.0.0 Safari/537.36"
66.80.0.98 - - [01/Aug/2026:23:47:44 +0200] "GET /appsettings.json HTTP/1.1" 404 214 "-" "Mozilla/5.0 (Windows NT 10.0; Win64; x64) AppleWebKit/537.36 (KHTML, like Gecko) Chrome/136.0.0.0 Safari/537.36 (Silvy X Ran; +https://silvyxran.love; +https://silver.inc)"
104.164.173.38 - - [01/Aug/2026:23:47:44 +0200] "-" 408 - "-" "-"
202.178.125.178 - - [01/Aug/2026:23:47:44 +0200] "GET /debug/vars HTTP/1.1" 404 208 "-" "Mozilla/5.0 (Windows NT 10.0; Win64; x64) AppleWebKit/537.36 (KHTML, like Gecko) Chrome/136.0.0.0 Safari/537.36 (Silvy X Ran; +https://silvyxran.love; +https://silver.inc)"
143.198.85.89 - - [01/Aug/2026:23:47:44 +0200] "GET /home/ubuntu/.config/hcloud/cli.toml HTTP/1.1" 404 233 "-" "Mozilla/5.0 (Windows NT 10.0; Win64; x64) AppleWebKit/537.36 (KHTML, like Gecko) Chrome/136.0.0.0 Safari/537.36 (Silvy X Ran; +https://silvyxran.love; +https://silver.inc)"
66.80.0.98 - - [01/Aug/2026:23:47:45 +0200] "GET /appsettings.Development.json HTTP/1.1" 404 226 "-" "Mozilla/5.0 (Windows NT 10.0; Win64; x64) AppleWebKit/537.36 (KHTML, like Gecko) Chrome/136.0.0.0 Safari/537.36 (Silvy X Ran; +https://silvyxran.love; +https://silver.inc)"
143.198.85.89 - - [01/Aug/2026:23:47:45 +0200] "GET /.hcloud.toml HTTP/1.1" 404 210 "-" "Mozilla/5.0 (Windows NT 10.0; Win64; x64) AppleWebKit/537.36 (KHTML, like Gecko) Chrome/136.0.0.0 Safari/537.36 (Silvy X Ran; +https://silvyxran.love; +https://silver.inc)"
66.80.0.98 - - [01/Aug/2026:23:47:45 +0200] "GET /appsettings.Production.json HTTP/1.1" 404 225 "-" "Mozilla/5.0 (Windows NT 10.0; Win64; x64) AppleWebKit/537.36 (KHTML, like Gecko) Chrome/136.0.0.0 Safari/537.36 (Silvy X Ran; +https://silvyxran.love; +https://silver.inc)"
143.198.85.89 - - [01/Aug/2026:23:47:45 +0200] "GET /hcloud.yml HTTP/1.1" 404 208 "-" "Mozilla/5.0 (Windows NT 10.0; Win64; x64) AppleWebKit/537.36 (KHTML, like Gecko) Chrome/136.0.0.0 Safari/537.36 (Silvy X Ran; +https://silvyxran.love; +https://silver.inc)"
66.80.0.98 - - [01/Aug/2026:23:47:45 +0200] "GET /config.yaml HTTP/1.1" 404 209 "-" "Mozilla/5.0 (Windows NT 10.0; Win64; x64) AppleWebKit/537.36 (KHTML, like Gecko) Chrome/136.0.0.0 Safari/537.36 (Silvy X Ran; +https://silvyxran.love; +https://silver.inc)"
66.80.0.98 - - [01/Aug/2026:23:47:46 +0200] "GET /config.yml HTTP/1.1" 404 208 "-" "Mozilla/5.0 (Windows NT 10.0; Win64; x64) AppleWebKit/537.36 (KHTML, like Gecko) Chrome/136.0.0.0 Safari/537.36 (Silvy X Ran; +https://silvyxran.love; +https://silver.inc)"
143.198.85.89 - - [01/Aug/2026:23:47:46 +0200] "GET /root/.config/linode-cli HTTP/1.1" 404 221 "-" "Mozilla/5.0 (Windows NT 10.0; Win64; x64) AppleWebKit/537.36 (KHTML, like Gecko) Chrome/136.0.0.0 Safari/537.36 (Silvy X Ran; +https://silvyxran.love; +https://silver.inc)"
143.198.85.89 - - [01/Aug/2026:23:47:46 +0200] "GET /home/ubuntu/.config/linode-cli HTTP/1.1" 404 228 "-" "Mozilla/5.0 (Windows NT 10.0; Win64; x64) AppleWebKit/537.36 (KHTML, like Gecko) Chrome/136.0.0.0 Safari/537.36 (Silvy X Ran; +https://silvyxran.love; +https://silver.inc)"
66.80.0.98 - - [01/Aug/2026:23:47:46 +0200] "GET /config.toml HTTP/1.1" 404 209 "-" "Mozilla/5.0 (Windows NT 10.0; Win64; x64) AppleWebKit/537.36 (KHTML, like Gecko) Chrome/136.0.0.0 Safari/537.36 (Silvy X Ran; +https://silvyxran.love; +https://silver.inc)"
159.65.181.218 - - [01/Aug/2026:23:47:46 +0200] "GET /favicon.ico HTTP/1.1" 404 209 "https://nucleus.mamweb.at/" "Mozilla/5.0 (X11; Linux x86_64) AppleWebKit/537.36 (KHTML, like Gecko) Chrome/142.0.0.0 Safari/537.36"
143.198.85.89 - - [01/Aug/2026:23:47:46 +0200] "GET /.linode-cli HTTP/1.1" 404 209 "-" "Mozilla/5.0 (Windows NT 10.0; Win64; x64) AppleWebKit/537.36 (KHTML, like Gecko) Chrome/136.0.0.0 Safari/537.36 (Silvy X Ran; +https://silvyxran.love; +https://silver.inc)"
159.65.181.218 - - [01/Aug/2026:23:47:47 +0200] "GET / HTTP/1.1" 302 214 "-" "Mozilla/5.0 (X11; Linux x86_64; rv:142.0) Gecko/20100101 Firefox/142.0"
143.198.85.89 - - [01/Aug/2026:23:47:47 +0200] "GET /root/.vultr-cli.yaml HTTP/1.1" 404 218 "-" "Mozilla/5.0 (Windows NT 10.0; Win64; x64) AppleWebKit/537.36 (KHTML, like Gecko) Chrome/136.0.0.0 Safari/537.36 (Silvy X Ran; +https://silvyxran.love; +https://silver.inc)"
202.178.125.178 - - [01/Aug/2026:23:47:47 +0200] "GET /.gcp/credentials.json HTTP/1.1" 404 219 "-" "Mozilla/5.0 (Windows NT 10.0; Win64; x64) AppleWebKit/537.36 (KHTML, like Gecko) Chrome/136.0.0.0 Safari/537.36 (Silvy X Ran; +https://silvyxran.love; +https://silver.inc)"
2604:a880:800:14:0:3:501c:3000 - - [01/Aug/2026:23:47:47 +0200] "GET / HTTP/1.1" 302 214 "-" "Mozilla/5.0 (X11; Linux x86_64) AppleWebKit/537.36 (KHTML, like Gecko) Chrome/142.0.0.0 Safari/537.36"
66.80.0.98 - - [01/Aug/2026:23:47:47 +0200] "GET /serverless.yml HTTP/1.1" 404 212 "-" "Mozilla/5.0 (Windows NT 10.0; Win64; x64) AppleWebKit/537.36 (KHTML, like Gecko) Chrome/136.0.0.0 Safari/537.36 (Silvy X Ran; +https://silvyxran.love; +https://silver.inc)"
143.198.85.89 - - [01/Aug/2026:23:47:47 +0200] "GET /home/ubuntu/.vultr-cli.yaml HTTP/1.1" 404 225 "-" "Mozilla/5.0 (Windows NT 10.0; Win64; x64) AppleWebKit/537.36 (KHTML, like Gecko) Chrome/136.0.0.0 Safari/537.36 (Silvy X Ran; +https://silvyxran.love; +https://silver.inc)"
66.80.0.98 - - [01/Aug/2026:23:47:47 +0200] "GET /serverless.yaml HTTP/1.1" 404 213 "-" "Mozilla/5.0 (Windows NT 10.0; Win64; x64) AppleWebKit/537.36 (KHTML, like Gecko) Chrome/136.0.0.0 Safari/537.36 (Silvy X Ran; +https://silvyxran.love; +https://silver.inc)"
202.178.125.178 - - [01/Aug/2026:23:47:47 +0200] "GET /.gcp/service-account.json HTTP/1.1" 404 223 "-" "Mozilla/5.0 (Windows NT 10.0; Win64; x64) AppleWebKit/537.36 (KHTML, like Gecko) Chrome/136.0.0.0 Safari/537.36 (Silvy X Ran; +https://silvyxran.love; +https://silver.inc)"
66.80.0.98 - - [01/Aug/2026:23:47:48 +0200] "GET /config/production.json HTTP/1.1" 404 220 "-" "Mozilla/5.0 (Windows NT 10.0; Win64; x64) AppleWebKit/537.36 (KHTML, like Gecko) Chrome/136.0.0.0 Safari/537.36 (Silvy X Ran; +https://silvyxran.love; +https://silver.inc)"
103.196.9.136 - - [01/Aug/2026:23:47:48 +0200] "-" 408 - "-" "-"
143.198.85.89 - - [01/Aug/2026:23:47:48 +0200] "GET /.vultr-cli.yaml HTTP/1.1" 404 213 "-" "Mozilla/5.0 (Windows NT 10.0; Win64; x64) AppleWebKit/537.36 (KHTML, like Gecko) Chrome/136.0.0.0 Safari/537.36 (Silvy X Ran; +https://silvyxran.love; +https://silver.inc)"
66.80.0.98 - - [01/Aug/2026:23:47:48 +0200] "GET /config/development.json HTTP/1.1" 404 221 "-" "Mozilla/5.0 (Windows NT 10.0; Win64; x64) AppleWebKit/537.36 (KHTML, like Gecko) Chrome/136.0.0.0 Safari/537.36 (Silvy X Ran; +https://silvyxran.love; +https://silver.inc)"
66.80.0.98 - - [01/Aug/2026:23:47:48 +0200] "GET /config/default.json HTTP/1.1" 404 217 "-" "Mozilla/5.0 (Windows NT 10.0; Win64; x64) AppleWebKit/537.36 (KHTML, like Gecko) Chrome/136.0.0.0 Safari/537.36 (Silvy X Ran; +https://silvyxran.love; +https://silver.inc)"
66.80.0.98 - - [01/Aug/2026:23:47:48 +0200] "GET /config/local.json HTTP/1.1" 404 215 "-" "Mozilla/5.0 (Windows NT 10.0; Win64; x64) AppleWebKit/537.36 (KHTML, like Gecko) Chrome/136.0.0.0 Safari/537.36 (Silvy X Ran; +https://silvyxran.love; +https://silver.inc)"
66.80.0.98 - - [01/Aug/2026:23:47:49 +0200] "GET /conf/settings.json HTTP/1.1" 404 216 "-" "Mozilla/5.0 (Windows NT 10.0; Win64; x64) AppleWebKit/537.36 (KHTML, like Gecko) Chrome/136.0.0.0 Safari/537.36 (Silvy X Ran; +https://silvyxran.love; +https://silver.inc)"
66.80.0.98 - - [01/Aug/2026:23:47:49 +0200] "GET /data/config.json HTTP/1.1" 404 214 "-" "Mozilla/5.0 (Windows NT 10.0; Win64; x64) AppleWebKit/537.36 (KHTML, like Gecko) Chrome/136.0.0.0 Safari/537.36 (Silvy X Ran; +https://silvyxran.love; +https://silver.inc)"
103.196.9.240 - - [01/Aug/2026:23:47:49 +0200] "-" 408 - "-" "-"
159.65.181.218 - - [01/Aug/2026:23:47:49 +0200] "GET /favicon.ico HTTP/1.1" 302 225 "https://webmail.mamweb.at/" "Mozilla/5.0 (X11; Linux x86_64; rv:142.0) Gecko/20100101 Firefox/142.0"
66.80.0.98 - - [01/Aug/2026:23:47:49 +0200] "GET /actuator/env HTTP/1.1" 404 210 "-" "Mozilla/5.0 (Windows NT 10.0; Win64; x64) AppleWebKit/537.36 (KHTML, like Gecko) Chrome/136.0.0.0 Safari/537.36 (Silvy X Ran; +https://silvyxran.love; +https://silver.inc)"
2604:a880:800:14:0:3:501c:3000 - - [01/Aug/2026:23:47:49 +0200] "GET /favicon.ico HTTP/1.1" 302 225 "https://webmail.mamweb.at/" "Mozilla/5.0 (X11; Linux x86_64) AppleWebKit/537.36 (KHTML, like Gecko) Chrome/142.0.0.0 Safari/537.36"
66.80.0.98 - - [01/Aug/2026:23:47:49 +0200] "GET /actuator/configprops HTTP/1.1" 404 218 "-" "Mozilla/5.0 (Windows NT 10.0; Win64; x64) AppleWebKit/537.36 (KHTML, like Gecko) Chrome/136.0.0.0 Safari/537.36 (Silvy X Ran; +https://silvyxran.love; +https://silver.inc)"
66.80.0.98 - - [01/Aug/2026:23:47:50 +0200] "GET /api/config HTTP/1.1" 404 208 "-" "Mozilla/5.0 (Windows NT 10.0; Win64; x64) AppleWebKit/537.36 (KHTML, like Gecko) Chrome/136.0.0.0 Safari/537.36 (Silvy X Ran; +https://silvyxran.love; +https://silver.inc)"
66.80.0.98 - - [01/Aug/2026:23:47:50 +0200] "GET /api/settings HTTP/1.1" 404 210 "-" "Mozilla/5.0 (Windows NT 10.0; Win64; x64) AppleWebKit/537.36 (KHTML, like Gecko) Chrome/136.0.0.0 Safari/537.36 (Silvy X Ran; +https://silvyxran.love; +https://silver.inc)"
66.80.0.98 - - [01/Aug/2026:23:47:50 +0200] "GET /api/env HTTP/1.1" 404 205 "-" "Mozilla/5.0 (Windows NT 10.0; Win64; x64) AppleWebKit/537.36 (KHTML, like Gecko) Chrome/136.0.0.0 Safari/537.36 (Silvy X Ran; +https://silvyxran.love; +https://silver.inc)"
66.80.0.98 - - [01/Aug/2026:23:47:50 +0200] "GET /backup/.env HTTP/1.1" 404 209 "-" "Mozilla/5.0 (Windows NT 10.0; Win64; x64) AppleWebKit/537.36 (KHTML, like Gecko) Chrome/136.0.0.0 Safari/537.36 (Silvy X Ran; +https://silvyxran.love; +https://silver.inc)"
66.80.0.98 - - [01/Aug/2026:23:47:51 +0200] "GET /backups/.env HTTP/1.1" 404 210 "-" "Mozilla/5.0 (Windows NT 10.0; Win64; x64) AppleWebKit/537.36 (KHTML, like Gecko) Chrome/136.0.0.0 Safari/537.36 (Silvy X Ran; +https://silvyxran.love; +https://silver.inc)"
130.12.180.126 - - [01/Aug/2026:23:47:51 +0200] "GET /.env HTTP/1.1" 404 202 "-" "Mozilla/5.0 (Macintosh; Intel Mac OS X 10_15_7) AppleWebKit/537.36 (KHTML, like Gecko, Yokohama Institute of Information Security https://www.iisec.ac.jp) Chrome/124.0.0.0 Safari/537.36"
66.80.0.98 - - [01/Aug/2026:23:47:51 +0200] "GET /old/.env HTTP/1.1" 404 206 "-" "Mozilla/5.0 (Windows NT 10.0; Win64; x64) AppleWebKit/537.36 (KHTML, like Gecko) Chrome/136.0.0.0 Safari/537.36 (Silvy X Ran; +https://silvyxran.love; +https://silver.inc)"
130.12.180.126 - - [01/Aug/2026:23:47:51 +0200] "GET /.git/HEAD HTTP/1.1" 404 207 "-" "Mozilla/5.0 (Macintosh; Intel Mac OS X 10_15_7) AppleWebKit/537.36 (KHTML, like Gecko, Yokohama Institute of Information Security https://www.iisec.ac.jp) Chrome/124.0.0.0 Safari/537.36"
202.178.125.178 - - [01/Aug/2026:23:47:51 +0200] "GET /gcp-credentials.json HTTP/1.1" 404 218 "-" "Mozilla/5.0 (Windows NT 10.0; Win64; x64) AppleWebKit/537.36 (KHTML, like Gecko) Chrome/136.0.0.0 Safari/537.36 (Silvy X Ran; +https://silvyxran.love; +https://silver.inc)"
66.80.0.98 - - [01/Aug/2026:23:47:52 +0200] "GET /temp/.env HTTP/1.1" 404 207 "-" "Mozilla/5.0 (Windows NT 10.0; Win64; x64) AppleWebKit/537.36 (KHTML, like Gecko) Chrome/136.0.0.0 Safari/537.36 (Silvy X Ran; +https://silvyxran.love; +https://silver.inc)"
130.12.180.126 - - [01/Aug/2026:23:47:52 +0200] "GET /.env HTTP/1.1" 404 202 "-" "Mozilla/5.0 (Macintosh; Intel Mac OS X 10_15_7) AppleWebKit/537.36 (KHTML, like Gecko, Yokohama Institute of Information Security https://www.iisec.ac.jp) Chrome/124.0.0.0 Safari/537.36"
202.178.125.178 - - [01/Aug/2026:23:47:52 +0200] "GET /gcp-service-account.json HTTP/1.1" 404 222 "-" "Mozilla/5.0 (Windows NT 10.0; Win64; x64) AppleWebKit/537.36 (KHTML, like Gecko) Chrome/136.0.0.0 Safari/537.36 (Silvy X Ran; +https://silvyxran.love; +https://silver.inc)"
130.12.180.126 - - [01/Aug/2026:23:47:52 +0200] "GET /.env.backup HTTP/1.1" 404 209 "-" "Mozilla/5.0 (Macintosh; Intel Mac OS X 10_15_7) AppleWebKit/537.36 (KHTML, like Gecko, Yokohama Institute of Information Security https://www.iisec.ac.jp) Chrome/124.0.0.0 Safari/537.36"
66.80.0.98 - - [01/Aug/2026:23:47:52 +0200] "GET /tmp/.env HTTP/1.1" 404 206 "-" "Mozilla/5.0 (Windows NT 10.0; Win64; x64) AppleWebKit/537.36 (KHTML, like Gecko) Chrome/136.0.0.0 Safari/537.36 (Silvy X Ran; +https://silvyxran.love; +https://silver.inc)"
130.12.180.126 - - [01/Aug/2026:23:47:52 +0200] "GET /.env HTTP/1.1" 404 202 "-" "Mozilla/5.0 (Macintosh; Intel Mac OS X 10_15_7) AppleWebKit/537.36 (KHTML, like Gecko, Yokohama Institute of Information Security https://www.iisec.ac.jp) Chrome/124.0.0.0 Safari/537.36"
66.80.0.98 - - [01/Aug/2026:23:47:52 +0200] "GET /.streamlit/secrets.toml HTTP/1.1" 404 221 "-" "Mozilla/5.0 (Windows NT 10.0; Win64; x64) AppleWebKit/537.36 (KHTML, like Gecko) Chrome/136.0.0.0 Safari/537.36 (Silvy X Ran; +https://silvyxran.love; +https://silver.inc)"
66.80.0.98 - - [01/Aug/2026:23:47:52 +0200] "GET /root/.streamlit/secrets.toml HTTP/1.1" 404 226 "-" "Mozilla/5.0 (Windows NT 10.0; Win64; x64) AppleWebKit/537.36 (KHTML, like Gecko) Chrome/136.0.0.0 Safari/537.36 (Silvy X Ran; +https://silvyxran.love; +https://silver.inc)"
130.12.180.126 - - [01/Aug/2026:23:47:52 +0200] "GET /.env HTTP/1.1" 404 202 "-" "Mozilla/5.0 (Macintosh; Intel Mac OS X 10_15_7) AppleWebKit/537.36 (KHTML, like Gecko, Yokohama Institute of Information Security https://www.iisec.ac.jp) Chrome/124.0.0.0 Safari/537.36"
130.12.180.126 - - [01/Aug/2026:23:47:53 +0200] "GET /.env HTTP/1.1" 302 207 "-" "Mozilla/5.0 (Macintosh; Intel Mac OS X 10_15_7) AppleWebKit/537.36 (KHTML, like Gecko, Yokohama Institute of Information Security https://www.iisec.ac.jp) Chrome/124.0.0.0 Safari/537.36"
130.12.180.126 - - [01/Aug/2026:23:47:53 +0200] "GET /.git/HEAD HTTP/1.1" 404 207 "-" "Mozilla/5.0 (Macintosh; Intel Mac OS X 10_15_7) AppleWebKit/537.36 (KHTML, like Gecko, Yokohama Institute of Information Security https://www.iisec.ac.jp) Chrome/124.0.0.0 Safari/537.36"
130.12.180.126 - - [01/Aug/2026:23:47:53 +0200] "GET /.env HTTP/1.1" 404 202 "-" "Mozilla/5.0 (Macintosh; Intel Mac OS X 10_15_7) AppleWebKit/537.36 (KHTML, like Gecko, Yokohama Institute of Information Security https://www.iisec.ac.jp) Chrome/124.0.0.0 Safari/537.36"
66.80.0.98 - - [01/Aug/2026:23:47:53 +0200] "GET /root/.aws/credentials HTTP/1.1" 404 219 "-" "Mozilla/5.0 (Windows NT 10.0; Win64; x64) AppleWebKit/537.36 (KHTML, like Gecko) Chrome/136.0.0.0 Safari/537.36 (Silvy X Ran; +https://silvyxran.love; +https://silver.inc)"
202.178.125.178 - - [01/Aug/2026:23:47:53 +0200] "GET /service-account.json HTTP/1.1" 404 218 "-" "Mozilla/5.0 (Windows NT 10.0; Win64; x64) AppleWebKit/537.36 (KHTML, like Gecko) Chrome/136.0.0.0 Safari/537.36 (Silvy X Ran; +https://silvyxran.love; +https://silver.inc)"
130.12.180.126 - - [01/Aug/2026:23:47:53 +0200] "GET /.env.old HTTP/1.1" 404 206 "-" "Mozilla/5.0 (Macintosh; Intel Mac OS X 10_15_7) AppleWebKit/537.36 (KHTML, like Gecko, Yokohama Institute of Information Security https://www.iisec.ac.jp) Chrome/124.0.0.0 Safari/537.36"
66.80.0.98 - - [01/Aug/2026:23:47:53 +0200] "GET /home/ubuntu/.aws/credentials HTTP/1.1" 404 226 "-" "Mozilla/5.0 (Windows NT 10.0; Win64; x64) AppleWebKit/537.36 (KHTML, like Gecko) Chrome/136.0.0.0 Safari/537.36 (Silvy X Ran; +https://silvyxran.love; +https://silver.inc)"
130.12.180.126 - - [01/Aug/2026:23:47:53 +0200] "GET /.git/HEAD HTTP/1.1" 404 207 "-" "Mozilla/5.0 (Macintosh; Intel Mac OS X 10_15_7) AppleWebKit/537.36 (KHTML, like Gecko, Yokohama Institute of Information Security https://www.iisec.ac.jp) Chrome/124.0.0.0 Safari/537.36"
66.80.0.98 - - [01/Aug/2026:23:47:53 +0200] "GET /home/ec2-user/.aws/credentials HTTP/1.1" 404 228 "-" "Mozilla/5.0 (Windows NT 10.0; Win64; x64) AppleWebKit/537.36 (KHTML, like Gecko) Chrome/136.0.0.0 Safari/537.36 (Silvy X Ran; +https://silvyxran.love; +https://silver.inc)"
130.12.180.126 - - [01/Aug/2026:23:47:53 +0200] "GET /.git/HEAD HTTP/1.1" 404 207 "-" "Mozilla/5.0 (Macintosh; Intel Mac OS X 10_15_7) AppleWebKit/537.36 (KHTML, like Gecko, Yokohama Institute of Information Security https://www.iisec.ac.jp) Chrome/124.0.0.0 Safari/537.36"
130.12.180.126 - - [01/Aug/2026:23:47:54 +0200] "GET /.git/HEAD HTTP/1.1" 302 212 "-" "Mozilla/5.0 (Macintosh; Intel Mac OS X 10_15_7) AppleWebKit/537.36 (KHTML, like Gecko, Yokohama Institute of Information Security https://www.iisec.ac.jp) Chrome/124.0.0.0 Safari/537.36"
130.12.180.126 - - [01/Aug/2026:23:47:54 +0200] "GET /.env.backup HTTP/1.1" 404 209 "-" "Mozilla/5.0 (Macintosh; Intel Mac OS X 10_15_7) AppleWebKit/537.36 (KHTML, like Gecko, Yokohama Institute of Information Security https://www.iisec.ac.jp) Chrome/124.0.0.0 Safari/537.36"
130.12.180.126 - - [01/Aug/2026:23:47:54 +0200] "GET /.git/HEAD HTTP/1.1" 404 207 "-" "Mozilla/5.0 (Macintosh; Intel Mac OS X 10_15_7) AppleWebKit/537.36 (KHTML, like Gecko, Yokohama Institute of Information Security https://www.iisec.ac.jp) Chrome/124.0.0.0 Safari/537.36"
66.80.0.98 - - [01/Aug/2026:23:47:54 +0200] "GET /home/node/.aws/credentials HTTP/1.1" 404 224 "-" "Mozilla/5.0 (Windows NT 10.0; Win64; x64) AppleWebKit/537.36 (KHTML, like Gecko) Chrome/136.0.0.0 Safari/537.36 (Silvy X Ran; +https://silvyxran.love; +https://silver.inc)"
66.80.0.98 - - [01/Aug/2026:23:47:54 +0200] "GET /terraform.tfvars HTTP/1.1" 404 214 "-" "Mozilla/5.0 (Windows NT 10.0; Win64; x64) AppleWebKit/537.36 (KHTML, like Gecko) Chrome/136.0.0.0 Safari/537.36 (Silvy X Ran; +https://silvyxran.love; +https://silver.inc)"
130.12.180.126 - - [01/Aug/2026:23:47:54 +0200] "GET /.env.save HTTP/1.1" 404 207 "-" "Mozilla/5.0 (Macintosh; Intel Mac OS X 10_15_7) AppleWebKit/537.36 (KHTML, like Gecko, Yokohama Institute of Information Security https://www.iisec.ac.jp) Chrome/124.0.0.0 Safari/537.36"
202.178.125.178 - - [01/Aug/2026:23:47:54 +0200] "GET /google-credentials.json HTTP/1.1" 404 221 "-" "Mozilla/5.0 (Windows NT 10.0; Win64; x64) AppleWebKit/537.36 (KHTML, like Gecko) Chrome/136.0.0.0 Safari/537.36 (Silvy X Ran; +https://silvyxran.love; +https://silver.inc)"
66.80.0.98 - - [01/Aug/2026:23:47:54 +0200] "GET /terraform.tfstate HTTP/1.1" 404 215 "-" "Mozilla/5.0 (Windows NT 10.0; Win64; x64) AppleWebKit/537.36 (KHTML, like Gecko) Chrome/136.0.0.0 Safari/537.36 (Silvy X Ran; +https://silvyxran.love; +https://silver.inc)"
130.12.180.126 - - [01/Aug/2026:23:47:54 +0200] "GET /.env.backup HTTP/1.1" 404 209 "-" "Mozilla/5.0 (Macintosh; Intel Mac OS X 10_15_7) AppleWebKit/537.36 (KHTML, like Gecko, Yokohama Institute of Information Security https://www.iisec.ac.jp) Chrome/124.0.0.0 Safari/537.36"
130.12.180.126 - - [01/Aug/2026:23:47:54 +0200] "GET /.env.backup HTTP/1.1" 404 209 "-" "Mozilla/5.0 (Macintosh; Intel Mac OS X 10_15_7) AppleWebKit/537.36 (KHTML, like Gecko, Yokohama Institute of Information Security https://www.iisec.ac.jp) Chrome/124.0.0.0 Safari/537.36"
66.80.0.98 - - [01/Aug/2026:23:47:55 +0200] "GET /ecosystem.config.js HTTP/1.1" 404 217 "-" "Mozilla/5.0 (Windows NT 10.0; Win64; x64) AppleWebKit/537.36 (KHTML, like Gecko) Chrome/136.0.0.0 Safari/537.36 (Silvy X Ran; +https://silvyxran.love; +https://silver.inc)"
66.80.0.98 - - [01/Aug/2026:23:47:55 +0200] "GET /secrets.yaml HTTP/1.1" 404 210 "-" "Mozilla/5.0 (Windows NT 10.0; Win64; x64) AppleWebKit/537.36 (KHTML, like Gecko) Chrome/136.0.0.0 Safari/537.36 (Silvy X Ran; +https://silvyxran.love; +https://silver.inc)"
130.12.180.126 - - [01/Aug/2026:23:47:55 +0200] "GET /.env.old HTTP/1.1" 404 206 "-" "Mozilla/5.0 (Macintosh; Intel Mac OS X 10_15_7) AppleWebKit/537.36 (KHTML, like Gecko, Yokohama Institute of Information Security https://www.iisec.ac.jp) Chrome/124.0.0.0 Safari/537.36"
130.12.180.126 - - [01/Aug/2026:23:47:55 +0200] "GET /.env.backup HTTP/1.1" 302 214 "-" "Mozilla/5.0 (Macintosh; Intel Mac OS X 10_15_7) AppleWebKit/537.36 (KHTML, like Gecko, Yokohama Institute of Information Security https://www.iisec.ac.jp) Chrome/124.0.0.0 Safari/537.36"
66.80.0.98 - - [01/Aug/2026:23:47:55 +0200] "GET /secrets.yml HTTP/1.1" 404 209 "-" "Mozilla/5.0 (Windows NT 10.0; Win64; x64) AppleWebKit/537.36 (KHTML, like Gecko) Chrome/136.0.0.0 Safari/537.36 (Silvy X Ran; +https://silvyxran.love; +https://silver.inc)"
130.12.180.126 - - [01/Aug/2026:23:47:55 +0200] "GET /.env.backup HTTP/1.1" 404 209 "-" "Mozilla/5.0 (Macintosh; Intel Mac OS X 10_15_7) AppleWebKit/537.36 (KHTML, like Gecko, Yokohama Institute of Information Security https://www.iisec.ac.jp) Chrome/124.0.0.0 Safari/537.36"
202.178.125.178 - - [01/Aug/2026:23:47:55 +0200] "GET /google-cloud-key.json HTTP/1.1" 404 219 "-" "Mozilla/5.0 (Windows NT 10.0; Win64; x64) AppleWebKit/537.36 (KHTML, like Gecko) Chrome/136.0.0.0 Safari/537.36 (Silvy X Ran; +https://silvyxran.love; +https://silver.inc)"
130.12.180.126 - - [01/Aug/2026:23:47:56 +0200] "GET /.env.bak HTTP/1.1" 404 206 "-" "Mozilla/5.0 (Macintosh; Intel Mac OS X 10_15_7) AppleWebKit/537.36 (KHTML, like Gecko, Yokohama Institute of Information Security https://www.iisec.ac.jp) Chrome/124.0.0.0 Safari/537.36"
159.65.181.218 - - [01/Aug/2026:23:47:56 +0200] "GET / HTTP/1.1" 200 991 "-" "Mozilla/5.0 (X11; Linux x86_64) AppleWebKit/537.36 (KHTML, like Gecko) Chrome/142.0.0.0 Safari/537.36"
66.80.0.98 - - [01/Aug/2026:23:47:56 +0200] "GET /.secrets HTTP/1.1" 404 206 "-" "Mozilla/5.0 (Windows NT 10.0; Win64; x64) AppleWebKit/537.36 (KHTML, like Gecko) Chrome/136.0.0.0 Safari/537.36 (Silvy X Ran; +https://silvyxran.love; +https://silver.inc)"
130.12.180.126 - - [01/Aug/2026:23:47:56 +0200] "GET /.env HTTP/1.1" 404 202 "-" "Mozilla/5.0 (Macintosh; Intel Mac OS X 10_15_7) AppleWebKit/537.36 (KHTML, like Gecko, Yokohama Institute of Information Security https://www.iisec.ac.jp) Chrome/124.0.0.0 Safari/537.36"
130.12.180.126 - - [01/Aug/2026:23:47:56 +0200] "GET /.env HTTP/1.1" 404 202 "-" "Mozilla/5.0 (Macintosh; Intel Mac OS X 10_15_7) AppleWebKit/537.36 (KHTML, like Gecko, Yokohama Institute of Information Security https://www.iisec.ac.jp) Chrome/124.0.0.0 Safari/537.36"
66.80.0.98 - - [01/Aug/2026:23:47:56 +0200] "GET /.env.vault HTTP/1.1" 404 208 "-" "Mozilla/5.0 (Windows NT 10.0; Win64; x64) AppleWebKit/537.36 (KHTML, like Gecko) Chrome/136.0.0.0 Safari/537.36 (Silvy X Ran; +https://silvyxran.love; +https://silver.inc)"
66.80.0.98 - - [01/Aug/2026:23:47:56 +0200] "GET /.aws/credentials HTTP/1.1" 404 214 "-" "Mozilla/5.0 (Windows NT 10.0; Win64; x64) AppleWebKit/537.36 (KHTML, like Gecko) Chrome/136.0.0.0 Safari/537.36 (Silvy X Ran; +https://silvyxran.love; +https://silver.inc)"
130.12.180.126 - - [01/Aug/2026:23:47:56 +0200] "GET /.env.old HTTP/1.1" 404 206 "-" "Mozilla/5.0 (Macintosh; Intel Mac OS X 10_15_7) AppleWebKit/537.36 (KHTML, like Gecko, Yokohama Institute of Information Security https://www.iisec.ac.jp) Chrome/124.0.0.0 Safari/537.36"
66.80.0.98 - - [01/Aug/2026:23:47:56 +0200] "GET /.aws/config HTTP/1.1" 404 209 "-" "Mozilla/5.0 (Windows NT 10.0; Win64; x64) AppleWebKit/537.36 (KHTML, like Gecko) Chrome/136.0.0.0 Safari/537.36 (Silvy X Ran; +https://silvyxran.love; +https://silver.inc)"
66.80.0.98 - - [01/Aug/2026:23:47:57 +0200] "GET /.docker/config.json HTTP/1.1" 404 217 "-" "Mozilla/5.0 (Windows NT 10.0; Win64; x64) AppleWebKit/537.36 (KHTML, like Gecko) Chrome/136.0.0.0 Safari/537.36 (Silvy X Ran; +https://silvyxran.love; +https://silver.inc)"
202.178.125.178 - - [01/Aug/2026:23:47:57 +0200] "GET /firebase-adminsdk.json HTTP/1.1" 404 220 "-" "Mozilla/5.0 (Windows NT 10.0; Win64; x64) AppleWebKit/537.36 (KHTML, like Gecko) Chrome/136.0.0.0 Safari/537.36 (Silvy X Ran; +https://silvyxran.love; +https://silver.inc)"
130.12.180.126 - - [01/Aug/2026:23:47:57 +0200] "GET /.env.save HTTP/1.1" 404 207 "-" "Mozilla/5.0 (Macintosh; Intel Mac OS X 10_15_7) AppleWebKit/537.36 (KHTML, like Gecko, Yokohama Institute of Information Security https://www.iisec.ac.jp) Chrome/124.0.0.0 Safari/537.36"
130.12.180.126 - - [01/Aug/2026:23:47:57 +0200] "GET /.env.old HTTP/1.1" 302 211 "-" "Mozilla/5.0 (Macintosh; Intel Mac OS X 10_15_7) AppleWebKit/537.36 (KHTML, like Gecko, Yokohama Institute of Information Security https://www.iisec.ac.jp) Chrome/124.0.0.0 Safari/537.36"
66.80.0.98 - - [01/Aug/2026:23:47:57 +0200] "GET /storage/framework/.env HTTP/1.1" 404 220 "-" "Mozilla/5.0 (Windows NT 10.0; Win64; x64) AppleWebKit/537.36 (KHTML, like Gecko) Chrome/136.0.0.0 Safari/537.36 (Silvy X Ran; +https://silvyxran.love; +https://silver.inc)"
130.12.180.126 - - [01/Aug/2026:23:47:57 +0200] "GET /.env.old HTTP/1.1" 404 206 "-" "Mozilla/5.0 (Macintosh; Intel Mac OS X 10_15_7) AppleWebKit/537.36 (KHTML, like Gecko, Yokohama Institute of Information Security https://www.iisec.ac.jp) Chrome/124.0.0.0 Safari/537.36"
66.80.0.98 - - [01/Aug/2026:23:47:57 +0200] "GET /laravel/.env HTTP/1.1" 404 210 "-" "Mozilla/5.0 (Windows NT 10.0; Win64; x64) AppleWebKit/537.36 (KHTML, like Gecko) Chrome/136.0.0.0 Safari/537.36 (Silvy X Ran; +https://silvyxran.love; +https://silver.inc)"
202.178.125.178 - - [01/Aug/2026:23:47:57 +0200] "GET /firebase-credentials.json HTTP/1.1" 404 223 "-" "Mozilla/5.0 (Windows NT 10.0; Win64; x64) AppleWebKit/537.36 (KHTML, like Gecko) Chrome/136.0.0.0 Safari/537.36 (Silvy X Ran; +https://silvyxran.love; +https://silver.inc)"
66.80.0.98 - - [01/Aug/2026:23:47:57 +0200] "GET /debug/vars HTTP/1.1" 404 208 "-" "Mozilla/5.0 (Windows NT 10.0; Win64; x64) AppleWebKit/537.36 (KHTML, like Gecko) Chrome/136.0.0.0 Safari/537.36 (Silvy X Ran; +https://silvyxran.love; +https://silver.inc)"
130.12.180.126 - - [01/Aug/2026:23:47:57 +0200] "GET /.env.prod HTTP/1.1" 404 207 "-" "Mozilla/5.0 (Macintosh; Intel Mac OS X 10_15_7) AppleWebKit/537.36 (KHTML, like Gecko, Yokohama Institute of Information Security https://www.iisec.ac.jp) Chrome/124.0.0.0 Safari/537.36"
130.12.180.126 - - [01/Aug/2026:23:47:57 +0200] "GET /.git/HEAD HTTP/1.1" 404 207 "-" "Mozilla/5.0 (Macintosh; Intel Mac OS X 10_15_7) AppleWebKit/537.36 (KHTML, like Gecko, Yokohama Institute of Information Security https://www.iisec.ac.jp) Chrome/124.0.0.0 Safari/537.36"
130.12.180.126 - - [01/Aug/2026:23:47:57 +0200] "GET /.env.old HTTP/1.1" 404 206 "-" "Mozilla/5.0 (Macintosh; Intel Mac OS X 10_15_7) AppleWebKit/537.36 (KHTML, like Gecko, Yokohama Institute of Information Security https://www.iisec.ac.jp) Chrome/124.0.0.0 Safari/537.36"
130.12.180.126 - - [01/Aug/2026:23:47:58 +0200] "GET /.git/HEAD HTTP/1.1" 404 207 "-" "Mozilla/5.0 (Macintosh; Intel Mac OS X 10_15_7) AppleWebKit/537.36 (KHTML, like Gecko, Yokohama Institute of Information Security https://www.iisec.ac.jp) Chrome/124.0.0.0 Safari/537.36"
168.119.96.239 - - [01/Aug/2026:23:47:58 +0200] "HEAD / HTTP/1.1" 200 - "http://www.mamweb.at" "Mozilla/5.0+(compatible; UptimeRobot/2.0; http://www.uptimerobot.com/)"
66.80.0.98 - - [01/Aug/2026:23:47:58 +0200] "GET /.gcp/credentials.json HTTP/1.1" 404 219 "-" "Mozilla/5.0 (Windows NT 10.0; Win64; x64) AppleWebKit/537.36 (KHTML, like Gecko) Chrome/136.0.0.0 Safari/537.36 (Silvy X Ran; +https://silvyxran.love; +https://silver.inc)"
159.65.181.218 - - [01/Aug/2026:23:47:58 +0200] "GET /favicon.ico HTTP/1.1" 404 209 "https://serverstatus.mamweb.at/" "Mozilla/5.0 (X11; Linux x86_64) AppleWebKit/537.36 (KHTML, like Gecko) Chrome/142.0.0.0 Safari/537.36"
130.12.180.126 - - [01/Aug/2026:23:47:58 +0200] "GET /.env.save HTTP/1.1" 404 207 "-" "Mozilla/5.0 (Macintosh; Intel Mac OS X 10_15_7) AppleWebKit/537.36 (KHTML, like Gecko, Yokohama Institute of Information Security https://www.iisec.ac.jp) Chrome/124.0.0.0 Safari/537.36"
202.178.125.178 - - [01/Aug/2026:23:47:58 +0200] "GET /root/.config/gcloud/application_default_credentials.json HTTP/1.1" 404 254 "-" "Mozilla/5.0 (Windows NT 10.0; Win64; x64) AppleWebKit/537.36 (KHTML, like Gecko) Chrome/136.0.0.0 Safari/537.36 (Silvy X Ran; +https://silvyxran.love; +https://silver.inc)"
66.80.0.98 - - [01/Aug/2026:23:47:58 +0200] "GET /.gcp/service-account.json HTTP/1.1" 404 223 "-" "Mozilla/5.0 (Windows NT 10.0; Win64; x64) AppleWebKit/537.36 (KHTML, like Gecko) Chrome/136.0.0.0 Safari/537.36 (Silvy X Ran; +https://silvyxran.love; +https://silver.inc)"
130.12.180.126 - - [01/Aug/2026:23:47:58 +0200] "GET /.env.bak HTTP/1.1" 404 206 "-" "Mozilla/5.0 (Macintosh; Intel Mac OS X 10_15_7) AppleWebKit/537.36 (KHTML, like Gecko, Yokohama Institute of Information Security https://www.iisec.ac.jp) Chrome/124.0.0.0 Safari/537.36"
130.12.180.126 - - [01/Aug/2026:23:47:58 +0200] "GET /.env.save HTTP/1.1" 302 212 "-" "Mozilla/5.0 (Macintosh; Intel Mac OS X 10_15_7) AppleWebKit/537.36 (KHTML, like Gecko, Yokohama Institute of Information Security https://www.iisec.ac.jp) Chrome/124.0.0.0 Safari/537.36"
130.12.180.126 - - [01/Aug/2026:23:47:59 +0200] "GET /.env.save HTTP/1.1" 404 207 "-" "Mozilla/5.0 (Macintosh; Intel Mac OS X 10_15_7) AppleWebKit/537.36 (KHTML, like Gecko, Yokohama Institute of Information Security https://www.iisec.ac.jp) Chrome/124.0.0.0 Safari/537.36"
66.80.0.98 - - [01/Aug/2026:23:47:59 +0200] "GET /gcp-credentials.json HTTP/1.1" 404 218 "-" "Mozilla/5.0 (Windows NT 10.0; Win64; x64) AppleWebKit/537.36 (KHTML, like Gecko) Chrome/136.0.0.0 Safari/537.36 (Silvy X Ran; +https://silvyxran.love; +https://silver.inc)"
130.12.180.126 - - [01/Aug/2026:23:47:59 +0200] "GET /.env.production HTTP/1.1" 404 213 "-" "Mozilla/5.0 (Macintosh; Intel Mac OS X 10_15_7) AppleWebKit/537.36 (KHTML, like Gecko, Yokohama Institute of Information Security https://www.iisec.ac.jp) Chrome/124.0.0.0 Safari/537.36"
66.80.0.98 - - [01/Aug/2026:23:47:59 +0200] "GET /gcp-service-account.json HTTP/1.1" 404 222 "-" "Mozilla/5.0 (Windows NT 10.0; Win64; x64) AppleWebKit/537.36 (KHTML, like Gecko) Chrome/136.0.0.0 Safari/537.36 (Silvy X Ran; +https://silvyxran.love; +https://silver.inc)"
130.12.180.126 - - [01/Aug/2026:23:47:59 +0200] "GET /.env.backup HTTP/1.1" 404 209 "-" "Mozilla/5.0 (Macintosh; Intel Mac OS X 10_15_7) AppleWebKit/537.36 (KHTML, like Gecko, Yokohama Institute of Information Security https://www.iisec.ac.jp) Chrome/124.0.0.0 Safari/537.36"
130.12.180.126 - - [01/Aug/2026:23:47:59 +0200] "GET /.env.save HTTP/1.1" 404 207 "-" "Mozilla/5.0 (Macintosh; Intel Mac OS X 10_15_7) AppleWebKit/537.36 (KHTML, like Gecko, Yokohama Institute of Information Security https://www.iisec.ac.jp) Chrome/124.0.0.0 Safari/537.36"
130.12.180.126 - - [01/Aug/2026:23:47:59 +0200] "GET /.env.backup HTTP/1.1" 404 209 "-" "Mozilla/5.0 (Macintosh; Intel Mac OS X 10_15_7) AppleWebKit/537.36 (KHTML, like Gecko, Yokohama Institute of Information Security https://www.iisec.ac.jp) Chrome/124.0.0.0 Safari/537.36"
66.80.0.98 - - [01/Aug/2026:23:47:59 +0200] "GET /service-account.json HTTP/1.1" 404 218 "-" "Mozilla/5.0 (Windows NT 10.0; Win64; x64) AppleWebKit/537.36 (KHTML, like Gecko) Chrome/136.0.0.0 Safari/537.36 (Silvy X Ran; +https://silvyxran.love; +https://silver.inc)"
130.12.180.126 - - [01/Aug/2026:23:47:59 +0200] "GET /.env.bak HTTP/1.1" 404 206 "-" "Mozilla/5.0 (Macintosh; Intel Mac OS X 10_15_7) AppleWebKit/537.36 (KHTML, like Gecko, Yokohama Institute of Information Security https://www.iisec.ac.jp) Chrome/124.0.0.0 Safari/537.36"
66.80.0.98 - - [01/Aug/2026:23:48:00 +0200] "GET /google-credentials.json HTTP/1.1" 404 221 "-" "Mozilla/5.0 (Windows NT 10.0; Win64; x64) AppleWebKit/537.36 (KHTML, like Gecko) Chrome/136.0.0.0 Safari/537.36 (Silvy X Ran; +https://silvyxran.love; +https://silver.inc)"
130.12.180.126 - - [01/Aug/2026:23:48:00 +0200] "GET /.env.prod HTTP/1.1" 404 207 "-" "Mozilla/5.0 (Macintosh; Intel Mac OS X 10_15_7) AppleWebKit/537.36 (KHTML, like Gecko, Yokohama Institute of Information Security https://www.iisec.ac.jp) Chrome/124.0.0.0 Safari/537.36"
130.12.180.126 - - [01/Aug/2026:23:48:00 +0200] "GET /.env.bak HTTP/1.1" 302 211 "-" "Mozilla/5.0 (Macintosh; Intel Mac OS X 10_15_7) AppleWebKit/537.36 (KHTML, like Gecko, Yokohama Institute of Information Security https://www.iisec.ac.jp) Chrome/124.0.0.0 Safari/537.36"
66.80.0.98 - - [01/Aug/2026:23:48:00 +0200] "GET /google-cloud-key.json HTTP/1.1" 404 219 "-" "Mozilla/5.0 (Windows NT 10.0; Win64; x64) AppleWebKit/537.36 (KHTML, like Gecko) Chrome/136.0.0.0 Safari/537.36 (Silvy X Ran; +https://silvyxran.love; +https://silver.inc)"
66.80.0.98 - - [01/Aug/2026:23:48:00 +0200] "GET /firebase-adminsdk.json HTTP/1.1" 404 220 "-" "Mozilla/5.0 (Windows NT 10.0; Win64; x64) AppleWebKit/537.36 (KHTML, like Gecko) Chrome/136.0.0.0 Safari/537.36 (Silvy X Ran; +https://silvyxran.love; +https://silver.inc)"
202.178.125.178 - - [01/Aug/2026:23:48:00 +0200] "GET /root/.config/gcloud/credentials.db HTTP/1.1" 404 232 "-" "Mozilla/5.0 (Windows NT 10.0; Win64; x64) AppleWebKit/537.36 (KHTML, like Gecko) Chrome/136.0.0.0 Safari/537.36 (Silvy X Ran; +https://silvyxran.love; +https://silver.inc)"
130.12.180.126 - - [01/Aug/2026:23:48:00 +0200] "GET /.env.bak HTTP/1.1" 404 206 "-" "Mozilla/5.0 (Macintosh; Intel Mac OS X 10_15_7) AppleWebKit/537.36 (KHTML, like Gecko, Yokohama Institute of Information Security https://www.iisec.ac.jp) Chrome/124.0.0.0 Safari/537.36"
66.80.0.98 - - [01/Aug/2026:23:48:00 +0200] "GET /firebase-credentials.json HTTP/1.1" 404 223 "-" "Mozilla/5.0 (Windows NT 10.0; Win64; x64) AppleWebKit/537.36 (KHTML, like Gecko) Chrome/136.0.0.0 Safari/537.36 (Silvy X Ran; +https://silvyxran.love; +https://silver.inc)"
66.80.0.98 - - [01/Aug/2026:23:48:01 +0200] "GET /root/.config/gcloud/application_default_credentials.json HTTP/1.1" 404 254 "-" "Mozilla/5.0 (Windows NT 10.0; Win64; x64) AppleWebKit/537.36 (KHTML, like Gecko) Chrome/136.0.0.0 Safari/537.36 (Silvy X Ran; +https://silvyxran.love; +https://silver.inc)"
202.178.125.178 - - [01/Aug/2026:23:48:01 +0200] "GET /home/ubuntu/.config/gcloud/application_default_credentials.json HTTP/1.1" 404 261 "-" "Mozilla/5.0 (Windows NT 10.0; Win64; x64) AppleWebKit/537.36 (KHTML, like Gecko) Chrome/136.0.0.0 Safari/537.36 (Silvy X Ran; +https://silvyxran.love; +https://silver.inc)"
130.12.180.126 - - [01/Aug/2026:23:48:01 +0200] "GET /.env.staging HTTP/1.1" 404 210 "-" "Mozilla/5.0 (Macintosh; Intel Mac OS X 10_15_7) AppleWebKit/537.36 (KHTML, like Gecko, Yokohama Institute of Information Security https://www.iisec.ac.jp) Chrome/124.0.0.0 Safari/537.36"
130.12.180.126 - - [01/Aug/2026:23:48:01 +0200] "GET /.env.old HTTP/1.1" 404 206 "-" "Mozilla/5.0 (Macintosh; Intel Mac OS X 10_15_7) AppleWebKit/537.36 (KHTML, like Gecko, Yokohama Institute of Information Security https://www.iisec.ac.jp) Chrome/124.0.0.0 Safari/537.36"
66.80.0.98 - - [01/Aug/2026:23:48:01 +0200] "GET /root/.config/gcloud/credentials.db HTTP/1.1" 404 232 "-" "Mozilla/5.0 (Windows NT 10.0; Win64; x64) AppleWebKit/537.36 (KHTML, like Gecko) Chrome/136.0.0.0 Safari/537.36 (Silvy X Ran; +https://silvyxran.love; +https://silver.inc)"
130.12.180.126 - - [01/Aug/2026:23:48:01 +0200] "GET /.env.bak HTTP/1.1" 404 206 "-" "Mozilla/5.0 (Macintosh; Intel Mac OS X 10_15_7) AppleWebKit/537.36 (KHTML, like Gecko, Yokohama Institute of Information Security https://www.iisec.ac.jp) Chrome/124.0.0.0 Safari/537.36"
130.12.180.126 - - [01/Aug/2026:23:48:01 +0200] "GET /.env.old HTTP/1.1" 404 206 "-" "Mozilla/5.0 (Macintosh; Intel Mac OS X 10_15_7) AppleWebKit/537.36 (KHTML, like Gecko, Yokohama Institute of Information Security https://www.iisec.ac.jp) Chrome/124.0.0.0 Safari/537.36"
66.80.0.98 - - [01/Aug/2026:23:48:01 +0200] "GET /home/ubuntu/.config/gcloud/application_default_credentials.json HTTP/1.1" 404 261 "-" "Mozilla/5.0 (Windows NT 10.0; Win64; x64) AppleWebKit/537.36 (KHTML, like Gecko) Chrome/136.0.0.0 Safari/537.36 (Silvy X Ran; +https://silvyxran.love; +https://silver.inc)"
130.12.180.126 - - [01/Aug/2026:23:48:01 +0200] "GET /.env.prod HTTP/1.1" 404 207 "-" "Mozilla/5.0 (Macintosh; Intel Mac OS X 10_15_7) AppleWebKit/537.36 (KHTML, like Gecko, Yokohama Institute of Information Security https://www.iisec.ac.jp) Chrome/124.0.0.0 Safari/537.36"
130.12.180.126 - - [01/Aug/2026:23:48:02 +0200] "GET /.env.production HTTP/1.1" 404 213 "-" "Mozilla/5.0 (Macintosh; Intel Mac OS X 10_15_7) AppleWebKit/537.36 (KHTML, like Gecko, Yokohama Institute of Information Security https://www.iisec.ac.jp) Chrome/124.0.0.0 Safari/537.36"
130.12.180.126 - - [01/Aug/2026:23:48:02 +0200] "GET /.env.prod HTTP/1.1" 302 212 "-" "Mozilla/5.0 (Macintosh; Intel Mac OS X 10_15_7) AppleWebKit/537.36 (KHTML, like Gecko, Yokohama Institute of Information Security https://www.iisec.ac.jp) Chrome/124.0.0.0 Safari/537.36"
130.12.180.126 - - [01/Aug/2026:23:48:02 +0200] "GET /.env.prod HTTP/1.1" 404 207 "-" "Mozilla/5.0 (Macintosh; Intel Mac OS X 10_15_7) AppleWebKit/537.36 (KHTML, like Gecko, Yokohama Institute of Information Security https://www.iisec.ac.jp) Chrome/124.0.0.0 Safari/537.36"
66.80.0.98 - - [01/Aug/2026:23:48:02 +0200] "GET /home/node/.config/gcloud/application_default_credentials.json HTTP/1.1" 404 259 "-" "Mozilla/5.0 (Windows NT 10.0; Win64; x64) AppleWebKit/537.36 (KHTML, like Gecko) Chrome/136.0.0.0 Safari/537.36 (Silvy X Ran; +https://silvyxran.love; +https://silver.inc)"
130.12.180.126 - - [01/Aug/2026:23:48:02 +0200] "GET /.env.local HTTP/1.1" 404 208 "-" "Mozilla/5.0 (Macintosh; Intel Mac OS X 10_15_7) AppleWebKit/537.36 (KHTML, like Gecko, Yokohama Institute of Information Security https://www.iisec.ac.jp) Chrome/124.0.0.0 Safari/537.36"
130.12.180.126 - - [01/Aug/2026:23:48:02 +0200] "GET /.env.save HTTP/1.1" 404 207 "-" "Mozilla/5.0 (Macintosh; Intel Mac OS X 10_15_7) AppleWebKit/537.36 (KHTML, like Gecko, Yokohama Institute of Information Security https://www.iisec.ac.jp) Chrome/124.0.0.0 Safari/537.36"
130.12.180.126 - - [01/Aug/2026:23:48:02 +0200] "GET /.env.save HTTP/1.1" 404 207 "-" "Mozilla/5.0 (Macintosh; Intel Mac OS X 10_15_7) AppleWebKit/537.36 (KHTML, like Gecko, Yokohama Institute of Information Security https://www.iisec.ac.jp) Chrome/124.0.0.0 Safari/537.36"
130.12.180.126 - - [01/Aug/2026:23:48:02 +0200] "GET /.env.prod HTTP/1.1" 404 207 "-" "Mozilla/5.0 (Macintosh; Intel Mac OS X 10_15_7) AppleWebKit/537.36 (KHTML, like Gecko, Yokohama Institute of Information Security https://www.iisec.ac.jp) Chrome/124.0.0.0 Safari/537.36"
