139.59.102.20 - - [01/Aug/2026:23:46:32 +0200] "GET /app.js HTTP/1.1" 404 204 "-" "Mozilla/5.0 (Windows NT 10.0; Win64; x64) AppleWebKit/537.36 (KHTML, like Gecko) Chrome/136.0.0.0 Safari/537.36 (Silvy X Ran; +https://silvyxran.love; +https://silver.inc)"
159.223.213.20 - - [01/Aug/2026:23:46:32 +0200] "GET /home/ubuntu/.vultr-cli.yaml HTTP/1.1" 404 225 "-" "Mozilla/5.0 (Windows NT 10.0; Win64; x64) AppleWebKit/537.36 (KHTML, like Gecko) Chrome/136.0.0.0 Safari/537.36 (Silvy X Ran; +https://silvyxran.love; +https://silver.inc)"
138.124.103.234 - - [01/Aug/2026:23:46:32 +0200] "GET /home/node/.aws/credentials HTTP/1.1" 404 224 "-" "Mozilla/5.0 (Windows NT 10.0; Win64; x64) AppleWebKit/537.36 (KHTML, like Gecko) Chrome/136.0.0.0 Safari/537.36 (Silvy X Ran; +https://silvyxran.love; +https://silver.inc)"
147.45.240.150 - - [01/Aug/2026:23:46:32 +0200] "GET /.gcp/service-account.json HTTP/1.1" 404 223 "-" "Mozilla/5.0 (Windows NT 10.0; Win64; x64) AppleWebKit/537.36 (KHTML, like Gecko) Chrome/136.0.0.0 Safari/537.36 (Silvy X Ran; +https://silvyxran.love; +https://silver.inc)"
159.223.213.20 - - [01/Aug/2026:23:46:33 +0200] "GET /.vultr-cli.yaml HTTP/1.1" 404 213 "-" "Mozilla/5.0 (Windows NT 10.0; Win64; x64) AppleWebKit/537.36 (KHTML, like Gecko) Chrome/136.0.0.0 Safari/537.36 (Silvy X Ran; +https://silvyxran.love; +https://silver.inc)"
161.118.169.38 - - [01/Aug/2026:23:46:33 +0200] "GET /assets/app.js HTTP/1.1" 404 211 "-" "Mozilla/5.0 (Windows NT 10.0; Win64; x64) AppleWebKit/537.36 (KHTML, like Gecko) Chrome/136.0.0.0 Safari/537.36 (Silvy X Ran; +https://silvyxran.love; +https://silver.inc)"
144.24.123.141 - - [01/Aug/2026:23:46:33 +0200] "GET /dist/bundle.js HTTP/1.1" 404 212 "-" "Mozilla/5.0 (Windows NT 10.0; Win64; x64) AppleWebKit/537.36 (KHTML, like Gecko) Chrome/136.0.0.0 Safari/537.36 (Silvy X Ran; +https://silvyxran.love; +https://silver.inc)"
144.31.143.114 - - [01/Aug/2026:23:46:33 +0200] "GET /google-cloud-key.json HTTP/1.1" 302 235 "-" "Mozilla/5.0 (Windows NT 10.0; Win64; x64) AppleWebKit/537.36 (KHTML, like Gecko) Chrome/136.0.0.0 Safari/537.36 (Silvy X Ran; +https://silvyxran.love; +https://silver.inc)"
147.45.240.150 - - [01/Aug/2026:23:46:33 +0200] "GET /gcp-credentials.json HTTP/1.1" 404 218 "-" "Mozilla/5.0 (Windows NT 10.0; Win64; x64) AppleWebKit/537.36 (KHTML, like Gecko) Chrome/136.0.0.0 Safari/537.36 (Silvy X Ran; +https://silvyxran.love; +https://silver.inc)"
144.24.123.141 - - [01/Aug/2026:23:46:33 +0200] "GET /.flaskenv HTTP/1.1" 404 207 "-" "Mozilla/5.0 (Windows NT 10.0; Win64; x64) AppleWebKit/537.36 (KHTML, like Gecko) Chrome/136.0.0.0 Safari/537.36 (Silvy X Ran; +https://silvyxran.love; +https://silver.inc)"
47.239.116.165 - - [01/Aug/2026:23:46:33 +0200] "GET /frontend/.env HTTP/1.1" 404 211 "-" "Mozilla/5.0 (Windows NT 10.0; Win64; x64) AppleWebKit/537.36 (KHTML, like Gecko) Chrome/136.0.0.0 Safari/537.36 (Silvy X Ran; +https://silvyxran.love; +https://silver.inc)"
152.42.235.126 - - [01/Aug/2026:23:46:33 +0200] "GET /app.js HTTP/1.1" 404 204 "-" "Mozilla/5.0 (Windows NT 10.0; Win64; x64) AppleWebKit/537.36 (KHTML, like Gecko) Chrome/136.0.0.0 Safari/537.36 (Silvy X Ran; +https://silvyxran.love; +https://silver.inc)"
138.124.103.234 - - [01/Aug/2026:23:46:33 +0200] "GET /terraform.tfvars HTTP/1.1" 404 214 "-" "Mozilla/5.0 (Windows NT 10.0; Win64; x64) AppleWebKit/537.36 (KHTML, like Gecko) Chrome/136.0.0.0 Safari/537.36 (Silvy X Ran; +https://silvyxran.love; +https://silver.inc)"
103.4.251.132 - - [01/Aug/2026:23:46:33 +0200] "GET / HTTP/1.1" 302 214 "-" "Mozilla/5.0 (Macintosh; Intel Mac OS X 10_15_7) AppleWebKit/537.36 (KHTML, like Gecko) Chrome/131.0.0.0 Safari/537.36"
78.189.24.202 - - [01/Aug/2026:23:46:33 +0200] "GET /wp-config.php.txt HTTP/1.1" 404 215 "-" "Mozilla/5.0 (Windows NT 10.0; Win64; x64) AppleWebKit/537.36 (KHTML, like Gecko) Chrome/136.0.0.0 Safari/537.36 (Silvy X Ran; +https://silvyxran.love; +https://silver.inc)"
147.45.240.150 - - [01/Aug/2026:23:46:33 +0200] "GET /gcp-service-account.json HTTP/1.1" 404 222 "-" "Mozilla/5.0 (Windows NT 10.0; Win64; x64) AppleWebKit/537.36 (KHTML, like Gecko) Chrome/136.0.0.0 Safari/537.36 (Silvy X Ran; +https://silvyxran.love; +https://silver.inc)"
168.110.218.47 - - [01/Aug/2026:23:46:33 +0200] "GET /docker-compose.dev.yml HTTP/1.1" 404 220 "-" "Mozilla/5.0 (Windows NT 10.0; Win64; x64) AppleWebKit/537.36 (KHTML, like Gecko) Chrome/136.0.0.0 Safari/537.36 (Silvy X Ran; +https://silvyxran.love; +https://silver.inc)"
144.31.143.114 - - [01/Aug/2026:23:46:33 +0200] "GET /firebase-adminsdk.json HTTP/1.1" 302 236 "-" "Mozilla/5.0 (Windows NT 10.0; Win64; x64) AppleWebKit/537.36 (KHTML, like Gecko) Chrome/136.0.0.0 Safari/537.36 (Silvy X Ran; +https://silvyxran.love; +https://silver.inc)"
168.129.177.245 - - [01/Aug/2026:23:46:33 +0200] "GET /chunk.js HTTP/1.1" 404 206 "-" "Mozilla/5.0 (Windows NT 10.0; Win64; x64) AppleWebKit/537.36 (KHTML, like Gecko) Chrome/136.0.0.0 Safari/537.36 (Silvy X Ran; +https://silvyxran.love; +https://silver.inc)"
147.45.240.150 - - [01/Aug/2026:23:46:33 +0200] "GET /service-account.json HTTP/1.1" 404 218 "-" "Mozilla/5.0 (Windows NT 10.0; Win64; x64) AppleWebKit/537.36 (KHTML, like Gecko) Chrome/136.0.0.0 Safari/537.36 (Silvy X Ran; +https://silvyxran.love; +https://silver.inc)"
138.124.103.234 - - [01/Aug/2026:23:46:33 +0200] "GET /terraform.tfstate HTTP/1.1" 404 215 "-" "Mozilla/5.0 (Windows NT 10.0; Win64; x64) AppleWebKit/537.36 (KHTML, like Gecko) Chrome/136.0.0.0 Safari/537.36 (Silvy X Ran; +https://silvyxran.love; +https://silver.inc)"
104.164.173.38 - - [01/Aug/2026:23:46:33 +0200] "GET /setup/cpg1419/ HTTP/1.1" 200 934 "-" "Mozilla/5.0 (Macintosh; Intel Mac OS X 10_15_7) AppleWebKit/537.36 (KHTML, like Gecko) Chrome/131.0.0.0 Safari/537.36"
143.198.85.89 - - [01/Aug/2026:23:46:33 +0200] "GET /app.js HTTP/1.1" 404 204 "-" "Mozilla/5.0 (Windows NT 10.0; Win64; x64) AppleWebKit/537.36 (KHTML, like Gecko) Chrome/136.0.0.0 Safari/537.36 (Silvy X Ran; +https://silvyxran.love; +https://silver.inc)"
139.59.102.20 - - [01/Aug/2026:23:46:33 +0200] "GET /main.js HTTP/1.1" 404 205 "-" "Mozilla/5.0 (Windows NT 10.0; Win64; x64) AppleWebKit/537.36 (KHTML, like Gecko) Chrome/136.0.0.0 Safari/537.36 (Silvy X Ran; +https://silvyxran.love; +https://silver.inc)"
161.118.169.38 - - [01/Aug/2026:23:46:33 +0200] "GET /js/app.js HTTP/1.1" 404 207 "-" "Mozilla/5.0 (Windows NT 10.0; Win64; x64) AppleWebKit/537.36 (KHTML, like Gecko) Chrome/136.0.0.0 Safari/537.36 (Silvy X Ran; +https://silvyxran.love; +https://silver.inc)"
144.24.123.141 - - [01/Aug/2026:23:46:33 +0200] "GET /build/static/js/main.js HTTP/1.1" 404 221 "-" "Mozilla/5.0 (Windows NT 10.0; Win64; x64) AppleWebKit/537.36 (KHTML, like Gecko) Chrome/136.0.0.0 Safari/537.36 (Silvy X Ran; +https://silvyxran.love; +https://silver.inc)"
78.189.24.202 - - [01/Aug/2026:23:46:33 +0200] "GET /wp-config.php~ HTTP/1.1" 404 212 "-" "Mozilla/5.0 (Windows NT 10.0; Win64; x64) AppleWebKit/537.36 (KHTML, like Gecko) Chrome/136.0.0.0 Safari/537.36 (Silvy X Ran; +https://silvyxran.love; +https://silver.inc)"
147.45.240.150 - - [01/Aug/2026:23:46:33 +0200] "GET /google-credentials.json HTTP/1.1" 404 221 "-" "Mozilla/5.0 (Windows NT 10.0; Win64; x64) AppleWebKit/537.36 (KHTML, like Gecko) Chrome/136.0.0.0 Safari/537.36 (Silvy X Ran; +https://silvyxran.love; +https://silver.inc)"
128.199.182.55 - - [01/Aug/2026:23:46:33 +0200] "GET /console/ HTTP/1.1" 404 206 "-" "Mozilla/5.0 (l9scan/2.0.432313e2135323e2531323e25383; +https://leakix.net)"
144.24.123.141 - - [01/Aug/2026:23:46:33 +0200] "GET /env HTTP/1.1" 404 201 "-" "Mozilla/5.0 (Windows NT 10.0; Win64; x64) AppleWebKit/537.36 (KHTML, like Gecko) Chrome/136.0.0.0 Safari/537.36 (Silvy X Ran; +https://silvyxran.love; +https://silver.inc)"
144.31.143.114 - - [01/Aug/2026:23:46:33 +0200] "GET /firebase-credentials.json HTTP/1.1" 302 239 "-" "Mozilla/5.0 (Windows NT 10.0; Win64; x64) AppleWebKit/537.36 (KHTML, like Gecko) Chrome/136.0.0.0 Safari/537.36 (Silvy X Ran; +https://silvyxran.love; +https://silver.inc)"
104.164.173.38 - - [01/Aug/2026:23:46:33 +0200] "GET /plugins/plugins/ HTTP/1.1" 200 2460 "-" "Mozilla/5.0 (Macintosh; Intel Mac OS X 10_15_7) AppleWebKit/537.36 (KHTML, like Gecko) Chrome/131.0.0.0 Safari/537.36"
147.45.240.150 - - [01/Aug/2026:23:46:33 +0200] "GET /google-cloud-key.json HTTP/1.1" 404 219 "-" "Mozilla/5.0 (Windows NT 10.0; Win64; x64) AppleWebKit/537.36 (KHTML, like Gecko) Chrome/136.0.0.0 Safari/537.36 (Silvy X Ran; +https://silvyxran.love; +https://silver.inc)"
138.124.103.234 - - [01/Aug/2026:23:46:33 +0200] "GET /ecosystem.config.js HTTP/1.1" 404 217 "-" "Mozilla/5.0 (Windows NT 10.0; Win64; x64) AppleWebKit/537.36 (KHTML, like Gecko) Chrome/136.0.0.0 Safari/537.36 (Silvy X Ran; +https://silvyxran.love; +https://silver.inc)"
152.42.235.126 - - [01/Aug/2026:23:46:33 +0200] "GET /main.js HTTP/1.1" 404 205 "-" "Mozilla/5.0 (Windows NT 10.0; Win64; x64) AppleWebKit/537.36 (KHTML, like Gecko) Chrome/136.0.0.0 Safari/537.36 (Silvy X Ran; +https://silvyxran.love; +https://silver.inc)"
147.45.240.150 - - [01/Aug/2026:23:46:33 +0200] "GET /firebase-adminsdk.json HTTP/1.1" 404 220 "-" "Mozilla/5.0 (Windows NT 10.0; Win64; x64) AppleWebKit/537.36 (KHTML, like Gecko) Chrome/136.0.0.0 Safari/537.36 (Silvy X Ran; +https://silvyxran.love; +https://silver.inc)"
144.31.143.114 - - [01/Aug/2026:23:46:33 +0200] "GET /root/.config/gcloud/application_default_credentials.json HTTP/1.1" 302 270 "-" "Mozilla/5.0 (Windows NT 10.0; Win64; x64) AppleWebKit/537.36 (KHTML, like Gecko) Chrome/136.0.0.0 Safari/537.36 (Silvy X Ran; +https://silvyxran.love; +https://silver.inc)"
78.189.24.202 - - [01/Aug/2026:23:46:33 +0200] "GET /config/app.php HTTP/1.1" 404 212 "-" "Mozilla/5.0 (Windows NT 10.0; Win64; x64) AppleWebKit/537.36 (KHTML, like Gecko) Chrome/136.0.0.0 Safari/537.36 (Silvy X Ran; +https://silvyxran.love; +https://silver.inc)"
104.164.173.38 - - [01/Aug/2026:23:46:33 +0200] "GET /plugins/_packed/ HTTP/1.1" 200 322 "-" "Mozilla/5.0 (Macintosh; Intel Mac OS X 10_15_7) AppleWebKit/537.36 (KHTML, like Gecko) Chrome/131.0.0.0 Safari/537.36"
168.129.177.245 - - [01/Aug/2026:23:46:33 +0200] "GET /static/js/main.js HTTP/1.1" 404 215 "-" "Mozilla/5.0 (Windows NT 10.0; Win64; x64) AppleWebKit/537.36 (KHTML, like Gecko) Chrome/136.0.0.0 Safari/537.36 (Silvy X Ran; +https://silvyxran.love; +https://silver.inc)"
147.45.240.150 - - [01/Aug/2026:23:46:33 +0200] "GET /firebase-credentials.json HTTP/1.1" 404 223 "-" "Mozilla/5.0 (Windows NT 10.0; Win64; x64) AppleWebKit/537.36 (KHTML, like Gecko) Chrome/136.0.0.0 Safari/537.36 (Silvy X Ran; +https://silvyxran.love; +https://silver.inc)"
138.124.103.234 - - [01/Aug/2026:23:46:33 +0200] "GET /secrets.yaml HTTP/1.1" 404 210 "-" "Mozilla/5.0 (Windows NT 10.0; Win64; x64) AppleWebKit/537.36 (KHTML, like Gecko) Chrome/136.0.0.0 Safari/537.36 (Silvy X Ran; +https://silvyxran.love; +https://silver.inc)"
161.118.169.38 - - [01/Aug/2026:23:46:33 +0200] "GET /js/main.js HTTP/1.1" 404 208 "-" "Mozilla/5.0 (Windows NT 10.0; Win64; x64) AppleWebKit/537.36 (KHTML, like Gecko) Chrome/136.0.0.0 Safari/537.36 (Silvy X Ran; +https://silvyxran.love; +https://silver.inc)"
144.24.123.141 - - [01/Aug/2026:23:46:33 +0200] "GET /assets/index.js HTTP/1.1" 404 213 "-" "Mozilla/5.0 (Windows NT 10.0; Win64; x64) AppleWebKit/537.36 (KHTML, like Gecko) Chrome/136.0.0.0 Safari/537.36 (Silvy X Ran; +https://silvyxran.love; +https://silver.inc)"
168.110.218.47 - - [01/Aug/2026:23:46:33 +0200] "GET /docker-compose.prod.yml HTTP/1.1" 404 221 "-" "Mozilla/5.0 (Windows NT 10.0; Win64; x64) AppleWebKit/537.36 (KHTML, like Gecko) Chrome/136.0.0.0 Safari/537.36 (Silvy X Ran; +https://silvyxran.love; +https://silver.inc)"
144.24.123.141 - - [01/Aug/2026:23:46:33 +0200] "GET /env.js HTTP/1.1" 404 204 "-" "Mozilla/5.0 (Windows NT 10.0; Win64; x64) AppleWebKit/537.36 (KHTML, like Gecko) Chrome/136.0.0.0 Safari/537.36 (Silvy X Ran; +https://silvyxran.love; +https://silver.inc)"
143.198.85.89 - - [01/Aug/2026:23:46:33 +0200] "GET /main.js HTTP/1.1" 404 205 "-" "Mozilla/5.0 (Windows NT 10.0; Win64; x64) AppleWebKit/537.36 (KHTML, like Gecko) Chrome/136.0.0.0 Safari/537.36 (Silvy X Ran; +https://silvyxran.love; +https://silver.inc)"
147.45.240.150 - - [01/Aug/2026:23:46:33 +0200] "GET /root/.config/gcloud/application_default_credentials.json HTTP/1.1" 404 254 "-" "Mozilla/5.0 (Windows NT 10.0; Win64; x64) AppleWebKit/537.36 (KHTML, like Gecko) Chrome/136.0.0.0 Safari/537.36 (Silvy X Ran; +https://silvyxran.love; +https://silver.inc)"
144.31.143.114 - - [01/Aug/2026:23:46:33 +0200] "GET /root/.config/gcloud/credentials.db HTTP/1.1" 302 248 "-" "Mozilla/5.0 (Windows NT 10.0; Win64; x64) AppleWebKit/537.36 (KHTML, like Gecko) Chrome/136.0.0.0 Safari/537.36 (Silvy X Ran; +https://silvyxran.love; +https://silver.inc)"
103.4.251.2 - - [01/Aug/2026:23:46:33 +0200] "GET / HTTP/1.1" 200 246 "-" "Mozilla/5.0 (Macintosh; Intel Mac OS X 10_15_7) AppleWebKit/537.36 (KHTML, like Gecko) Chrome/131.0.0.0 Safari/537.36"
139.59.102.20 - - [01/Aug/2026:23:46:33 +0200] "GET /index.js HTTP/1.1" 404 206 "-" "Mozilla/5.0 (Windows NT 10.0; Win64; x64) AppleWebKit/537.36 (KHTML, like Gecko) Chrome/136.0.0.0 Safari/537.36 (Silvy X Ran; +https://silvyxran.love; +https://silver.inc)"
138.124.103.234 - - [01/Aug/2026:23:46:33 +0200] "GET /secrets.yml HTTP/1.1" 404 209 "-" "Mozilla/5.0 (Windows NT 10.0; Win64; x64) AppleWebKit/537.36 (KHTML, like Gecko) Chrome/136.0.0.0 Safari/537.36 (Silvy X Ran; +https://silvyxran.love; +https://silver.inc)"
147.45.240.150 - - [01/Aug/2026:23:46:33 +0200] "GET /root/.config/gcloud/credentials.db HTTP/1.1" 404 232 "-" "Mozilla/5.0 (Windows NT 10.0; Win64; x64) AppleWebKit/537.36 (KHTML, like Gecko) Chrome/136.0.0.0 Safari/537.36 (Silvy X Ran; +https://silvyxran.love; +https://silver.inc)"
78.189.24.202 - - [01/Aug/2026:23:46:33 +0200] "GET /application.properties HTTP/1.1" 404 220 "-" "Mozilla/5.0 (Windows NT 10.0; Win64; x64) AppleWebKit/537.36 (KHTML, like Gecko) Chrome/136.0.0.0 Safari/537.36 (Silvy X Ran; +https://silvyxran.love; +https://silver.inc)"
144.31.143.114 - - [01/Aug/2026:23:46:33 +0200] "GET /home/ubuntu/.config/gcloud/application_default_credentials.json HTTP/1.1" 302 277 "-" "Mozilla/5.0 (Windows NT 10.0; Win64; x64) AppleWebKit/537.36 (KHTML, like Gecko) Chrome/136.0.0.0 Safari/537.36 (Silvy X Ran; +https://silvyxran.love; +https://silver.inc)"
147.45.240.150 - - [01/Aug/2026:23:46:33 +0200] "GET /home/ubuntu/.config/gcloud/application_default_credentials.json HTTP/1.1" 404 261 "-" "Mozilla/5.0 (Windows NT 10.0; Win64; x64) AppleWebKit/537.36 (KHTML, like Gecko) Chrome/136.0.0.0 Safari/537.36 (Silvy X Ran; +https://silvyxran.love; +https://silver.inc)"
138.124.103.234 - - [01/Aug/2026:23:46:33 +0200] "GET /.env.local HTTP/1.1" 404 208 "-" "Mozilla/5.0 (Windows NT 10.0; Win64; x64) AppleWebKit/537.36 (KHTML, like Gecko) Chrome/136.0.0.0 Safari/537.36 (Silvy X Ran; +https://silvyxran.love; +https://silver.inc)"
152.42.235.126 - - [01/Aug/2026:23:46:33 +0200] "GET /index.js HTTP/1.1" 404 206 "-" "Mozilla/5.0 (Windows NT 10.0; Win64; x64) AppleWebKit/537.36 (KHTML, like Gecko) Chrome/136.0.0.0 Safari/537.36 (Silvy X Ran; +https://silvyxran.love; +https://silver.inc)"
47.239.116.165 - - [01/Aug/2026:23:46:33 +0200] "GET /api/.env HTTP/1.1" 404 206 "-" "Mozilla/5.0 (Windows NT 10.0; Win64; x64) AppleWebKit/537.36 (KHTML, like Gecko) Chrome/136.0.0.0 Safari/537.36 (Silvy X Ran; +https://silvyxran.love; +https://silver.inc)"
138.124.103.234 - - [01/Aug/2026:23:46:33 +0200] "GET /.secrets HTTP/1.1" 404 206 "-" "Mozilla/5.0 (Windows NT 10.0; Win64; x64) AppleWebKit/537.36 (KHTML, like Gecko) Chrome/136.0.0.0 Safari/537.36 (Silvy X Ran; +https://silvyxran.love; +https://silver.inc)"
168.129.177.245 - - [01/Aug/2026:23:46:33 +0200] "GET /static/js/app.js HTTP/1.1" 404 214 "-" "Mozilla/5.0 (Windows NT 10.0; Win64; x64) AppleWebKit/537.36 (KHTML, like Gecko) Chrome/136.0.0.0 Safari/537.36 (Silvy X Ran; +https://silvyxran.love; +https://silver.inc)"
161.118.169.38 - - [01/Aug/2026:23:46:33 +0200] "GET /settings.py HTTP/1.1" 404 209 "-" "Mozilla/5.0 (Windows NT 10.0; Win64; x64) AppleWebKit/537.36 (KHTML, like Gecko) Chrome/136.0.0.0 Safari/537.36 (Silvy X Ran; +https://silvyxran.love; +https://silver.inc)"
144.24.123.141 - - [01/Aug/2026:23:46:34 +0200] "GET /assets/app.js HTTP/1.1" 404 211 "-" "Mozilla/5.0 (Windows NT 10.0; Win64; x64) AppleWebKit/537.36 (KHTML, like Gecko) Chrome/136.0.0.0 Safari/537.36 (Silvy X Ran; +https://silvyxran.love; +https://silver.inc)"
147.45.240.150 - - [01/Aug/2026:23:46:34 +0200] "GET /home/node/.config/gcloud/application_default_credentials.json HTTP/1.1" 404 259 "-" "Mozilla/5.0 (Windows NT 10.0; Win64; x64) AppleWebKit/537.36 (KHTML, like Gecko) Chrome/136.0.0.0 Safari/537.36 (Silvy X Ran; +https://silvyxran.love; +https://silver.inc)"
144.24.123.141 - - [01/Aug/2026:23:46:34 +0200] "GET /env.json HTTP/1.1" 404 206 "-" "Mozilla/5.0 (Windows NT 10.0; Win64; x64) AppleWebKit/537.36 (KHTML, like Gecko) Chrome/136.0.0.0 Safari/537.36 (Silvy X Ran; +https://silvyxran.love; +https://silver.inc)"
78.189.24.202 - - [01/Aug/2026:23:46:34 +0200] "GET /application.yml HTTP/1.1" 404 213 "-" "Mozilla/5.0 (Windows NT 10.0; Win64; x64) AppleWebKit/537.36 (KHTML, like Gecko) Chrome/136.0.0.0 Safari/537.36 (Silvy X Ran; +https://silvyxran.love; +https://silver.inc)"
144.31.143.114 - - [01/Aug/2026:23:46:34 +0200] "GET /home/node/.config/gcloud/application_default_credentials.json HTTP/1.1" 302 275 "-" "Mozilla/5.0 (Windows NT 10.0; Win64; x64) AppleWebKit/537.36 (KHTML, like Gecko) Chrome/136.0.0.0 Safari/537.36 (Silvy X Ran; +https://silvyxran.love; +https://silver.inc)"
147.45.240.150 - - [01/Aug/2026:23:46:34 +0200] "GET /app/credentials.json HTTP/1.1" 404 218 "-" "Mozilla/5.0 (Windows NT 10.0; Win64; x64) AppleWebKit/537.36 (KHTML, like Gecko) Chrome/136.0.0.0 Safari/537.36 (Silvy X Ran; +https://silvyxran.love; +https://silver.inc)"
143.198.85.89 - - [01/Aug/2026:23:46:34 +0200] "GET /index.js HTTP/1.1" 404 206 "-" "Mozilla/5.0 (Windows NT 10.0; Win64; x64) AppleWebKit/537.36 (KHTML, like Gecko) Chrome/136.0.0.0 Safari/537.36 (Silvy X Ran; +https://silvyxran.love; +https://silver.inc)"
138.124.103.234 - - [01/Aug/2026:23:46:34 +0200] "GET /.env.vault HTTP/1.1" 404 208 "-" "Mozilla/5.0 (Windows NT 10.0; Win64; x64) AppleWebKit/537.36 (KHTML, like Gecko) Chrome/136.0.0.0 Safari/537.36 (Silvy X Ran; +https://silvyxran.love; +https://silver.inc)"
139.59.102.20 - - [01/Aug/2026:23:46:34 +0200] "GET /server.js HTTP/1.1" 404 207 "-" "Mozilla/5.0 (Windows NT 10.0; Win64; x64) AppleWebKit/537.36 (KHTML, like Gecko) Chrome/136.0.0.0 Safari/537.36 (Silvy X Ran; +https://silvyxran.love; +https://silver.inc)"
168.110.218.47 - - [01/Aug/2026:23:46:34 +0200] "GET /config.js HTTP/1.1" 404 207 "-" "Mozilla/5.0 (Windows NT 10.0; Win64; x64) AppleWebKit/537.36 (KHTML, like Gecko) Chrome/136.0.0.0 Safari/537.36 (Silvy X Ran; +https://silvyxran.love; +https://silver.inc)"
147.45.240.150 - - [01/Aug/2026:23:46:34 +0200] "GET /app/service-account.json HTTP/1.1" 404 222 "-" "Mozilla/5.0 (Windows NT 10.0; Win64; x64) AppleWebKit/537.36 (KHTML, like Gecko) Chrome/136.0.0.0 Safari/537.36 (Silvy X Ran; +https://silvyxran.love; +https://silver.inc)"
144.31.143.114 - - [01/Aug/2026:23:46:34 +0200] "GET /app/credentials.json HTTP/1.1" 302 234 "-" "Mozilla/5.0 (Windows NT 10.0; Win64; x64) AppleWebKit/537.36 (KHTML, like Gecko) Chrome/136.0.0.0 Safari/537.36 (Silvy X Ran; +https://silvyxran.love; +https://silver.inc)"
78.189.24.202 - - [01/Aug/2026:23:46:34 +0200] "GET /application.yaml HTTP/1.1" 404 214 "-" "Mozilla/5.0 (Windows NT 10.0; Win64; x64) AppleWebKit/537.36 (KHTML, like Gecko) Chrome/136.0.0.0 Safari/537.36 (Silvy X Ran; +https://silvyxran.love; +https://silver.inc)"
147.45.240.150 - - [01/Aug/2026:23:46:34 +0200] "GET /config/gcp.json HTTP/1.1" 404 213 "-" "Mozilla/5.0 (Windows NT 10.0; Win64; x64) AppleWebKit/537.36 (KHTML, like Gecko) Chrome/136.0.0.0 Safari/537.36 (Silvy X Ran; +https://silvyxran.love; +https://silver.inc)"
161.118.169.38 - - [01/Aug/2026:23:46:34 +0200] "GET /config.py HTTP/1.1" 404 207 "-" "Mozilla/5.0 (Windows NT 10.0; Win64; x64) AppleWebKit/537.36 (KHTML, like Gecko) Chrome/136.0.0.0 Safari/537.36 (Silvy X Ran; +https://silvyxran.love; +https://silver.inc)"
144.24.123.141 - - [01/Aug/2026:23:46:34 +0200] "GET /js/app.js HTTP/1.1" 404 207 "-" "Mozilla/5.0 (Windows NT 10.0; Win64; x64) AppleWebKit/537.36 (KHTML, like Gecko) Chrome/136.0.0.0 Safari/537.36 (Silvy X Ran; +https://silvyxran.love; +https://silver.inc)"
138.124.103.234 - - [01/Aug/2026:23:46:34 +0200] "GET /.aws/credentials HTTP/1.1" 404 214 "-" "Mozilla/5.0 (Windows NT 10.0; Win64; x64) AppleWebKit/537.36 (KHTML, like Gecko) Chrome/136.0.0.0 Safari/537.36 (Silvy X Ran; +https://silvyxran.love; +https://silver.inc)"
168.129.177.245 - - [01/Aug/2026:23:46:34 +0200] "GET /static/js/bundle.js HTTP/1.1" 404 217 "-" "Mozilla/5.0 (Windows NT 10.0; Win64; x64) AppleWebKit/537.36 (KHTML, like Gecko) Chrome/136.0.0.0 Safari/537.36 (Silvy X Ran; +https://silvyxran.love; +https://silver.inc)"
152.42.235.126 - - [01/Aug/2026:23:46:34 +0200] "GET /server.js HTTP/1.1" 404 207 "-" "Mozilla/5.0 (Windows NT 10.0; Win64; x64) AppleWebKit/537.36 (KHTML, like Gecko) Chrome/136.0.0.0 Safari/537.36 (Silvy X Ran; +https://silvyxran.love; +https://silver.inc)"
144.24.123.141 - - [01/Aug/2026:23:46:34 +0200] "GET /app/.env HTTP/1.1" 404 206 "-" "Mozilla/5.0 (Windows NT 10.0; Win64; x64) AppleWebKit/537.36 (KHTML, like Gecko) Chrome/136.0.0.0 Safari/537.36 (Silvy X Ran; +https://silvyxran.love; +https://silver.inc)"
147.45.240.150 - - [01/Aug/2026:23:46:34 +0200] "GET /root/.config/hcloud/cli.toml HTTP/1.1" 404 226 "-" "Mozilla/5.0 (Windows NT 10.0; Win64; x64) AppleWebKit/537.36 (KHTML, like Gecko) Chrome/136.0.0.0 Safari/537.36 (Silvy X Ran; +https://silvyxran.love; +https://silver.inc)"
47.239.116.165 - - [01/Aug/2026:23:46:34 +0200] "GET /server/.env HTTP/1.1" 404 209 "-" "Mozilla/5.0 (Windows NT 10.0; Win64; x64) AppleWebKit/537.36 (KHTML, like Gecko) Chrome/136.0.0.0 Safari/537.36 (Silvy X Ran; +https://silvyxran.love; +https://silver.inc)"
144.31.143.114 - - [01/Aug/2026:23:46:34 +0200] "GET /app/service-account.json HTTP/1.1" 302 238 "-" "Mozilla/5.0 (Windows NT 10.0; Win64; x64) AppleWebKit/537.36 (KHTML, like Gecko) Chrome/136.0.0.0 Safari/537.36 (Silvy X Ran; +https://silvyxran.love; +https://silver.inc)"
147.45.240.150 - - [01/Aug/2026:23:46:34 +0200] "GET /home/ubuntu/.config/hcloud/cli.toml HTTP/1.1" 404 233 "-" "Mozilla/5.0 (Windows NT 10.0; Win64; x64) AppleWebKit/537.36 (KHTML, like Gecko) Chrome/136.0.0.0 Safari/537.36 (Silvy X Ran; +https://silvyxran.love; +https://silver.inc)"
138.124.103.234 - - [01/Aug/2026:23:46:34 +0200] "GET /.aws/config HTTP/1.1" 404 209 "-" "Mozilla/5.0 (Windows NT 10.0; Win64; x64) AppleWebKit/537.36 (KHTML, like Gecko) Chrome/136.0.0.0 Safari/537.36 (Silvy X Ran; +https://silvyxran.love; +https://silver.inc)"
128.199.182.55 - - [01/Aug/2026:23:46:34 +0200] "GET /server HTTP/1.1" 404 204 "-" "Mozilla/5.0 (l9scan/2.0.432313e2135323e2531323e25383; +https://leakix.net)"
78.189.24.202 - - [01/Aug/2026:23:46:34 +0200] "GET /application-dev.properties HTTP/1.1" 404 224 "-" "Mozilla/5.0 (Windows NT 10.0; Win64; x64) AppleWebKit/537.36 (KHTML, like Gecko) Chrome/136.0.0.0 Safari/537.36 (Silvy X Ran; +https://silvyxran.love; +https://silver.inc)"
144.31.143.114 - - [01/Aug/2026:23:46:34 +0200] "GET /config/gcp.json HTTP/1.1" 302 229 "-" "Mozilla/5.0 (Windows NT 10.0; Win64; x64) AppleWebKit/537.36 (KHTML, like Gecko) Chrome/136.0.0.0 Safari/537.36 (Silvy X Ran; +https://silvyxran.love; +https://silver.inc)"
143.198.85.89 - - [01/Aug/2026:23:46:34 +0200] "GET /server.js HTTP/1.1" 404 207 "-" "Mozilla/5.0 (Windows NT 10.0; Win64; x64) AppleWebKit/537.36 (KHTML, like Gecko) Chrome/136.0.0.0 Safari/537.36 (Silvy X Ran; +https://silvyxran.love; +https://silver.inc)"
147.45.240.150 - - [01/Aug/2026:23:46:34 +0200] "GET /.hcloud.toml HTTP/1.1" 404 210 "-" "Mozilla/5.0 (Windows NT 10.0; Win64; x64) AppleWebKit/537.36 (KHTML, like Gecko) Chrome/136.0.0.0 Safari/537.36 (Silvy X Ran; +https://silvyxran.love; +https://silver.inc)"
139.59.102.20 - - [01/Aug/2026:23:46:34 +0200] "GET /bundle.js HTTP/1.1" 404 207 "-" "Mozilla/5.0 (Windows NT 10.0; Win64; x64) AppleWebKit/537.36 (KHTML, like Gecko) Chrome/136.0.0.0 Safari/537.36 (Silvy X Ran; +https://silvyxran.love; +https://silver.inc)"
161.118.169.38 - - [01/Aug/2026:23:46:34 +0200] "GET /secrets.py HTTP/1.1" 404 208 "-" "Mozilla/5.0 (Windows NT 10.0; Win64; x64) AppleWebKit/537.36 (KHTML, like Gecko) Chrome/136.0.0.0 Safari/537.36 (Silvy X Ran; +https://silvyxran.love; +https://silver.inc)"
144.24.123.141 - - [01/Aug/2026:23:46:34 +0200] "GET /js/main.js HTTP/1.1" 404 208 "-" "Mozilla/5.0 (Windows NT 10.0; Win64; x64) AppleWebKit/537.36 (KHTML, like Gecko) Chrome/136.0.0.0 Safari/537.36 (Silvy X Ran; +https://silvyxran.love; +https://silver.inc)"
138.124.103.234 - - [01/Aug/2026:23:46:34 +0200] "GET /.docker/config.json HTTP/1.1" 404 217 "-" "Mozilla/5.0 (Windows NT 10.0; Win64; x64) AppleWebKit/537.36 (KHTML, like Gecko) Chrome/136.0.0.0 Safari/537.36 (Silvy X Ran; +https://silvyxran.love; +https://silver.inc)"
168.110.218.47 - - [01/Aug/2026:23:46:34 +0200] "GET /config.json HTTP/1.1" 404 209 "-" "Mozilla/5.0 (Windows NT 10.0; Win64; x64) AppleWebKit/537.36 (KHTML, like Gecko) Chrome/136.0.0.0 Safari/537.36 (Silvy X Ran; +https://silvyxran.love; +https://silver.inc)"
147.45.240.150 - - [01/Aug/2026:23:46:34 +0200] "GET /hcloud.yml HTTP/1.1" 404 208 "-" "Mozilla/5.0 (Windows NT 10.0; Win64; x64) AppleWebKit/537.36 (KHTML, like Gecko) Chrome/136.0.0.0 Safari/537.36 (Silvy X Ran; +https://silvyxran.love; +https://silver.inc)"
144.24.123.141 - - [01/Aug/2026:23:46:34 +0200] "GET /src/.env HTTP/1.1" 404 206 "-" "Mozilla/5.0 (Windows NT 10.0; Win64; x64) AppleWebKit/537.36 (KHTML, like Gecko) Chrome/136.0.0.0 Safari/537.36 (Silvy X Ran; +https://silvyxran.love; +https://silver.inc)"
168.129.177.245 - - [01/Aug/2026:23:46:34 +0200] "GET /dist/main.js HTTP/1.1" 404 210 "-" "Mozilla/5.0 (Windows NT 10.0; Win64; x64) AppleWebKit/537.36 (KHTML, like Gecko) Chrome/136.0.0.0 Safari/537.36 (Silvy X Ran; +https://silvyxran.love; +https://silver.inc)"
144.31.143.114 - - [01/Aug/2026:23:46:34 +0200] "GET /root/.config/hcloud/cli.toml HTTP/1.1" 302 242 "-" "Mozilla/5.0 (Windows NT 10.0; Win64; x64) AppleWebKit/537.36 (KHTML, like Gecko) Chrome/136.0.0.0 Safari/537.36 (Silvy X Ran; +https://silvyxran.love; +https://silver.inc)"
152.42.235.126 - - [01/Aug/2026:23:46:34 +0200] "GET /bundle.js HTTP/1.1" 404 207 "-" "Mozilla/5.0 (Windows NT 10.0; Win64; x64) AppleWebKit/537.36 (KHTML, like Gecko) Chrome/136.0.0.0 Safari/537.36 (Silvy X Ran; +https://silvyxran.love; +https://silver.inc)"
147.45.240.150 - - [01/Aug/2026:23:46:34 +0200] "GET /root/.config/linode-cli HTTP/1.1" 404 221 "-" "Mozilla/5.0 (Windows NT 10.0; Win64; x64) AppleWebKit/537.36 (KHTML, like Gecko) Chrome/136.0.0.0 Safari/537.36 (Silvy X Ran; +https://silvyxran.love; +https://silver.inc)"
78.189.24.202 - - [01/Aug/2026:23:46:34 +0200] "GET /application-prod.properties HTTP/1.1" 404 225 "-" "Mozilla/5.0 (Windows NT 10.0; Win64; x64) AppleWebKit/537.36 (KHTML, like Gecko) Chrome/136.0.0.0 Safari/537.36 (Silvy X Ran; +https://silvyxran.love; +https://silver.inc)"
138.124.103.234 - - [01/Aug/2026:23:46:34 +0200] "GET /storage/framework/.env HTTP/1.1" 404 220 "-" "Mozilla/5.0 (Windows NT 10.0; Win64; x64) AppleWebKit/537.36 (KHTML, like Gecko) Chrome/136.0.0.0 Safari/537.36 (Silvy X Ran; +https://silvyxran.love; +https://silver.inc)"
147.45.240.150 - - [01/Aug/2026:23:46:34 +0200] "GET /home/ubuntu/.config/linode-cli HTTP/1.1" 404 228 "-" "Mozilla/5.0 (Windows NT 10.0; Win64; x64) AppleWebKit/537.36 (KHTML, like Gecko) Chrome/136.0.0.0 Safari/537.36 (Silvy X Ran; +https://silvyxran.love; +https://silver.inc)"
47.239.116.165 - - [01/Aug/2026:23:46:34 +0200] "GET /client/.env HTTP/1.1" 404 209 "-" "Mozilla/5.0 (Windows NT 10.0; Win64; x64) AppleWebKit/537.36 (KHTML, like Gecko) Chrome/136.0.0.0 Safari/537.36 (Silvy X Ran; +https://silvyxran.love; +https://silver.inc)"
144.31.143.114 - - [01/Aug/2026:23:46:34 +0200] "GET /home/ubuntu/.config/hcloud/cli.toml HTTP/1.1" 302 249 "-" "Mozilla/5.0 (Windows NT 10.0; Win64; x64) AppleWebKit/537.36 (KHTML, like Gecko) Chrome/136.0.0.0 Safari/537.36 (Silvy X Ran; +https://silvyxran.love; +https://silver.inc)"
147.45.240.150 - - [01/Aug/2026:23:46:34 +0200] "GET /.linode-cli HTTP/1.1" 404 209 "-" "Mozilla/5.0 (Windows NT 10.0; Win64; x64) AppleWebKit/537.36 (KHTML, like Gecko) Chrome/136.0.0.0 Safari/537.36 (Silvy X Ran; +https://silvyxran.love; +https://silver.inc)"
144.24.123.141 - - [01/Aug/2026:23:46:34 +0200] "GET /settings.py HTTP/1.1" 404 209 "-" "Mozilla/5.0 (Windows NT 10.0; Win64; x64) AppleWebKit/537.36 (KHTML, like Gecko) Chrome/136.0.0.0 Safari/537.36 (Silvy X Ran; +https://silvyxran.love; +https://silver.inc)"
161.118.169.38 - - [01/Aug/2026:23:46:34 +0200] "GET /config/secrets.yml HTTP/1.1" 404 216 "-" "Mozilla/5.0 (Windows NT 10.0; Win64; x64) AppleWebKit/537.36 (KHTML, like Gecko) Chrome/136.0.0.0 Safari/537.36 (Silvy X Ran; +https://silvyxran.love; +https://silver.inc)"
143.198.85.89 - - [01/Aug/2026:23:46:35 +0200] "GET /bundle.js HTTP/1.1" 404 207 "-" "Mozilla/5.0 (Windows NT 10.0; Win64; x64) AppleWebKit/537.36 (KHTML, like Gecko) Chrome/136.0.0.0 Safari/537.36 (Silvy X Ran; +https://silvyxran.love; +https://silver.inc)"
144.24.123.141 - - [01/Aug/2026:23:46:35 +0200] "GET /config/.env HTTP/1.1" 404 209 "-" "Mozilla/5.0 (Windows NT 10.0; Win64; x64) AppleWebKit/537.36 (KHTML, like Gecko) Chrome/136.0.0.0 Safari/537.36 (Silvy X Ran; +https://silvyxran.love; +https://silver.inc)"
139.59.102.20 - - [01/Aug/2026:23:46:35 +0200] "GET /app.bundle.js HTTP/1.1" 404 211 "-" "Mozilla/5.0 (Windows NT 10.0; Win64; x64) AppleWebKit/537.36 (KHTML, like Gecko) Chrome/136.0.0.0 Safari/537.36 (Silvy X Ran; +https://silvyxran.love; +https://silver.inc)"
138.124.103.234 - - [01/Aug/2026:23:46:35 +0200] "GET /laravel/.env HTTP/1.1" 404 210 "-" "Mozilla/5.0 (Windows NT 10.0; Win64; x64) AppleWebKit/537.36 (KHTML, like Gecko) Chrome/136.0.0.0 Safari/537.36 (Silvy X Ran; +https://silvyxran.love; +https://silver.inc)"
147.45.240.150 - - [01/Aug/2026:23:46:35 +0200] "GET /root/.vultr-cli.yaml HTTP/1.1" 404 218 "-" "Mozilla/5.0 (Windows NT 10.0; Win64; x64) AppleWebKit/537.36 (KHTML, like Gecko) Chrome/136.0.0.0 Safari/537.36 (Silvy X Ran; +https://silvyxran.love; +https://silver.inc)"
144.31.143.114 - - [01/Aug/2026:23:46:35 +0200] "GET /.hcloud.toml HTTP/1.1" 302 226 "-" "Mozilla/5.0 (Windows NT 10.0; Win64; x64) AppleWebKit/537.36 (KHTML, like Gecko) Chrome/136.0.0.0 Safari/537.36 (Silvy X Ran; +https://silvyxran.love; +https://silver.inc)"
168.129.177.245 - - [01/Aug/2026:23:46:35 +0200] "GET /dist/app.js HTTP/1.1" 404 209 "-" "Mozilla/5.0 (Windows NT 10.0; Win64; x64) AppleWebKit/537.36 (KHTML, like Gecko) Chrome/136.0.0.0 Safari/537.36 (Silvy X Ran; +https://silvyxran.love; +https://silver.inc)"
78.189.24.202 - - [01/Aug/2026:23:46:35 +0200] "GET /appsettings.json HTTP/1.1" 404 214 "-" "Mozilla/5.0 (Windows NT 10.0; Win64; x64) AppleWebKit/537.36 (KHTML, like Gecko) Chrome/136.0.0.0 Safari/537.36 (Silvy X Ran; +https://silvyxran.love; +https://silver.inc)"
147.45.240.150 - - [01/Aug/2026:23:46:35 +0200] "GET /home/ubuntu/.vultr-cli.yaml HTTP/1.1" 404 225 "-" "Mozilla/5.0 (Windows NT 10.0; Win64; x64) AppleWebKit/537.36 (KHTML, like Gecko) Chrome/136.0.0.0 Safari/537.36 (Silvy X Ran; +https://silvyxran.love; +https://silver.inc)"
168.110.218.47 - - [01/Aug/2026:23:46:35 +0200] "GET /settings.js HTTP/1.1" 404 209 "-" "Mozilla/5.0 (Windows NT 10.0; Win64; x64) AppleWebKit/537.36 (KHTML, like Gecko) Chrome/136.0.0.0 Safari/537.36 (Silvy X Ran; +https://silvyxran.love; +https://silver.inc)"
152.42.235.126 - - [01/Aug/2026:23:46:35 +0200] "GET /app.bundle.js HTTP/1.1" 404 211 "-" "Mozilla/5.0 (Windows NT 10.0; Win64; x64) AppleWebKit/537.36 (KHTML, like Gecko) Chrome/136.0.0.0 Safari/537.36 (Silvy X Ran; +https://silvyxran.love; +https://silver.inc)"
138.124.103.234 - - [01/Aug/2026:23:46:35 +0200] "GET /debug/vars HTTP/1.1" 404 208 "-" "Mozilla/5.0 (Windows NT 10.0; Win64; x64) AppleWebKit/537.36 (KHTML, like Gecko) Chrome/136.0.0.0 Safari/537.36 (Silvy X Ran; +https://silvyxran.love; +https://silver.inc)"
144.31.143.114 - - [01/Aug/2026:23:46:35 +0200] "GET /hcloud.yml HTTP/1.1" 302 224 "-" "Mozilla/5.0 (Windows NT 10.0; Win64; x64) AppleWebKit/537.36 (KHTML, like Gecko) Chrome/136.0.0.0 Safari/537.36 (Silvy X Ran; +https://silvyxran.love; +https://silver.inc)"
147.45.240.150 - - [01/Aug/2026:23:46:35 +0200] "GET /.vultr-cli.yaml HTTP/1.1" 404 213 "-" "Mozilla/5.0 (Windows NT 10.0; Win64; x64) AppleWebKit/537.36 (KHTML, like Gecko) Chrome/136.0.0.0 Safari/537.36 (Silvy X Ran; +https://silvyxran.love; +https://silver.inc)"
144.24.123.141 - - [01/Aug/2026:23:46:35 +0200] "GET /config.py HTTP/1.1" 404 207 "-" "Mozilla/5.0 (Windows NT 10.0; Win64; x64) AppleWebKit/537.36 (KHTML, like Gecko) Chrome/136.0.0.0 Safari/537.36 (Silvy X Ran; +https://silvyxran.love; +https://silver.inc)"
161.118.169.38 - - [01/Aug/2026:23:46:35 +0200] "GET /config/master.key HTTP/1.1" 404 215 "-" "Mozilla/5.0 (Windows NT 10.0; Win64; x64) AppleWebKit/537.36 (KHTML, like Gecko) Chrome/136.0.0.0 Safari/537.36 (Silvy X Ran; +https://silvyxran.love; +https://silver.inc)"
144.24.123.141 - - [01/Aug/2026:23:46:35 +0200] "GET /backend/.env HTTP/1.1" 404 210 "-" "Mozilla/5.0 (Windows NT 10.0; Win64; x64) AppleWebKit/537.36 (KHTML, like Gecko) Chrome/136.0.0.0 Safari/537.36 (Silvy X Ran; +https://silvyxran.love; +https://silver.inc)"
47.239.116.165 - - [01/Aug/2026:23:46:35 +0200] "GET /web/.env HTTP/1.1" 404 206 "-" "Mozilla/5.0 (Windows NT 10.0; Win64; x64) AppleWebKit/537.36 (KHTML, like Gecko) Chrome/136.0.0.0 Safari/537.36 (Silvy X Ran; +https://silvyxran.love; +https://silver.inc)"
78.189.24.202 - - [01/Aug/2026:23:46:35 +0200] "GET /appsettings.Development.json HTTP/1.1" 404 226 "-" "Mozilla/5.0 (Windows NT 10.0; Win64; x64) AppleWebKit/537.36 (KHTML, like Gecko) Chrome/136.0.0.0 Safari/537.36 (Silvy X Ran; +https://silvyxran.love; +https://silver.inc)"
138.124.103.234 - - [01/Aug/2026:23:46:35 +0200] "GET /.gcp/credentials.json HTTP/1.1" 404 219 "-" "Mozilla/5.0 (Windows NT 10.0; Win64; x64) AppleWebKit/537.36 (KHTML, like Gecko) Chrome/136.0.0.0 Safari/537.36 (Silvy X Ran; +https://silvyxran.love; +https://silver.inc)"
128.199.182.55 - - [01/Aug/2026:23:46:35 +0200] "GET /server-status HTTP/1.1" 404 211 "-" "Mozilla/5.0 (l9scan/2.0.432313e2135323e2531323e25383; +https://leakix.net)"
144.31.143.114 - - [01/Aug/2026:23:46:35 +0200] "GET /root/.config/linode-cli HTTP/1.1" 302 237 "-" "Mozilla/5.0 (Windows NT 10.0; Win64; x64) AppleWebKit/537.36 (KHTML, like Gecko) Chrome/136.0.0.0 Safari/537.36 (Silvy X Ran; +https://silvyxran.love; +https://silver.inc)"
143.198.85.89 - - [01/Aug/2026:23:46:35 +0200] "GET /app.bundle.js HTTP/1.1" 404 211 "-" "Mozilla/5.0 (Windows NT 10.0; Win64; x64) AppleWebKit/537.36 (KHTML, like Gecko) Chrome/136.0.0.0 Safari/537.36 (Silvy X Ran; +https://silvyxran.love; +https://silver.inc)"
139.59.102.20 - - [01/Aug/2026:23:46:35 +0200] "GET /main.bundle.js HTTP/1.1" 404 212 "-" "Mozilla/5.0 (Windows NT 10.0; Win64; x64) AppleWebKit/537.36 (KHTML, like Gecko) Chrome/136.0.0.0 Safari/537.36 (Silvy X Ran; +https://silvyxran.love; +https://silver.inc)"
168.129.177.245 - - [01/Aug/2026:23:46:35 +0200] "GET /dist/bundle.js HTTP/1.1" 404 212 "-" "Mozilla/5.0 (Windows NT 10.0; Win64; x64) AppleWebKit/537.36 (KHTML, like Gecko) Chrome/136.0.0.0 Safari/537.36 (Silvy X Ran; +https://silvyxran.love; +https://silver.inc)"
104.164.173.38 - - [01/Aug/2026:23:46:35 +0200] "GET /themes/blackbirch/ HTTP/1.1" 200 521 "-" "Mozilla/5.0 (Macintosh; Intel Mac OS X 10_15_7) AppleWebKit/537.36 (KHTML, like Gecko) Chrome/131.0.0.0 Safari/537.36"
104.164.173.38 - - [01/Aug/2026:23:46:35 +0200] "GET /themes/transmission/ HTTP/1.1" 200 479 "-" "Mozilla/5.0 (Macintosh; Intel Mac OS X 10_15_7) AppleWebKit/537.36 (KHTML, like Gecko) Chrome/131.0.0.0 Safari/537.36"
138.124.103.234 - - [01/Aug/2026:23:46:35 +0200] "GET /.gcp/service-account.json HTTP/1.1" 404 223 "-" "Mozilla/5.0 (Windows NT 10.0; Win64; x64) AppleWebKit/537.36 (KHTML, like Gecko) Chrome/136.0.0.0 Safari/537.36 (Silvy X Ran; +https://silvyxran.love; +https://silver.inc)"
144.31.143.114 - - [01/Aug/2026:23:46:35 +0200] "GET /home/ubuntu/.config/linode-cli HTTP/1.1" 302 244 "-" "Mozilla/5.0 (Windows NT 10.0; Win64; x64) AppleWebKit/537.36 (KHTML, like Gecko) Chrome/136.0.0.0 Safari/537.36 (Silvy X Ran; +https://silvyxran.love; +https://silver.inc)"
78.189.24.202 - - [01/Aug/2026:23:46:35 +0200] "GET /appsettings.Production.json HTTP/1.1" 404 225 "-" "Mozilla/5.0 (Windows NT 10.0; Win64; x64) AppleWebKit/537.36 (KHTML, like Gecko) Chrome/136.0.0.0 Safari/537.36 (Silvy X Ran; +https://silvyxran.love; +https://silver.inc)"
152.42.235.126 - - [01/Aug/2026:23:46:35 +0200] "GET /main.bundle.js HTTP/1.1" 404 212 "-" "Mozilla/5.0 (Windows NT 10.0; Win64; x64) AppleWebKit/537.36 (KHTML, like Gecko) Chrome/136.0.0.0 Safari/537.36 (Silvy X Ran; +https://silvyxran.love; +https://silver.inc)"
144.24.123.141 - - [01/Aug/2026:23:46:35 +0200] "GET /secrets.py HTTP/1.1" 404 208 "-" "Mozilla/5.0 (Windows NT 10.0; Win64; x64) AppleWebKit/537.36 (KHTML, like Gecko) Chrome/136.0.0.0 Safari/537.36 (Silvy X Ran; +https://silvyxran.love; +https://silver.inc)"
104.164.173.38 - - [01/Aug/2026:23:46:35 +0200] "GET /themes/powerbookg4/ HTTP/1.1" 200 473 "-" "Mozilla/5.0 (Macintosh; Intel Mac OS X 10_15_7) AppleWebKit/537.36 (KHTML, like Gecko) Chrome/131.0.0.0 Safari/537.36"
104.164.173.38 - - [01/Aug/2026:23:46:35 +0200] "GET /themes/halloween/ HTTP/1.1" 200 423 "-" "Mozilla/5.0 (Macintosh; Intel Mac OS X 10_15_7) AppleWebKit/537.36 (KHTML, like Gecko) Chrome/131.0.0.0 Safari/537.36"
104.164.173.38 - - [01/Aug/2026:23:46:35 +0200] "GET /themes/caliSkinV6/ HTTP/1.1" 200 527 "-" "Mozilla/5.0 (Macintosh; Intel Mac OS X 10_15_7) AppleWebKit/537.36 (KHTML, like Gecko) Chrome/131.0.0.0 Safari/537.36"
104.164.173.38 - - [01/Aug/2026:23:46:35 +0200] "GET /themes/giallo/ HTTP/1.1" 200 465 "-" "Mozilla/5.0 (Macintosh; Intel Mac OS X 10_15_7) AppleWebKit/537.36 (KHTML, like Gecko) Chrome/131.0.0.0 Safari/537.36"
144.24.123.141 - - [01/Aug/2026:23:46:35 +0200] "GET /frontend/.env HTTP/1.1" 404 211 "-" "Mozilla/5.0 (Windows NT 10.0; Win64; x64) AppleWebKit/537.36 (KHTML, like Gecko) Chrome/136.0.0.0 Safari/537.36 (Silvy X Ran; +https://silvyxran.love; +https://silver.inc)"
161.118.169.38 - - [01/Aug/2026:23:46:35 +0200] "GET /wp-config.php.bak HTTP/1.1" 404 215 "-" "Mozilla/5.0 (Windows NT 10.0; Win64; x64) AppleWebKit/537.36 (KHTML, like Gecko) Chrome/136.0.0.0 Safari/537.36 (Silvy X Ran; +https://silvyxran.love; +https://silver.inc)"
168.110.218.47 - - [01/Aug/2026:23:46:35 +0200] "GET /settings.json HTTP/1.1" 404 211 "-" "Mozilla/5.0 (Windows NT 10.0; Win64; x64) AppleWebKit/537.36 (KHTML, like Gecko) Chrome/136.0.0.0 Safari/537.36 (Silvy X Ran; +https://silvyxran.love; +https://silver.inc)"
138.124.103.234 - - [01/Aug/2026:23:46:35 +0200] "GET /gcp-credentials.json HTTP/1.1" 404 218 "-" "Mozilla/5.0 (Windows NT 10.0; Win64; x64) AppleWebKit/537.36 (KHTML, like Gecko) Chrome/136.0.0.0 Safari/537.36 (Silvy X Ran; +https://silvyxran.love; +https://silver.inc)"
144.31.143.114 - - [01/Aug/2026:23:46:35 +0200] "GET /.linode-cli HTTP/1.1" 302 225 "-" "Mozilla/5.0 (Windows NT 10.0; Win64; x64) AppleWebKit/537.36 (KHTML, like Gecko) Chrome/136.0.0.0 Safari/537.36 (Silvy X Ran; +https://silvyxran.love; +https://silver.inc)"
78.189.24.202 - - [01/Aug/2026:23:46:35 +0200] "GET /config.yaml HTTP/1.1" 404 209 "-" "Mozilla/5.0 (Windows NT 10.0; Win64; x64) AppleWebKit/537.36 (KHTML, like Gecko) Chrome/136.0.0.0 Safari/537.36 (Silvy X Ran; +https://silvyxran.love; +https://silver.inc)"
168.129.177.245 - - [01/Aug/2026:23:46:35 +0200] "GET /build/static/js/main.js HTTP/1.1" 404 221 "-" "Mozilla/5.0 (Windows NT 10.0; Win64; x64) AppleWebKit/537.36 (KHTML, like Gecko) Chrome/136.0.0.0 Safari/537.36 (Silvy X Ran; +https://silvyxran.love; +https://silver.inc)"
143.198.85.89 - - [01/Aug/2026:23:46:35 +0200] "GET /main.bundle.js HTTP/1.1" 404 212 "-" "Mozilla/5.0 (Windows NT 10.0; Win64; x64) AppleWebKit/537.36 (KHTML, like Gecko) Chrome/136.0.0.0 Safari/537.36 (Silvy X Ran; +https://silvyxran.love; +https://silver.inc)"
139.59.102.20 - - [01/Aug/2026:23:46:35 +0200] "GET /vendor.js HTTP/1.1" 404 207 "-" "Mozilla/5.0 (Windows NT 10.0; Win64; x64) AppleWebKit/537.36 (KHTML, like Gecko) Chrome/136.0.0.0 Safari/537.36 (Silvy X Ran; +https://silvyxran.love; +https://silver.inc)"
138.124.103.234 - - [01/Aug/2026:23:46:35 +0200] "GET /gcp-service-account.json HTTP/1.1" 404 222 "-" "Mozilla/5.0 (Windows NT 10.0; Win64; x64) AppleWebKit/537.36 (KHTML, like Gecko) Chrome/136.0.0.0 Safari/537.36 (Silvy X Ran; +https://silvyxran.love; +https://silver.inc)"
144.31.143.114 - - [01/Aug/2026:23:46:35 +0200] "GET /root/.vultr-cli.yaml HTTP/1.1" 302 234 "-" "Mozilla/5.0 (Windows NT 10.0; Win64; x64) AppleWebKit/537.36 (KHTML, like Gecko) Chrome/136.0.0.0 Safari/537.36 (Silvy X Ran; +https://silvyxran.love; +https://silver.inc)"
144.24.123.141 - - [01/Aug/2026:23:46:35 +0200] "GET /config/secrets.yml HTTP/1.1" 404 216 "-" "Mozilla/5.0 (Windows NT 10.0; Win64; x64) AppleWebKit/537.36 (KHTML, like Gecko) Chrome/136.0.0.0 Safari/537.36 (Silvy X Ran; +https://silvyxran.love; +https://silver.inc)"
144.24.123.141 - - [01/Aug/2026:23:46:35 +0200] "GET /api/.env HTTP/1.1" 404 206 "-" "Mozilla/5.0 (Windows NT 10.0; Win64; x64) AppleWebKit/537.36 (KHTML, like Gecko) Chrome/136.0.0.0 Safari/537.36 (Silvy X Ran; +https://silvyxran.love; +https://silver.inc)"
152.42.235.126 - - [01/Aug/2026:23:46:35 +0200] "GET /vendor.js HTTP/1.1" 404 207 "-" "Mozilla/5.0 (Windows NT 10.0; Win64; x64) AppleWebKit/537.36 (KHTML, like Gecko) Chrome/136.0.0.0 Safari/537.36 (Silvy X Ran; +https://silvyxran.love; +https://silver.inc)"
161.118.169.38 - - [01/Aug/2026:23:46:36 +0200] "GET /wp-config.php.old HTTP/1.1" 404 215 "-" "Mozilla/5.0 (Windows NT 10.0; Win64; x64) AppleWebKit/537.36 (KHTML, like Gecko) Chrome/136.0.0.0 Safari/537.36 (Silvy X Ran; +https://silvyxran.love; +https://silver.inc)"
78.189.24.202 - - [01/Aug/2026:23:46:36 +0200] "GET /config.yml HTTP/1.1" 404 208 "-" "Mozilla/5.0 (Windows NT 10.0; Win64; x64) AppleWebKit/537.36 (KHTML, like Gecko) Chrome/136.0.0.0 Safari/537.36 (Silvy X Ran; +https://silvyxran.love; +https://silver.inc)"
138.124.103.234 - - [01/Aug/2026:23:46:36 +0200] "GET /service-account.json HTTP/1.1" 404 218 "-" "Mozilla/5.0 (Windows NT 10.0; Win64; x64) AppleWebKit/537.36 (KHTML, like Gecko) Chrome/136.0.0.0 Safari/537.36 (Silvy X Ran; +https://silvyxran.love; +https://silver.inc)"
144.31.143.114 - - [01/Aug/2026:23:46:36 +0200] "GET /home/ubuntu/.vultr-cli.yaml HTTP/1.1" 302 241 "-" "Mozilla/5.0 (Windows NT 10.0; Win64; x64) AppleWebKit/537.36 (KHTML, like Gecko) Chrome/136.0.0.0 Safari/537.36 (Silvy X Ran; +https://silvyxran.love; +https://silver.inc)"
104.164.173.38 - - [01/Aug/2026:23:46:36 +0200] "GET /themes/smf/ HTTP/1.1" 200 513 "-" "Mozilla/5.0 (Macintosh; Intel Mac OS X 10_15_7) AppleWebKit/537.36 (KHTML, like Gecko) Chrome/131.0.0.0 Safari/537.36"
168.129.177.245 - - [01/Aug/2026:23:46:36 +0200] "GET /assets/index.js HTTP/1.1" 404 213 "-" "Mozilla/5.0 (Windows NT 10.0; Win64; x64) AppleWebKit/537.36 (KHTML, like Gecko) Chrome/136.0.0.0 Safari/537.36 (Silvy X Ran; +https://silvyxran.love; +https://silver.inc)"
168.110.218.47 - - [01/Aug/2026:23:46:36 +0200] "GET /secrets.json HTTP/1.1" 404 210 "-" "Mozilla/5.0 (Windows NT 10.0; Win64; x64) AppleWebKit/537.36 (KHTML, like Gecko) Chrome/136.0.0.0 Safari/537.36 (Silvy X Ran; +https://silvyxran.love; +https://silver.inc)"
138.124.103.234 - - [01/Aug/2026:23:46:36 +0200] "GET /google-credentials.json HTTP/1.1" 404 221 "-" "Mozilla/5.0 (Windows NT 10.0; Win64; x64) AppleWebKit/537.36 (KHTML, like Gecko) Chrome/136.0.0.0 Safari/537.36 (Silvy X Ran; +https://silvyxran.love; +https://silver.inc)"
144.31.143.114 - - [01/Aug/2026:23:46:36 +0200] "GET /.vultr-cli.yaml HTTP/1.1" 302 229 "-" "Mozilla/5.0 (Windows NT 10.0; Win64; x64) AppleWebKit/537.36 (KHTML, like Gecko) Chrome/136.0.0.0 Safari/537.36 (Silvy X Ran; +https://silvyxran.love; +https://silver.inc)"
47.239.116.165 - - [01/Aug/2026:23:46:36 +0200] "GET /public/.env HTTP/1.1" 404 209 "-" "Mozilla/5.0 (Windows NT 10.0; Win64; x64) AppleWebKit/537.36 (KHTML, like Gecko) Chrome/136.0.0.0 Safari/537.36 (Silvy X Ran; +https://silvyxran.love; +https://silver.inc)"
144.24.123.141 - - [01/Aug/2026:23:46:36 +0200] "GET /config/master.key HTTP/1.1" 404 215 "-" "Mozilla/5.0 (Windows NT 10.0; Win64; x64) AppleWebKit/537.36 (KHTML, like Gecko) Chrome/136.0.0.0 Safari/537.36 (Silvy X Ran; +https://silvyxran.love; +https://silver.inc)"
78.189.24.202 - - [01/Aug/2026:23:46:36 +0200] "GET /config.toml HTTP/1.1" 404 209 "-" "Mozilla/5.0 (Windows NT 10.0; Win64; x64) AppleWebKit/537.36 (KHTML, like Gecko) Chrome/136.0.0.0 Safari/537.36 (Silvy X Ran; +https://silvyxran.love; +https://silver.inc)"
143.198.85.89 - - [01/Aug/2026:23:46:36 +0200] "GET /vendor.js HTTP/1.1" 404 207 "-" "Mozilla/5.0 (Windows NT 10.0; Win64; x64) AppleWebKit/537.36 (KHTML, like Gecko) Chrome/136.0.0.0 Safari/537.36 (Silvy X Ran; +https://silvyxran.love; +https://silver.inc)"
104.164.173.223 - - [01/Aug/2026:23:46:36 +0200] "GET / HTTP/1.1" 200 1309 "-" "Mozilla/5.0 (Macintosh; Intel Mac OS X 10_15_7) AppleWebKit/537.36 (KHTML, like Gecko) Chrome/130.0.0.0 Safari/537.36"
139.59.102.20 - - [01/Aug/2026:23:46:36 +0200] "GET /chunk.js HTTP/1.1" 404 206 "-" "Mozilla/5.0 (Windows NT 10.0; Win64; x64) AppleWebKit/537.36 (KHTML, like Gecko) Chrome/136.0.0.0 Safari/537.36 (Silvy X Ran; +https://silvyxran.love; +https://silver.inc)"
144.24.123.141 - - [01/Aug/2026:23:46:36 +0200] "GET /server/.env HTTP/1.1" 404 209 "-" "Mozilla/5.0 (Windows NT 10.0; Win64; x64) AppleWebKit/537.36 (KHTML, like Gecko) Chrome/136.0.0.0 Safari/537.36 (Silvy X Ran; +https://silvyxran.love; +https://silver.inc)"
161.118.169.38 - - [01/Aug/2026:23:46:36 +0200] "GET /wp-config.php.save HTTP/1.1" 404 216 "-" "Mozilla/5.0 (Windows NT 10.0; Win64; x64) AppleWebKit/537.36 (KHTML, like Gecko) Chrome/136.0.0.0 Safari/537.36 (Silvy X Ran; +https://silvyxran.love; +https://silver.inc)"
138.124.103.234 - - [01/Aug/2026:23:46:36 +0200] "GET /google-cloud-key.json HTTP/1.1" 404 219 "-" "Mozilla/5.0 (Windows NT 10.0; Win64; x64) AppleWebKit/537.36 (KHTML, like Gecko) Chrome/136.0.0.0 Safari/537.36 (Silvy X Ran; +https://silvyxran.love; +https://silver.inc)"
152.42.235.126 - - [01/Aug/2026:23:46:36 +0200] "GET /chunk.js HTTP/1.1" 404 206 "-" "Mozilla/5.0 (Windows NT 10.0; Win64; x64) AppleWebKit/537.36 (KHTML, like Gecko) Chrome/136.0.0.0 Safari/537.36 (Silvy X Ran; +https://silvyxran.love; +https://silver.inc)"
103.4.250.25 - - [01/Aug/2026:23:46:36 +0200] "GET / HTTP/1.1" 200 1757 "-" "Mozilla/5.0 (Macintosh; Intel Mac OS X 10_15_7) AppleWebKit/537.36 (KHTML, like Gecko) Chrome/131.0.0.0 Safari/537.36"
78.189.24.202 - - [01/Aug/2026:23:46:36 +0200] "GET /serverless.yml HTTP/1.1" 404 212 "-" "Mozilla/5.0 (Windows NT 10.0; Win64; x64) AppleWebKit/537.36 (KHTML, like Gecko) Chrome/136.0.0.0 Safari/537.36 (Silvy X Ran; +https://silvyxran.love; +https://silver.inc)"
168.129.177.245 - - [01/Aug/2026:23:46:36 +0200] "GET /assets/app.js HTTP/1.1" 404 211 "-" "Mozilla/5.0 (Windows NT 10.0; Win64; x64) AppleWebKit/537.36 (KHTML, like Gecko) Chrome/136.0.0.0 Safari/537.36 (Silvy X Ran; +https://silvyxran.love; +https://silver.inc)"
104.164.126.194 - - [01/Aug/2026:23:46:36 +0200] "GET / HTTP/1.1" 200 12571 "-" "Mozilla/5.0 (Windows NT 10.0; Win64; x64) AppleWebKit/537.36 (KHTML, like Gecko) Chrome/131.0.0.0 Safari/537.36"
138.124.103.234 - - [01/Aug/2026:23:46:36 +0200] "GET /firebase-adminsdk.json HTTP/1.1" 404 220 "-" "Mozilla/5.0 (Windows NT 10.0; Win64; x64) AppleWebKit/537.36 (KHTML, like Gecko) Chrome/136.0.0.0 Safari/537.36 (Silvy X Ran; +https://silvyxran.love; +https://silver.inc)"
144.24.123.141 - - [01/Aug/2026:23:46:36 +0200] "GET /wp-config.php.bak HTTP/1.1" 404 215 "-" "Mozilla/5.0 (Windows NT 10.0; Win64; x64) AppleWebKit/537.36 (KHTML, like Gecko) Chrome/136.0.0.0 Safari/537.36 (Silvy X Ran; +https://silvyxran.love; +https://silver.inc)"
144.24.123.141 - - [01/Aug/2026:23:46:36 +0200] "GET /client/.env HTTP/1.1" 404 209 "-" "Mozilla/5.0 (Windows NT 10.0; Win64; x64) AppleWebKit/537.36 (KHTML, like Gecko) Chrome/136.0.0.0 Safari/537.36 (Silvy X Ran; +https://silvyxran.love; +https://silver.inc)"
103.196.9.136 - - [01/Aug/2026:23:46:36 +0200] "GET / HTTP/1.1" 200 3229 "-" "Mozilla/5.0 (Windows NT 10.0; Win64; x64) AppleWebKit/537.36 (KHTML, like Gecko) Chrome/131.0.0.0 Safari/537.36"
168.110.218.47 - - [01/Aug/2026:23:46:36 +0200] "GET /credentials.json HTTP/1.1" 404 214 "-" "Mozilla/5.0 (Windows NT 10.0; Win64; x64) AppleWebKit/537.36 (KHTML, like Gecko) Chrome/136.0.0.0 Safari/537.36 (Silvy X Ran; +https://silvyxran.love; +https://silver.inc)"
161.118.169.38 - - [01/Aug/2026:23:46:36 +0200] "GET /wp-config.php.txt HTTP/1.1" 404 215 "-" "Mozilla/5.0 (Windows NT 10.0; Win64; x64) AppleWebKit/537.36 (KHTML, like Gecko) Chrome/136.0.0.0 Safari/537.36 (Silvy X Ran; +https://silvyxran.love; +https://silver.inc)"
143.198.85.89 - - [01/Aug/2026:23:46:36 +0200] "GET /chunk.js HTTP/1.1" 404 206 "-" "Mozilla/5.0 (Windows NT 10.0; Win64; x64) AppleWebKit/537.36 (KHTML, like Gecko) Chrome/136.0.0.0 Safari/537.36 (Silvy X Ran; +https://silvyxran.love; +https://silver.inc)"
