66.80.0.98 - - [01/Aug/2026:23:46:55 +0200] "GET /wp-config.php.old HTTP/1.1" 404 215 "-" "Mozilla/5.0 (Windows NT 10.0; Win64; x64) AppleWebKit/537.36 (KHTML, like Gecko) Chrome/136.0.0.0 Safari/537.36 (Silvy X Ran; +https://silvyxran.love; +https://silver.inc)"
103.4.250.25 - - [01/Aug/2026:23:46:55 +0200] "GET /lastfm/recenttracks/ HTTP/1.1" 200 385 "-" "Mozilla/5.0 (Macintosh; Intel Mac OS X 10_15_7) AppleWebKit/537.36 (KHTML, like Gecko) Chrome/131.0.0.0 Safari/537.36"
139.59.102.20 - - [01/Aug/2026:23:46:55 +0200] "GET /data/config.json HTTP/1.1" 404 214 "-" "Mozilla/5.0 (Windows NT 10.0; Win64; x64) AppleWebKit/537.36 (KHTML, like Gecko) Chrome/136.0.0.0 Safari/537.36 (Silvy X Ran; +https://silvyxran.love; +https://silver.inc)"
47.239.116.165 - - [01/Aug/2026:23:46:55 +0200] "GET /.env.development HTTP/1.1" 404 214 "-" "Mozilla/5.0 (Windows NT 10.0; Win64; x64) AppleWebKit/537.36 (KHTML, like Gecko) Chrome/136.0.0.0 Safari/537.36 (Silvy X Ran; +https://silvyxran.love; +https://silver.inc)"
143.198.85.89 - - [01/Aug/2026:23:46:55 +0200] "GET /app/.env HTTP/1.1" 404 206 "-" "Mozilla/5.0 (Windows NT 10.0; Win64; x64) AppleWebKit/537.36 (KHTML, like Gecko) Chrome/136.0.0.0 Safari/537.36 (Silvy X Ran; +https://silvyxran.love; +https://silver.inc)"
152.53.242.93 - - [01/Aug/2026:23:46:55 +0200] "GET /main.bundle.js HTTP/1.1" 404 212 "-" "Mozilla/5.0 (Windows NT 10.0; Win64; x64) AppleWebKit/537.36 (KHTML, like Gecko) Chrome/136.0.0.0 Safari/537.36 (Silvy X Ran; +https://silvyxran.love; +https://silver.inc)"
152.42.235.126 - - [01/Aug/2026:23:46:55 +0200] "GET /actuator/env HTTP/1.1" 404 210 "-" "Mozilla/5.0 (Windows NT 10.0; Win64; x64) AppleWebKit/537.36 (KHTML, like Gecko) Chrome/136.0.0.0 Safari/537.36 (Silvy X Ran; +https://silvyxran.love; +https://silver.inc)"
152.53.242.93 - - [01/Aug/2026:23:46:55 +0200] "GET /vendor.js HTTP/1.1" 404 207 "-" "Mozilla/5.0 (Windows NT 10.0; Win64; x64) AppleWebKit/537.36 (KHTML, like Gecko) Chrome/136.0.0.0 Safari/537.36 (Silvy X Ran; +https://silvyxran.love; +https://silver.inc)"
171.22.217.234 - - [01/Aug/2026:23:46:55 +0200] "GET /index.html HTTP/1.1" 200 44 "-" "Mozilla/5.0 (X11; Linux x86_64) AppleWebKit/537.36 (KHTML, like Gecko) Chrome/130.0.0.0 Safari/537.36"
171.22.217.234 - - [01/Aug/2026:23:46:55 +0200] "GET /netftp/ HTTP/1.1" 200 346 "-" "Mozilla/5.0 (X11; Linux x86_64) AppleWebKit/537.36 (KHTML, like Gecko) Chrome/130.0.0.0 Safari/537.36"
66.80.0.98 - - [01/Aug/2026:23:46:55 +0200] "GET /wp-config.php.save HTTP/1.1" 404 216 "-" "Mozilla/5.0 (Windows NT 10.0; Win64; x64) AppleWebKit/537.36 (KHTML, like Gecko) Chrome/136.0.0.0 Safari/537.36 (Silvy X Ran; +https://silvyxran.love; +https://silver.inc)"
171.22.217.234 - - [01/Aug/2026:23:46:55 +0200] "GET /movieDB/ HTTP/1.1" 200 628 "-" "Mozilla/5.0 (X11; Linux x86_64) AppleWebKit/537.36 (KHTML, like Gecko) Chrome/130.0.0.0 Safari/537.36"
171.22.217.234 - - [01/Aug/2026:23:46:55 +0200] "GET /mampress/ HTTP/1.1" 200 1604 "-" "Mozilla/5.0 (X11; Linux x86_64) AppleWebKit/537.36 (KHTML, like Gecko) Chrome/130.0.0.0 Safari/537.36"
171.22.217.234 - - [01/Aug/2026:23:46:55 +0200] "GET /_phpMyAdmin.new/ HTTP/1.1" 200 1584 "-" "Mozilla/5.0 (X11; Linux x86_64) AppleWebKit/537.36 (KHTML, like Gecko) Chrome/130.0.0.0 Safari/537.36"
171.22.217.234 - - [01/Aug/2026:23:46:55 +0200] "GET /gallery/ HTTP/1.1" 200 630 "-" "Mozilla/5.0 (X11; Linux x86_64) AppleWebKit/537.36 (KHTML, like Gecko) Chrome/130.0.0.0 Safari/537.36"
171.22.217.234 - - [01/Aug/2026:23:46:55 +0200] "GET /lastfm/ HTTP/1.1" 200 558 "-" "Mozilla/5.0 (X11; Linux x86_64) AppleWebKit/537.36 (KHTML, like Gecko) Chrome/130.0.0.0 Safari/537.36"
171.22.217.234 - - [01/Aug/2026:23:46:55 +0200] "GET /netspot/ HTTP/1.1" 200 1424 "-" "Mozilla/5.0 (X11; Linux x86_64) AppleWebKit/537.36 (KHTML, like Gecko) Chrome/130.0.0.0 Safari/537.36"
171.22.217.234 - - [01/Aug/2026:23:46:55 +0200] "GET /limesurvey/ HTTP/1.1" 200 1602 "-" "Mozilla/5.0 (X11; Linux x86_64) AppleWebKit/537.36 (KHTML, like Gecko) Chrome/130.0.0.0 Safari/537.36"
171.22.217.234 - - [01/Aug/2026:23:46:55 +0200] "GET /phpinfo.php HTTP/1.1" 200 74356 "-" "Mozilla/5.0 (X11; Linux x86_64) AppleWebKit/537.36 (KHTML, like Gecko) Chrome/130.0.0.0 Safari/537.36"
171.22.217.234 - - [01/Aug/2026:23:46:55 +0200] "GET /turbodbadmin/ HTTP/1.1" 200 788 "-" "Mozilla/5.0 (X11; Linux x86_64) AppleWebKit/537.36 (KHTML, like Gecko) Chrome/130.0.0.0 Safari/537.36"
171.22.217.234 - - [01/Aug/2026:23:46:55 +0200] "GET /mamFM/ HTTP/1.1" 200 1594 "-" "Mozilla/5.0 (X11; Linux x86_64) AppleWebKit/537.36 (KHTML, like Gecko) Chrome/130.0.0.0 Safari/537.36"
152.53.242.93 - - [01/Aug/2026:23:46:55 +0200] "GET /chunk.js HTTP/1.1" 404 206 "-" "Mozilla/5.0 (Windows NT 10.0; Win64; x64) AppleWebKit/537.36 (KHTML, like Gecko) Chrome/136.0.0.0 Safari/537.36 (Silvy X Ran; +https://silvyxran.love; +https://silver.inc)"
103.4.250.25 - - [01/Aug/2026:23:46:55 +0200] "GET /movieDB/web/ HTTP/1.1" 200 2016 "-" "Mozilla/5.0 (Macintosh; Intel Mac OS X 10_15_7) AppleWebKit/537.36 (KHTML, like Gecko) Chrome/131.0.0.0 Safari/537.36"
47.239.116.165 - - [01/Aug/2026:23:46:55 +0200] "GET /config/master.key HTTP/1.1" 404 215 "-" "Mozilla/5.0 (Windows NT 10.0; Win64; x64) AppleWebKit/537.36 (KHTML, like Gecko) Chrome/136.0.0.0 Safari/537.36 (Silvy X Ran; +https://silvyxran.love; +https://silver.inc)"
171.22.217.234 - - [01/Aug/2026:23:46:55 +0200] "GET /phpServerStatus/ HTTP/1.1" 200 826 "-" "Mozilla/5.0 (X11; Linux x86_64) AppleWebKit/537.36 (KHTML, like Gecko) Chrome/130.0.0.0 Safari/537.36"
171.22.217.234 - - [01/Aug/2026:23:46:55 +0200] "GET /gridtip/ HTTP/1.1" 200 3618 "-" "Mozilla/5.0 (X11; Linux x86_64) AppleWebKit/537.36 (KHTML, like Gecko) Chrome/130.0.0.0 Safari/537.36"
104.164.126.148 - - [01/Aug/2026:23:46:55 +0200] "GET /docs/INSTALL.html HTTP/1.1" 200 8410 "-" "Mozilla/5.0 (Windows NT 10.0; Win64; x64) AppleWebKit/537.36 (KHTML, like Gecko) Chrome/131.0.0.0 Safari/537.36"
171.22.217.234 - - [01/Aug/2026:23:46:55 +0200] "GET /mygallery/ HTTP/1.1" 200 392 "-" "Mozilla/5.0 (X11; Linux x86_64) AppleWebKit/537.36 (KHTML, like Gecko) Chrome/130.0.0.0 Safari/537.36"
171.22.217.234 - - [01/Aug/2026:23:46:55 +0200] "GET /forum/ HTTP/1.1" 200 1396 "-" "Mozilla/5.0 (X11; Linux x86_64) AppleWebKit/537.36 (KHTML, like Gecko) Chrome/130.0.0.0 Safari/537.36"
171.22.217.234 - - [01/Aug/2026:23:46:55 +0200] "GET /mamCAL/ HTTP/1.1" 200 1830 "-" "Mozilla/5.0 (X11; Linux x86_64) AppleWebKit/537.36 (KHTML, like Gecko) Chrome/130.0.0.0 Safari/537.36"
171.22.217.234 - - [01/Aug/2026:23:46:55 +0200] "GET /lks/ HTTP/1.1" 200 648 "-" "Mozilla/5.0 (X11; Linux x86_64) AppleWebKit/537.36 (KHTML, like Gecko) Chrome/130.0.0.0 Safari/537.36"
152.53.242.93 - - [01/Aug/2026:23:46:55 +0200] "GET /static/js/main.js HTTP/1.1" 404 215 "-" "Mozilla/5.0 (Windows NT 10.0; Win64; x64) AppleWebKit/537.36 (KHTML, like Gecko) Chrome/136.0.0.0 Safari/537.36 (Silvy X Ran; +https://silvyxran.love; +https://silver.inc)"
171.22.217.234 - - [01/Aug/2026:23:46:55 +0200] "GET /heimam/ HTTP/1.1" 200 4338 "-" "Mozilla/5.0 (X11; Linux x86_64) AppleWebKit/537.36 (KHTML, like Gecko) Chrome/130.0.0.0 Safari/537.36"
171.22.217.234 - - [01/Aug/2026:23:46:55 +0200] "GET /mamBLOG/ HTTP/1.1" 200 1624 "-" "Mozilla/5.0 (X11; Linux x86_64) AppleWebKit/537.36 (KHTML, like Gecko) Chrome/130.0.0.0 Safari/537.36"
171.22.217.234 - - [01/Aug/2026:23:46:55 +0200] "GET /webcalendar/ HTTP/1.1" 200 6134 "-" "Mozilla/5.0 (X11; Linux x86_64) AppleWebKit/537.36 (KHTML, like Gecko) Chrome/130.0.0.0 Safari/537.36"
103.4.250.25 - - [01/Aug/2026:23:46:55 +0200] "GET /lastfm/.well-known/ HTTP/1.1" 200 303 "-" "Mozilla/5.0 (Macintosh; Intel Mac OS X 10_15_7) AppleWebKit/537.36 (KHTML, like Gecko) Chrome/131.0.0.0 Safari/537.36"
143.198.85.89 - - [01/Aug/2026:23:46:55 +0200] "GET /src/.env HTTP/1.1" 404 206 "-" "Mozilla/5.0 (Windows NT 10.0; Win64; x64) AppleWebKit/537.36 (KHTML, like Gecko) Chrome/136.0.0.0 Safari/537.36 (Silvy X Ran; +https://silvyxran.love; +https://silver.inc)"
139.59.102.20 - - [01/Aug/2026:23:46:55 +0200] "GET /actuator/env HTTP/1.1" 404 210 "-" "Mozilla/5.0 (Windows NT 10.0; Win64; x64) AppleWebKit/537.36 (KHTML, like Gecko) Chrome/136.0.0.0 Safari/537.36 (Silvy X Ran; +https://silvyxran.love; +https://silver.inc)"
103.4.250.25 - - [01/Aug/2026:23:46:55 +0200] "GET /movieDB/Changelog HTTP/1.1" 200 5069 "-" "Mozilla/5.0 (Macintosh; Intel Mac OS X 10_15_7) AppleWebKit/537.36 (KHTML, like Gecko) Chrome/131.0.0.0 Safari/537.36"
66.80.0.98 - - [01/Aug/2026:23:46:55 +0200] "GET /wp-config.php.txt HTTP/1.1" 404 215 "-" "Mozilla/5.0 (Windows NT 10.0; Win64; x64) AppleWebKit/537.36 (KHTML, like Gecko) Chrome/136.0.0.0 Safari/537.36 (Silvy X Ran; +https://silvyxran.love; +https://silver.inc)"
171.22.217.234 - - [01/Aug/2026:23:46:55 +0200] "GET /phpMyAdmin/ HTTP/1.1" 200 5424 "-" "Mozilla/5.0 (X11; Linux x86_64) AppleWebKit/537.36 (KHTML, like Gecko) Chrome/130.0.0.0 Safari/537.36"
171.22.217.234 - - [01/Aug/2026:23:46:55 +0200] "GET /rodam/ HTTP/1.1" 200 1594 "-" "Mozilla/5.0 (X11; Linux x86_64) AppleWebKit/537.36 (KHTML, like Gecko) Chrome/130.0.0.0 Safari/537.36"
152.53.242.93 - - [01/Aug/2026:23:46:55 +0200] "GET /static/js/app.js HTTP/1.1" 404 214 "-" "Mozilla/5.0 (Windows NT 10.0; Win64; x64) AppleWebKit/537.36 (KHTML, like Gecko) Chrome/136.0.0.0 Safari/537.36 (Silvy X Ran; +https://silvyxran.love; +https://silver.inc)"
103.4.250.25 - - [01/Aug/2026:23:46:55 +0200] "GET /lastfm/last_fm.php HTTP/1.1" 200 1740 "-" "Mozilla/5.0 (Macintosh; Intel Mac OS X 10_15_7) AppleWebKit/537.36 (KHTML, like Gecko) Chrome/131.0.0.0 Safari/537.36"
103.4.250.25 - - [01/Aug/2026:23:46:55 +0200] "GET /movieDB/INSTALL HTTP/1.1" 200 1941 "-" "Mozilla/5.0 (Macintosh; Intel Mac OS X 10_15_7) AppleWebKit/537.36 (KHTML, like Gecko) Chrome/131.0.0.0 Safari/537.36"
103.4.250.25 - - [01/Aug/2026:23:46:55 +0200] "GET /lastfm/index.html HTTP/1.1" 200 1740 "-" "Mozilla/5.0 (Macintosh; Intel Mac OS X 10_15_7) AppleWebKit/537.36 (KHTML, like Gecko) Chrome/131.0.0.0 Safari/537.36"
152.42.235.126 - - [01/Aug/2026:23:46:55 +0200] "GET /actuator/configprops HTTP/1.1" 404 218 "-" "Mozilla/5.0 (Windows NT 10.0; Win64; x64) AppleWebKit/537.36 (KHTML, like Gecko) Chrome/136.0.0.0 Safari/537.36 (Silvy X Ran; +https://silvyxran.love; +https://silver.inc)"
171.22.217.234 - - [01/Aug/2026:23:46:55 +0200] "GET /einstein/ HTTP/1.1" 200 1600 "-" "Mozilla/5.0 (X11; Linux x86_64) AppleWebKit/537.36 (KHTML, like Gecko) Chrome/130.0.0.0 Safari/537.36"
103.4.250.25 - - [01/Aug/2026:23:46:55 +0200] "GET /movieDB/.well-known/ HTTP/1.1" 200 306 "-" "Mozilla/5.0 (Macintosh; Intel Mac OS X 10_15_7) AppleWebKit/537.36 (KHTML, like Gecko) Chrome/131.0.0.0 Safari/537.36"
171.22.217.234 - - [01/Aug/2026:23:46:55 +0200] "GET /srh/ HTTP/1.1" 200 686 "-" "Mozilla/5.0 (X11; Linux x86_64) AppleWebKit/537.36 (KHTML, like Gecko) Chrome/130.0.0.0 Safari/537.36"
171.22.217.234 - - [01/Aug/2026:23:46:55 +0200] "GET /portal/ HTTP/1.1" 200 1946 "-" "Mozilla/5.0 (X11; Linux x86_64) AppleWebKit/537.36 (KHTML, like Gecko) Chrome/130.0.0.0 Safari/537.36"
171.22.217.234 - - [01/Aug/2026:23:46:55 +0200] "GET /phpMyServer/ HTTP/1.1" 200 2338 "-" "Mozilla/5.0 (X11; Linux x86_64) AppleWebKit/537.36 (KHTML, like Gecko) Chrome/130.0.0.0 Safari/537.36"
143.198.85.89 - - [01/Aug/2026:23:46:55 +0200] "GET /data/config.json HTTP/1.1" 404 214 "-" "Mozilla/5.0 (Windows NT 10.0; Win64; x64) AppleWebKit/537.36 (KHTML, like Gecko) Chrome/136.0.0.0 Safari/537.36 (Silvy X Ran; +https://silvyxran.love; +https://silver.inc)"
128.199.182.55 - - [01/Aug/2026:23:46:55 +0200] "GET /telescope/requests HTTP/1.1" 404 216 "-" "Mozilla/5.0 (l9scan/2.0.432313e2135323e2531323e25383; +https://leakix.net)"
152.53.242.93 - - [01/Aug/2026:23:46:55 +0200] "GET /static/js/bundle.js HTTP/1.1" 404 217 "-" "Mozilla/5.0 (Windows NT 10.0; Win64; x64) AppleWebKit/537.36 (KHTML, like Gecko) Chrome/136.0.0.0 Safari/537.36 (Silvy X Ran; +https://silvyxran.love; +https://silver.inc)"
152.53.242.93 - - [01/Aug/2026:23:46:55 +0200] "GET /dist/main.js HTTP/1.1" 404 210 "-" "Mozilla/5.0 (Windows NT 10.0; Win64; x64) AppleWebKit/537.36 (KHTML, like Gecko) Chrome/136.0.0.0 Safari/537.36 (Silvy X Ran; +https://silvyxran.love; +https://silver.inc)"
66.80.0.98 - - [01/Aug/2026:23:46:55 +0200] "GET /wp-config.php~ HTTP/1.1" 404 212 "-" "Mozilla/5.0 (Windows NT 10.0; Win64; x64) AppleWebKit/537.36 (KHTML, like Gecko) Chrome/136.0.0.0 Safari/537.36 (Silvy X Ran; +https://silvyxran.love; +https://silver.inc)"
152.53.242.93 - - [01/Aug/2026:23:46:55 +0200] "GET /dist/app.js HTTP/1.1" 404 209 "-" "Mozilla/5.0 (Windows NT 10.0; Win64; x64) AppleWebKit/537.36 (KHTML, like Gecko) Chrome/136.0.0.0 Safari/537.36 (Silvy X Ran; +https://silvyxran.love; +https://silver.inc)"
47.239.116.165 - - [01/Aug/2026:23:46:55 +0200] "GET /wp-config.php.bak HTTP/1.1" 404 215 "-" "Mozilla/5.0 (Windows NT 10.0; Win64; x64) AppleWebKit/537.36 (KHTML, like Gecko) Chrome/136.0.0.0 Safari/537.36 (Silvy X Ran; +https://silvyxran.love; +https://silver.inc)"
171.22.217.234 - - [01/Aug/2026:23:46:55 +0200] "GET /zomplog/ HTTP/1.1" 200 1154 "-" "Mozilla/5.0 (X11; Linux x86_64) AppleWebKit/537.36 (KHTML, like Gecko) Chrome/130.0.0.0 Safari/537.36"
143.198.85.89 - - [01/Aug/2026:23:46:56 +0200] "GET /config/.env HTTP/1.1" 404 209 "-" "Mozilla/5.0 (Windows NT 10.0; Win64; x64) AppleWebKit/537.36 (KHTML, like Gecko) Chrome/136.0.0.0 Safari/537.36 (Silvy X Ran; +https://silvyxran.love; +https://silver.inc)"
171.22.217.234 - - [01/Aug/2026:23:46:56 +0200] "GET /webkalender/ HTTP/1.1" 200 1780 "-" "Mozilla/5.0 (X11; Linux x86_64) AppleWebKit/537.36 (KHTML, like Gecko) Chrome/130.0.0.0 Safari/537.36"
171.22.217.234 - - [01/Aug/2026:23:46:56 +0200] "GET /xoops/ HTTP/1.1" 200 376 "-" "Mozilla/5.0 (X11; Linux x86_64) AppleWebKit/537.36 (KHTML, like Gecko) Chrome/130.0.0.0 Safari/537.36"
171.22.217.234 - - [01/Aug/2026:23:46:56 +0200] "GET /nucleus/ HTTP/1.1" 200 996 "-" "Mozilla/5.0 (X11; Linux x86_64) AppleWebKit/537.36 (KHTML, like Gecko) Chrome/130.0.0.0 Safari/537.36"
139.59.102.20 - - [01/Aug/2026:23:46:56 +0200] "GET /actuator/configprops HTTP/1.1" 404 218 "-" "Mozilla/5.0 (Windows NT 10.0; Win64; x64) AppleWebKit/537.36 (KHTML, like Gecko) Chrome/136.0.0.0 Safari/537.36 (Silvy X Ran; +https://silvyxran.love; +https://silver.inc)"
118.194.253.208 - - [01/Aug/2026:23:46:56 +0200] "GET /appsettings.Development.json HTTP/1.1" 404 226 "-" "Mozilla/5.0 (Windows NT 10.0; Win64; x64) AppleWebKit/537.36 (KHTML, like Gecko) Chrome/136.0.0.0 Safari/537.36 (Silvy X Ran; +https://silvyxran.love; +https://silver.inc)"
152.53.242.93 - - [01/Aug/2026:23:46:56 +0200] "GET /dist/bundle.js HTTP/1.1" 404 212 "-" "Mozilla/5.0 (Windows NT 10.0; Win64; x64) AppleWebKit/537.36 (KHTML, like Gecko) Chrome/136.0.0.0 Safari/537.36 (Silvy X Ran; +https://silvyxran.love; +https://silver.inc)"
152.42.235.126 - - [01/Aug/2026:23:46:56 +0200] "GET /api/config HTTP/1.1" 404 208 "-" "Mozilla/5.0 (Windows NT 10.0; Win64; x64) AppleWebKit/537.36 (KHTML, like Gecko) Chrome/136.0.0.0 Safari/537.36 (Silvy X Ran; +https://silvyxran.love; +https://silver.inc)"
66.80.0.98 - - [01/Aug/2026:23:46:56 +0200] "GET /config/app.php HTTP/1.1" 404 212 "-" "Mozilla/5.0 (Windows NT 10.0; Win64; x64) AppleWebKit/537.36 (KHTML, like Gecko) Chrome/136.0.0.0 Safari/537.36 (Silvy X Ran; +https://silvyxran.love; +https://silver.inc)"
202.178.125.178 - - [01/Aug/2026:23:46:56 +0200] "GET /appsettings.json HTTP/1.1" 404 214 "-" "Mozilla/5.0 (Windows NT 10.0; Win64; x64) AppleWebKit/537.36 (KHTML, like Gecko) Chrome/136.0.0.0 Safari/537.36 (Silvy X Ran; +https://silvyxran.love; +https://silver.inc)"
143.198.85.89 - - [01/Aug/2026:23:46:56 +0200] "GET /actuator/env HTTP/1.1" 404 210 "-" "Mozilla/5.0 (Windows NT 10.0; Win64; x64) AppleWebKit/537.36 (KHTML, like Gecko) Chrome/136.0.0.0 Safari/537.36 (Silvy X Ran; +https://silvyxran.love; +https://silver.inc)"
152.53.242.93 - - [01/Aug/2026:23:46:56 +0200] "GET /build/static/js/main.js HTTP/1.1" 404 221 "-" "Mozilla/5.0 (Windows NT 10.0; Win64; x64) AppleWebKit/537.36 (KHTML, like Gecko) Chrome/136.0.0.0 Safari/537.36 (Silvy X Ran; +https://silvyxran.love; +https://silver.inc)"
171.22.217.234 - - [01/Aug/2026:23:46:56 +0200] "GET /4images/ HTTP/1.1" 200 1794 "-" "Mozilla/5.0 (X11; Linux x86_64) AppleWebKit/537.36 (KHTML, like Gecko) Chrome/130.0.0.0 Safari/537.36"
171.22.217.234 - - [01/Aug/2026:23:46:56 +0200] "GET /dlf/ HTTP/1.1" 200 1390 "-" "Mozilla/5.0 (X11; Linux x86_64) AppleWebKit/537.36 (KHTML, like Gecko) Chrome/130.0.0.0 Safari/537.36"
103.4.250.25 - - [01/Aug/2026:23:46:56 +0200] "GET /movieDB/UPGRADE HTTP/1.1" 200 4280 "-" "Mozilla/5.0 (Macintosh; Intel Mac OS X 10_15_7) AppleWebKit/537.36 (KHTML, like Gecko) Chrome/131.0.0.0 Safari/537.36"
152.53.242.93 - - [01/Aug/2026:23:46:56 +0200] "GET /assets/index.js HTTP/1.1" 404 213 "-" "Mozilla/5.0 (Windows NT 10.0; Win64; x64) AppleWebKit/537.36 (KHTML, like Gecko) Chrome/136.0.0.0 Safari/537.36 (Silvy X Ran; +https://silvyxran.love; +https://silver.inc)"
66.80.0.98 - - [01/Aug/2026:23:46:56 +0200] "GET /application.properties HTTP/1.1" 404 220 "-" "Mozilla/5.0 (Windows NT 10.0; Win64; x64) AppleWebKit/537.36 (KHTML, like Gecko) Chrome/136.0.0.0 Safari/537.36 (Silvy X Ran; +https://silvyxran.love; +https://silver.inc)"
103.4.250.25 - - [01/Aug/2026:23:46:56 +0200] "GET /movieDB/index.html HTTP/1.1" 200 246 "-" "Mozilla/5.0 (Macintosh; Intel Mac OS X 10_15_7) AppleWebKit/537.36 (KHTML, like Gecko) Chrome/131.0.0.0 Safari/537.36"
103.4.250.25 - - [01/Aug/2026:23:46:56 +0200] "GET /movieDB/TODO HTTP/1.1" 200 466 "-" "Mozilla/5.0 (Macintosh; Intel Mac OS X 10_15_7) AppleWebKit/537.36 (KHTML, like Gecko) Chrome/131.0.0.0 Safari/537.36"
152.53.242.93 - - [01/Aug/2026:23:46:56 +0200] "GET /assets/app.js HTTP/1.1" 404 211 "-" "Mozilla/5.0 (Windows NT 10.0; Win64; x64) AppleWebKit/537.36 (KHTML, like Gecko) Chrome/136.0.0.0 Safari/537.36 (Silvy X Ran; +https://silvyxran.love; +https://silver.inc)"
103.4.250.25 - - [01/Aug/2026:23:46:56 +0200] "GET /turbodbadmin/turbo/ HTTP/1.1" 200 381 "-" "Mozilla/5.0 (Macintosh; Intel Mac OS X 10_15_7) AppleWebKit/537.36 (KHTML, like Gecko) Chrome/131.0.0.0 Safari/537.36"
103.4.250.25 - - [01/Aug/2026:23:46:56 +0200] "GET /movieDB/dvddb.sql HTTP/1.1" 200 5311 "-" "Mozilla/5.0 (Macintosh; Intel Mac OS X 10_15_7) AppleWebKit/537.36 (KHTML, like Gecko) Chrome/131.0.0.0 Safari/537.36"
103.4.250.25 - - [01/Aug/2026:23:46:56 +0200] "GET /xoops/html/ HTTP/1.1" 200 2140 "-" "Mozilla/5.0 (Macintosh; Intel Mac OS X 10_15_7) AppleWebKit/537.36 (KHTML, like Gecko) Chrome/131.0.0.0 Safari/537.36"
143.198.85.89 - - [01/Aug/2026:23:46:56 +0200] "GET /backend/.env HTTP/1.1" 404 210 "-" "Mozilla/5.0 (Windows NT 10.0; Win64; x64) AppleWebKit/537.36 (KHTML, like Gecko) Chrome/136.0.0.0 Safari/537.36 (Silvy X Ran; +https://silvyxran.love; +https://silver.inc)"
47.239.116.165 - - [01/Aug/2026:23:46:56 +0200] "GET /wp-config.php.old HTTP/1.1" 404 215 "-" "Mozilla/5.0 (Windows NT 10.0; Win64; x64) AppleWebKit/537.36 (KHTML, like Gecko) Chrome/136.0.0.0 Safari/537.36 (Silvy X Ran; +https://silvyxran.love; +https://silver.inc)"
128.199.182.55 - - [01/Aug/2026:23:46:56 +0200] "GET /info.php HTTP/1.1" 404 206 "-" "Mozilla/5.0 (l9scan/2.0.432313e2135323e2531323e25383; +https://leakix.net)"
139.59.102.20 - - [01/Aug/2026:23:46:56 +0200] "GET /api/config HTTP/1.1" 404 208 "-" "Mozilla/5.0 (Windows NT 10.0; Win64; x64) AppleWebKit/537.36 (KHTML, like Gecko) Chrome/136.0.0.0 Safari/537.36 (Silvy X Ran; +https://silvyxran.love; +https://silver.inc)"
152.42.235.126 - - [01/Aug/2026:23:46:56 +0200] "GET /api/settings HTTP/1.1" 404 210 "-" "Mozilla/5.0 (Windows NT 10.0; Win64; x64) AppleWebKit/537.36 (KHTML, like Gecko) Chrome/136.0.0.0 Safari/537.36 (Silvy X Ran; +https://silvyxran.love; +https://silver.inc)"
152.53.242.93 - - [01/Aug/2026:23:46:56 +0200] "GET /js/app.js HTTP/1.1" 404 207 "-" "Mozilla/5.0 (Windows NT 10.0; Win64; x64) AppleWebKit/537.36 (KHTML, like Gecko) Chrome/136.0.0.0 Safari/537.36 (Silvy X Ran; +https://silvyxran.love; +https://silver.inc)"
103.4.250.25 - - [01/Aug/2026:23:46:56 +0200] "GET /movieDB/README HTTP/1.1" 200 2546 "-" "Mozilla/5.0 (Macintosh; Intel Mac OS X 10_15_7) AppleWebKit/537.36 (KHTML, like Gecko) Chrome/131.0.0.0 Safari/537.36"
171.22.217.234 - - [01/Aug/2026:23:46:56 +0200] "GET /spaghetti-skeletti/ HTTP/1.1" 200 964 "-" "Mozilla/5.0 (X11; Linux x86_64) AppleWebKit/537.36 (KHTML, like Gecko) Chrome/130.0.0.0 Safari/537.36"
66.80.0.98 - - [01/Aug/2026:23:46:56 +0200] "GET /application.yml HTTP/1.1" 404 213 "-" "Mozilla/5.0 (Windows NT 10.0; Win64; x64) AppleWebKit/537.36 (KHTML, like Gecko) Chrome/136.0.0.0 Safari/537.36 (Silvy X Ran; +https://silvyxran.love; +https://silver.inc)"
152.53.242.93 - - [01/Aug/2026:23:46:56 +0200] "GET /js/main.js HTTP/1.1" 404 208 "-" "Mozilla/5.0 (Windows NT 10.0; Win64; x64) AppleWebKit/537.36 (KHTML, like Gecko) Chrome/136.0.0.0 Safari/537.36 (Silvy X Ran; +https://silvyxran.love; +https://silver.inc)"
143.198.85.89 - - [01/Aug/2026:23:46:56 +0200] "GET /actuator/configprops HTTP/1.1" 404 218 "-" "Mozilla/5.0 (Windows NT 10.0; Win64; x64) AppleWebKit/537.36 (KHTML, like Gecko) Chrome/136.0.0.0 Safari/537.36 (Silvy X Ran; +https://silvyxran.love; +https://silver.inc)"
104.164.126.148 - - [01/Aug/2026:23:46:56 +0200] "GET /docs/UPDATE.html HTTP/1.1" 200 2568 "-" "Mozilla/5.0 (Windows NT 10.0; Win64; x64) AppleWebKit/537.36 (KHTML, like Gecko) Chrome/131.0.0.0 Safari/537.36"
103.4.250.25 - - [01/Aug/2026:23:46:56 +0200] "GET /xoops/.well-known/ HTTP/1.1" 200 300 "-" "Mozilla/5.0 (Macintosh; Intel Mac OS X 10_15_7) AppleWebKit/537.36 (KHTML, like Gecko) Chrome/131.0.0.0 Safari/537.36"
152.53.242.93 - - [01/Aug/2026:23:46:56 +0200] "GET /settings.py HTTP/1.1" 404 209 "-" "Mozilla/5.0 (Windows NT 10.0; Win64; x64) AppleWebKit/537.36 (KHTML, like Gecko) Chrome/136.0.0.0 Safari/537.36 (Silvy X Ran; +https://silvyxran.love; +https://silver.inc)"
171.22.217.234 - - [01/Aug/2026:23:46:56 +0200] "GET /webboard/ HTTP/1.1" 200 2234 "-" "Mozilla/5.0 (X11; Linux x86_64) AppleWebKit/537.36 (KHTML, like Gecko) Chrome/130.0.0.0 Safari/537.36"
152.53.242.93 - - [01/Aug/2026:23:46:56 +0200] "GET /config.py HTTP/1.1" 404 207 "-" "Mozilla/5.0 (Windows NT 10.0; Win64; x64) AppleWebKit/537.36 (KHTML, like Gecko) Chrome/136.0.0.0 Safari/537.36 (Silvy X Ran; +https://silvyxran.love; +https://silver.inc)"
66.80.0.98 - - [01/Aug/2026:23:46:56 +0200] "GET /application.yaml HTTP/1.1" 404 214 "-" "Mozilla/5.0 (Windows NT 10.0; Win64; x64) AppleWebKit/537.36 (KHTML, like Gecko) Chrome/136.0.0.0 Safari/537.36 (Silvy X Ran; +https://silvyxran.love; +https://silver.inc)"
143.198.85.89 - - [01/Aug/2026:23:46:56 +0200] "GET /frontend/.env HTTP/1.1" 404 211 "-" "Mozilla/5.0 (Windows NT 10.0; Win64; x64) AppleWebKit/537.36 (KHTML, like Gecko) Chrome/136.0.0.0 Safari/537.36 (Silvy X Ran; +https://silvyxran.love; +https://silver.inc)"
152.42.235.126 - - [01/Aug/2026:23:46:56 +0200] "GET /api/env HTTP/1.1" 404 205 "-" "Mozilla/5.0 (Windows NT 10.0; Win64; x64) AppleWebKit/537.36 (KHTML, like Gecko) Chrome/136.0.0.0 Safari/537.36 (Silvy X Ran; +https://silvyxran.love; +https://silver.inc)"
139.59.102.20 - - [01/Aug/2026:23:46:56 +0200] "GET /api/settings HTTP/1.1" 404 210 "-" "Mozilla/5.0 (Windows NT 10.0; Win64; x64) AppleWebKit/537.36 (KHTML, like Gecko) Chrome/136.0.0.0 Safari/537.36 (Silvy X Ran; +https://silvyxran.love; +https://silver.inc)"
47.239.116.165 - - [01/Aug/2026:23:46:56 +0200] "GET /wp-config.php.save HTTP/1.1" 404 216 "-" "Mozilla/5.0 (Windows NT 10.0; Win64; x64) AppleWebKit/537.36 (KHTML, like Gecko) Chrome/136.0.0.0 Safari/537.36 (Silvy X Ran; +https://silvyxran.love; +https://silver.inc)"
152.53.242.93 - - [01/Aug/2026:23:46:56 +0200] "GET /secrets.py HTTP/1.1" 404 208 "-" "Mozilla/5.0 (Windows NT 10.0; Win64; x64) AppleWebKit/537.36 (KHTML, like Gecko) Chrome/136.0.0.0 Safari/537.36 (Silvy X Ran; +https://silvyxran.love; +https://silver.inc)"
202.178.125.178 - - [01/Aug/2026:23:46:56 +0200] "GET /appsettings.Development.json HTTP/1.1" 404 226 "-" "Mozilla/5.0 (Windows NT 10.0; Win64; x64) AppleWebKit/537.36 (KHTML, like Gecko) Chrome/136.0.0.0 Safari/537.36 (Silvy X Ran; +https://silvyxran.love; +https://silver.inc)"
171.22.217.234 - - [01/Aug/2026:23:46:56 +0200] "GET /webfilebrowser/ HTTP/1.1" 200 1316 "-" "Mozilla/5.0 (X11; Linux x86_64) AppleWebKit/537.36 (KHTML, like Gecko) Chrome/130.0.0.0 Safari/537.36"
152.53.242.93 - - [01/Aug/2026:23:46:57 +0200] "GET /config/secrets.yml HTTP/1.1" 404 216 "-" "Mozilla/5.0 (Windows NT 10.0; Win64; x64) AppleWebKit/537.36 (KHTML, like Gecko) Chrome/136.0.0.0 Safari/537.36 (Silvy X Ran; +https://silvyxran.love; +https://silver.inc)"
143.198.85.89 - - [01/Aug/2026:23:46:57 +0200] "GET /api/config HTTP/1.1" 404 208 "-" "Mozilla/5.0 (Windows NT 10.0; Win64; x64) AppleWebKit/537.36 (KHTML, like Gecko) Chrome/136.0.0.0 Safari/537.36 (Silvy X Ran; +https://silvyxran.love; +https://silver.inc)"
66.80.0.98 - - [01/Aug/2026:23:46:57 +0200] "GET /application-dev.properties HTTP/1.1" 404 224 "-" "Mozilla/5.0 (Windows NT 10.0; Win64; x64) AppleWebKit/537.36 (KHTML, like Gecko) Chrome/136.0.0.0 Safari/537.36 (Silvy X Ran; +https://silvyxran.love; +https://silver.inc)"
103.4.250.25 - - [01/Aug/2026:23:46:57 +0200] "GET /xoops/docs/ HTTP/1.1" 200 468 "-" "Mozilla/5.0 (Macintosh; Intel Mac OS X 10_15_7) AppleWebKit/537.36 (KHTML, like Gecko) Chrome/131.0.0.0 Safari/537.36"
103.4.250.25 - - [01/Aug/2026:23:46:57 +0200] "GET /turbodbadmin/.well-known/ HTTP/1.1" 200 321 "-" "Mozilla/5.0 (Macintosh; Intel Mac OS X 10_15_7) AppleWebKit/537.36 (KHTML, like Gecko) Chrome/131.0.0.0 Safari/537.36"
103.4.250.25 - - [01/Aug/2026:23:46:57 +0200] "GET /xoops/extras/ HTTP/1.1" 200 370 "-" "Mozilla/5.0 (Macintosh; Intel Mac OS X 10_15_7) AppleWebKit/537.36 (KHTML, like Gecko) Chrome/131.0.0.0 Safari/537.36"
103.4.250.25 - - [01/Aug/2026:23:46:57 +0200] "GET /turbodbadmin/INSTALL HTTP/1.1" 200 2834 "-" "Mozilla/5.0 (Macintosh; Intel Mac OS X 10_15_7) AppleWebKit/537.36 (KHTML, like Gecko) Chrome/131.0.0.0 Safari/537.36"
152.53.242.93 - - [01/Aug/2026:23:46:57 +0200] "GET /config/master.key HTTP/1.1" 404 215 "-" "Mozilla/5.0 (Windows NT 10.0; Win64; x64) AppleWebKit/537.36 (KHTML, like Gecko) Chrome/136.0.0.0 Safari/537.36 (Silvy X Ran; +https://silvyxran.love; +https://silver.inc)"
143.198.85.89 - - [01/Aug/2026:23:46:57 +0200] "GET /api/.env HTTP/1.1" 404 206 "-" "Mozilla/5.0 (Windows NT 10.0; Win64; x64) AppleWebKit/537.36 (KHTML, like Gecko) Chrome/136.0.0.0 Safari/537.36 (Silvy X Ran; +https://silvyxran.love; +https://silver.inc)"
152.53.242.93 - - [01/Aug/2026:23:46:57 +0200] "GET /wp-config.php.bak HTTP/1.1" 404 215 "-" "Mozilla/5.0 (Windows NT 10.0; Win64; x64) AppleWebKit/537.36 (KHTML, like Gecko) Chrome/136.0.0.0 Safari/537.36 (Silvy X Ran; +https://silvyxran.love; +https://silver.inc)"
66.80.0.98 - - [01/Aug/2026:23:46:57 +0200] "GET /application-prod.properties HTTP/1.1" 404 225 "-" "Mozilla/5.0 (Windows NT 10.0; Win64; x64) AppleWebKit/537.36 (KHTML, like Gecko) Chrome/136.0.0.0 Safari/537.36 (Silvy X Ran; +https://silvyxran.love; +https://silver.inc)"
152.42.235.126 - - [01/Aug/2026:23:46:57 +0200] "GET /backup/.env HTTP/1.1" 404 209 "-" "Mozilla/5.0 (Windows NT 10.0; Win64; x64) AppleWebKit/537.36 (KHTML, like Gecko) Chrome/136.0.0.0 Safari/537.36 (Silvy X Ran; +https://silvyxran.love; +https://silver.inc)"
139.59.102.20 - - [01/Aug/2026:23:46:57 +0200] "GET /api/env HTTP/1.1" 404 205 "-" "Mozilla/5.0 (Windows NT 10.0; Win64; x64) AppleWebKit/537.36 (KHTML, like Gecko) Chrome/136.0.0.0 Safari/537.36 (Silvy X Ran; +https://silvyxran.love; +https://silver.inc)"
152.53.242.93 - - [01/Aug/2026:23:46:57 +0200] "GET /wp-config.php.old HTTP/1.1" 404 215 "-" "Mozilla/5.0 (Windows NT 10.0; Win64; x64) AppleWebKit/537.36 (KHTML, like Gecko) Chrome/136.0.0.0 Safari/537.36 (Silvy X Ran; +https://silvyxran.love; +https://silver.inc)"
47.239.116.165 - - [01/Aug/2026:23:46:57 +0200] "GET /wp-config.php.txt HTTP/1.1" 404 215 "-" "Mozilla/5.0 (Windows NT 10.0; Win64; x64) AppleWebKit/537.36 (KHTML, like Gecko) Chrome/136.0.0.0 Safari/537.36 (Silvy X Ran; +https://silvyxran.love; +https://silver.inc)"
128.199.182.55 - - [01/Aug/2026:23:46:57 +0200] "GET /.well-known/security.txt HTTP/1.1" 404 222 "-" "Mozilla/5.0 (l9scan/2.0.432313e2135323e2531323e25383; +https://leakix.net)"
152.53.242.93 - - [01/Aug/2026:23:46:57 +0200] "GET /wp-config.php.save HTTP/1.1" 404 216 "-" "Mozilla/5.0 (Windows NT 10.0; Win64; x64) AppleWebKit/537.36 (KHTML, like Gecko) Chrome/136.0.0.0 Safari/537.36 (Silvy X Ran; +https://silvyxran.love; +https://silver.inc)"
143.198.85.89 - - [01/Aug/2026:23:46:57 +0200] "GET /api/settings HTTP/1.1" 404 210 "-" "Mozilla/5.0 (Windows NT 10.0; Win64; x64) AppleWebKit/537.36 (KHTML, like Gecko) Chrome/136.0.0.0 Safari/537.36 (Silvy X Ran; +https://silvyxran.love; +https://silver.inc)"
202.178.125.178 - - [01/Aug/2026:23:46:57 +0200] "GET /appsettings.Production.json HTTP/1.1" 404 225 "-" "Mozilla/5.0 (Windows NT 10.0; Win64; x64) AppleWebKit/537.36 (KHTML, like Gecko) Chrome/136.0.0.0 Safari/537.36 (Silvy X Ran; +https://silvyxran.love; +https://silver.inc)"
103.4.250.25 - - [01/Aug/2026:23:46:57 +0200] "GET /turbodbadmin/images/ HTTP/1.1" 200 2253 "-" "Mozilla/5.0 (Macintosh; Intel Mac OS X 10_15_7) AppleWebKit/537.36 (KHTML, like Gecko) Chrome/131.0.0.0 Safari/537.36"
152.53.242.93 - - [01/Aug/2026:23:46:57 +0200] "GET /wp-config.php.txt HTTP/1.1" 404 215 "-" "Mozilla/5.0 (Windows NT 10.0; Win64; x64) AppleWebKit/537.36 (KHTML, like Gecko) Chrome/136.0.0.0 Safari/537.36 (Silvy X Ran; +https://silvyxran.love; +https://silver.inc)"
103.4.250.25 - - [01/Aug/2026:23:46:57 +0200] "GET /turbodbadmin/LICENSE HTTP/1.1" 200 4785 "-" "Mozilla/5.0 (Macintosh; Intel Mac OS X 10_15_7) AppleWebKit/537.36 (KHTML, like Gecko) Chrome/131.0.0.0 Safari/537.36"
143.198.85.89 - - [01/Aug/2026:23:46:57 +0200] "GET /server/.env HTTP/1.1" 404 209 "-" "Mozilla/5.0 (Windows NT 10.0; Win64; x64) AppleWebKit/537.36 (KHTML, like Gecko) Chrome/136.0.0.0 Safari/537.36 (Silvy X Ran; +https://silvyxran.love; +https://silver.inc)"
152.53.242.93 - - [01/Aug/2026:23:46:57 +0200] "GET /wp-config.php~ HTTP/1.1" 404 212 "-" "Mozilla/5.0 (Windows NT 10.0; Win64; x64) AppleWebKit/537.36 (KHTML, like Gecko) Chrome/136.0.0.0 Safari/537.36 (Silvy X Ran; +https://silvyxran.love; +https://silver.inc)"
103.4.250.25 - - [01/Aug/2026:23:46:57 +0200] "GET /turbodbadmin/index.html HTTP/1.1" 200 3229 "-" "Mozilla/5.0 (Macintosh; Intel Mac OS X 10_15_7) AppleWebKit/537.36 (KHTML, like Gecko) Chrome/131.0.0.0 Safari/537.36"
152.42.235.126 - - [01/Aug/2026:23:46:57 +0200] "GET /backups/.env HTTP/1.1" 404 210 "-" "Mozilla/5.0 (Windows NT 10.0; Win64; x64) AppleWebKit/537.36 (KHTML, like Gecko) Chrome/136.0.0.0 Safari/537.36 (Silvy X Ran; +https://silvyxran.love; +https://silver.inc)"
144.24.123.141 - - [01/Aug/2026:23:46:57 +0200] "GET /appsettings.Production.json HTTP/1.1" 404 225 "-" "Mozilla/5.0 (Windows NT 10.0; Win64; x64) AppleWebKit/537.36 (KHTML, like Gecko) Chrome/136.0.0.0 Safari/537.36 (Silvy X Ran; +https://silvyxran.love; +https://silver.inc)"
152.53.242.93 - - [01/Aug/2026:23:46:57 +0200] "GET /config/app.php HTTP/1.1" 404 212 "-" "Mozilla/5.0 (Windows NT 10.0; Win64; x64) AppleWebKit/537.36 (KHTML, like Gecko) Chrome/136.0.0.0 Safari/537.36 (Silvy X Ran; +https://silvyxran.love; +https://silver.inc)"
139.59.102.20 - - [01/Aug/2026:23:46:57 +0200] "GET /backup/.env HTTP/1.1" 404 209 "-" "Mozilla/5.0 (Windows NT 10.0; Win64; x64) AppleWebKit/537.36 (KHTML, like Gecko) Chrome/136.0.0.0 Safari/537.36 (Silvy X Ran; +https://silvyxran.love; +https://silver.inc)"
47.239.116.165 - - [01/Aug/2026:23:46:57 +0200] "GET /wp-config.php~ HTTP/1.1" 404 212 "-" "Mozilla/5.0 (Windows NT 10.0; Win64; x64) AppleWebKit/537.36 (KHTML, like Gecko) Chrome/136.0.0.0 Safari/537.36 (Silvy X Ran; +https://silvyxran.love; +https://silver.inc)"
152.53.242.93 - - [01/Aug/2026:23:46:57 +0200] "GET /application.properties HTTP/1.1" 404 220 "-" "Mozilla/5.0 (Windows NT 10.0; Win64; x64) AppleWebKit/537.36 (KHTML, like Gecko) Chrome/136.0.0.0 Safari/537.36 (Silvy X Ran; +https://silvyxran.love; +https://silver.inc)"
143.198.85.89 - - [01/Aug/2026:23:46:57 +0200] "GET /api/env HTTP/1.1" 404 205 "-" "Mozilla/5.0 (Windows NT 10.0; Win64; x64) AppleWebKit/537.36 (KHTML, like Gecko) Chrome/136.0.0.0 Safari/537.36 (Silvy X Ran; +https://silvyxran.love; +https://silver.inc)"
152.53.242.93 - - [01/Aug/2026:23:46:57 +0200] "GET /application.yml HTTP/1.1" 404 213 "-" "Mozilla/5.0 (Windows NT 10.0; Win64; x64) AppleWebKit/537.36 (KHTML, like Gecko) Chrome/136.0.0.0 Safari/537.36 (Silvy X Ran; +https://silvyxran.love; +https://silver.inc)"
144.24.123.141 - - [01/Aug/2026:23:46:57 +0200] "GET /config.yaml HTTP/1.1" 404 209 "-" "Mozilla/5.0 (Windows NT 10.0; Win64; x64) AppleWebKit/537.36 (KHTML, like Gecko) Chrome/136.0.0.0 Safari/537.36 (Silvy X Ran; +https://silvyxran.love; +https://silver.inc)"
66.80.0.98 - - [01/Aug/2026:23:46:58 +0200] "GET /appsettings.json HTTP/1.1" 404 214 "-" "Mozilla/5.0 (Windows NT 10.0; Win64; x64) AppleWebKit/537.36 (KHTML, like Gecko) Chrome/136.0.0.0 Safari/537.36 (Silvy X Ran; +https://silvyxran.love; +https://silver.inc)"
143.198.85.89 - - [01/Aug/2026:23:46:58 +0200] "GET /client/.env HTTP/1.1" 404 209 "-" "Mozilla/5.0 (Windows NT 10.0; Win64; x64) AppleWebKit/537.36 (KHTML, like Gecko) Chrome/136.0.0.0 Safari/537.36 (Silvy X Ran; +https://silvyxran.love; +https://silver.inc)"
103.4.250.25 - - [01/Aug/2026:23:46:58 +0200] "GET /turbodbadmin/save/ HTTP/1.1" 200 291 "-" "Mozilla/5.0 (Macintosh; Intel Mac OS X 10_15_7) AppleWebKit/537.36 (KHTML, like Gecko) Chrome/131.0.0.0 Safari/537.36"
103.4.250.25 - - [01/Aug/2026:23:46:58 +0200] "GET /turbodbadmin/modules/ HTTP/1.1" 200 531 "-" "Mozilla/5.0 (Macintosh; Intel Mac OS X 10_15_7) AppleWebKit/537.36 (KHTML, like Gecko) Chrome/131.0.0.0 Safari/537.36"
152.53.242.93 - - [01/Aug/2026:23:46:58 +0200] "GET /application.yaml HTTP/1.1" 404 214 "-" "Mozilla/5.0 (Windows NT 10.0; Win64; x64) AppleWebKit/537.36 (KHTML, like Gecko) Chrome/136.0.0.0 Safari/537.36 (Silvy X Ran; +https://silvyxran.love; +https://silver.inc)"
152.42.235.126 - - [01/Aug/2026:23:46:58 +0200] "GET /old/.env HTTP/1.1" 404 206 "-" "Mozilla/5.0 (Windows NT 10.0; Win64; x64) AppleWebKit/537.36 (KHTML, like Gecko) Chrome/136.0.0.0 Safari/537.36 (Silvy X Ran; +https://silvyxran.love; +https://silver.inc)"
103.4.250.25 - - [01/Aug/2026:23:46:58 +0200] "GET /turbodbadmin/php/ HTTP/1.1" 200 717 "-" "Mozilla/5.0 (Macintosh; Intel Mac OS X 10_15_7) AppleWebKit/537.36 (KHTML, like Gecko) Chrome/131.0.0.0 Safari/537.36"
103.4.250.25 - - [01/Aug/2026:23:46:58 +0200] "GET /turbodbadmin/tda_license.html HTTP/1.1" 200 5997 "-" "Mozilla/5.0 (Macintosh; Intel Mac OS X 10_15_7) AppleWebKit/537.36 (KHTML, like Gecko) Chrome/131.0.0.0 Safari/537.36"
103.4.250.25 - - [01/Aug/2026:23:46:58 +0200] "GET /turbodbadmin/tda_0.2_documentation.html HTTP/1.1" 200 24838 "-" "Mozilla/5.0 (Macintosh; Intel Mac OS X 10_15_7) AppleWebKit/537.36 (KHTML, like Gecko) Chrome/131.0.0.0 Safari/537.36"
139.59.102.20 - - [01/Aug/2026:23:46:58 +0200] "GET /backups/.env HTTP/1.1" 404 210 "-" "Mozilla/5.0 (Windows NT 10.0; Win64; x64) AppleWebKit/537.36 (KHTML, like Gecko) Chrome/136.0.0.0 Safari/537.36 (Silvy X Ran; +https://silvyxran.love; +https://silver.inc)"
152.53.242.93 - - [01/Aug/2026:23:46:58 +0200] "GET /application-dev.properties HTTP/1.1" 404 224 "-" "Mozilla/5.0 (Windows NT 10.0; Win64; x64) AppleWebKit/537.36 (KHTML, like Gecko) Chrome/136.0.0.0 Safari/537.36 (Silvy X Ran; +https://silvyxran.love; +https://silver.inc)"
171.22.217.234 - - [01/Aug/2026:23:46:58 +0200] "GET /netftp/index.html HTTP/1.1" 200 252 "-" "Mozilla/5.0 (X11; Linux x86_64) AppleWebKit/537.36 (KHTML, like Gecko) Chrome/130.0.0.0 Safari/537.36"
202.178.125.178 - - [01/Aug/2026:23:46:58 +0200] "GET /config.yaml HTTP/1.1" 404 209 "-" "Mozilla/5.0 (Windows NT 10.0; Win64; x64) AppleWebKit/537.36 (KHTML, like Gecko) Chrome/136.0.0.0 Safari/537.36 (Silvy X Ran; +https://silvyxran.love; +https://silver.inc)"
66.80.0.98 - - [01/Aug/2026:23:46:58 +0200] "GET /appsettings.Development.json HTTP/1.1" 404 226 "-" "Mozilla/5.0 (Windows NT 10.0; Win64; x64) AppleWebKit/537.36 (KHTML, like Gecko) Chrome/136.0.0.0 Safari/537.36 (Silvy X Ran; +https://silvyxran.love; +https://silver.inc)"
103.4.250.25 - - [01/Aug/2026:23:46:58 +0200] "GET /lks/js/ HTTP/1.1" 200 552 "-" "Mozilla/5.0 (Macintosh; Intel Mac OS X 10_15_7) AppleWebKit/537.36 (KHTML, like Gecko) Chrome/131.0.0.0 Safari/537.36"
47.239.116.165 - - [01/Aug/2026:23:46:58 +0200] "GET /config/app.php HTTP/1.1" 404 212 "-" "Mozilla/5.0 (Windows NT 10.0; Win64; x64) AppleWebKit/537.36 (KHTML, like Gecko) Chrome/136.0.0.0 Safari/537.36 (Silvy X Ran; +https://silvyxran.love; +https://silver.inc)"
152.53.242.93 - - [01/Aug/2026:23:46:58 +0200] "GET /application-prod.properties HTTP/1.1" 404 225 "-" "Mozilla/5.0 (Windows NT 10.0; Win64; x64) AppleWebKit/537.36 (KHTML, like Gecko) Chrome/136.0.0.0 Safari/537.36 (Silvy X Ran; +https://silvyxran.love; +https://silver.inc)"
143.198.85.89 - - [01/Aug/2026:23:46:58 +0200] "GET /backup/.env HTTP/1.1" 404 209 "-" "Mozilla/5.0 (Windows NT 10.0; Win64; x64) AppleWebKit/537.36 (KHTML, like Gecko) Chrome/136.0.0.0 Safari/537.36 (Silvy X Ran; +https://silvyxran.love; +https://silver.inc)"
144.24.123.141 - - [01/Aug/2026:23:46:58 +0200] "GET /config.yml HTTP/1.1" 404 208 "-" "Mozilla/5.0 (Windows NT 10.0; Win64; x64) AppleWebKit/537.36 (KHTML, like Gecko) Chrome/136.0.0.0 Safari/537.36 (Silvy X Ran; +https://silvyxran.love; +https://silver.inc)"
171.22.217.234 - - [01/Aug/2026:23:46:58 +0200] "GET /netftp/.well-known/ HTTP/1.1" 200 303 "-" "Mozilla/5.0 (X11; Linux x86_64) AppleWebKit/537.36 (KHTML, like Gecko) Chrome/130.0.0.0 Safari/537.36"
171.22.217.234 - - [01/Aug/2026:23:46:58 +0200] "GET /netftp/ftp/ HTTP/1.1" 200 1135 "-" "Mozilla/5.0 (X11; Linux x86_64) AppleWebKit/537.36 (KHTML, like Gecko) Chrome/130.0.0.0 Safari/537.36"
171.22.217.234 - - [01/Aug/2026:23:46:58 +0200] "GET / HTTP/1.1" 200 1757 "-" "Mozilla/5.0 (X11; Linux x86_64) AppleWebKit/537.36 (KHTML, like Gecko) Chrome/130.0.0.0 Safari/537.36"
152.53.242.93 - - [01/Aug/2026:23:46:58 +0200] "GET /appsettings.json HTTP/1.1" 404 214 "-" "Mozilla/5.0 (Windows NT 10.0; Win64; x64) AppleWebKit/537.36 (KHTML, like Gecko) Chrome/136.0.0.0 Safari/537.36 (Silvy X Ran; +https://silvyxran.love; +https://silver.inc)"
143.198.85.89 - - [01/Aug/2026:23:46:58 +0200] "GET /web/.env HTTP/1.1" 404 206 "-" "Mozilla/5.0 (Windows NT 10.0; Win64; x64) AppleWebKit/537.36 (KHTML, like Gecko) Chrome/136.0.0.0 Safari/537.36 (Silvy X Ran; +https://silvyxran.love; +https://silver.inc)"
103.4.250.25 - - [01/Aug/2026:23:46:58 +0200] "GET /lks/fonts/ HTTP/1.1" 200 2064 "-" "Mozilla/5.0 (Macintosh; Intel Mac OS X 10_15_7) AppleWebKit/537.36 (KHTML, like Gecko) Chrome/131.0.0.0 Safari/537.36"
103.4.250.25 - - [01/Aug/2026:23:46:58 +0200] "GET /lks/css/ HTTP/1.1" 200 682 "-" "Mozilla/5.0 (Macintosh; Intel Mac OS X 10_15_7) AppleWebKit/537.36 (KHTML, like Gecko) Chrome/131.0.0.0 Safari/537.36"
66.80.0.98 - - [01/Aug/2026:23:46:58 +0200] "GET /appsettings.Production.json HTTP/1.1" 404 225 "-" "Mozilla/5.0 (Windows NT 10.0; Win64; x64) AppleWebKit/537.36 (KHTML, like Gecko) Chrome/136.0.0.0 Safari/537.36 (Silvy X Ran; +https://silvyxran.love; +https://silver.inc)"
152.53.242.93 - - [01/Aug/2026:23:46:58 +0200] "GET /appsettings.Development.json HTTP/1.1" 404 226 "-" "Mozilla/5.0 (Windows NT 10.0; Win64; x64) AppleWebKit/537.36 (KHTML, like Gecko) Chrome/136.0.0.0 Safari/537.36 (Silvy X Ran; +https://silvyxran.love; +https://silver.inc)"
103.4.250.25 - - [01/Aug/2026:23:46:58 +0200] "GET /lks/index.html HTTP/1.1" 200 4076 "-" "Mozilla/5.0 (Macintosh; Intel Mac OS X 10_15_7) AppleWebKit/537.36 (KHTML, like Gecko) Chrome/131.0.0.0 Safari/537.36"
152.42.235.126 - - [01/Aug/2026:23:46:58 +0200] "GET /temp/.env HTTP/1.1" 404 207 "-" "Mozilla/5.0 (Windows NT 10.0; Win64; x64) AppleWebKit/537.36 (KHTML, like Gecko) Chrome/136.0.0.0 Safari/537.36 (Silvy X Ran; +https://silvyxran.love; +https://silver.inc)"
103.4.250.25 - - [01/Aug/2026:23:46:58 +0200] "GET /lks/admin/ HTTP/1.1" 200 328 "-" "Mozilla/5.0 (Macintosh; Intel Mac OS X 10_15_7) AppleWebKit/537.36 (KHTML, like Gecko) Chrome/131.0.0.0 Safari/537.36"
103.4.250.25 - - [01/Aug/2026:23:46:58 +0200] "GET /phpServerStatus/templates/ HTTP/1.1" 200 462 "-" "Mozilla/5.0 (Macintosh; Intel Mac OS X 10_15_7) AppleWebKit/537.36 (KHTML, like Gecko) Chrome/131.0.0.0 Safari/537.36"
139.59.102.20 - - [01/Aug/2026:23:46:58 +0200] "GET /old/.env HTTP/1.1" 404 206 "-" "Mozilla/5.0 (Windows NT 10.0; Win64; x64) AppleWebKit/537.36 (KHTML, like Gecko) Chrome/136.0.0.0 Safari/537.36 (Silvy X Ran; +https://silvyxran.love; +https://silver.inc)"
152.53.242.93 - - [01/Aug/2026:23:46:58 +0200] "GET /appsettings.Production.json HTTP/1.1" 404 225 "-" "Mozilla/5.0 (Windows NT 10.0; Win64; x64) AppleWebKit/537.36 (KHTML, like Gecko) Chrome/136.0.0.0 Safari/537.36 (Silvy X Ran; +https://silvyxran.love; +https://silver.inc)"
103.4.250.25 - - [01/Aug/2026:23:46:58 +0200] "GET /phpServerStatus/.well-known/ HTTP/1.1" 200 330 "-" "Mozilla/5.0 (Macintosh; Intel Mac OS X 10_15_7) AppleWebKit/537.36 (KHTML, like Gecko) Chrome/131.0.0.0 Safari/537.36"
144.24.123.141 - - [01/Aug/2026:23:46:58 +0200] "GET /config.toml HTTP/1.1" 404 209 "-" "Mozilla/5.0 (Windows NT 10.0; Win64; x64) AppleWebKit/537.36 (KHTML, like Gecko) Chrome/136.0.0.0 Safari/537.36 (Silvy X Ran; +https://silvyxran.love; +https://silver.inc)"
103.4.250.25 - - [01/Aug/2026:23:46:58 +0200] "GET /phpServerStatus/COPYING HTTP/1.1" 200 18353 "-" "Mozilla/5.0 (Macintosh; Intel Mac OS X 10_15_7) AppleWebKit/537.36 (KHTML, like Gecko) Chrome/131.0.0.0 Safari/537.36"
103.4.250.25 - - [01/Aug/2026:23:46:58 +0200] "GET /phpServerStatus/images/ HTTP/1.1" 200 662 "-" "Mozilla/5.0 (Macintosh; Intel Mac OS X 10_15_7) AppleWebKit/537.36 (KHTML, like Gecko) Chrome/131.0.0.0 Safari/537.36"
103.4.250.25 - - [01/Aug/2026:23:46:58 +0200] "GET /phpServerStatus/login.php HTTP/1.1" 200 1007 "-" "Mozilla/5.0 (Macintosh; Intel Mac OS X 10_15_7) AppleWebKit/537.36 (KHTML, like Gecko) Chrome/131.0.0.0 Safari/537.36"
103.4.250.25 - - [01/Aug/2026:23:46:58 +0200] "GET /srh/admin/ HTTP/1.1" 200 328 "-" "Mozilla/5.0 (Macintosh; Intel Mac OS X 10_15_7) AppleWebKit/537.36 (KHTML, like Gecko) Chrome/131.0.0.0 Safari/537.36"
152.53.242.93 - - [01/Aug/2026:23:46:58 +0200] "GET /config.yaml HTTP/1.1" 404 209 "-" "Mozilla/5.0 (Windows NT 10.0; Win64; x64) AppleWebKit/537.36 (KHTML, like Gecko) Chrome/136.0.0.0 Safari/537.36 (Silvy X Ran; +https://silvyxran.love; +https://silver.inc)"
103.4.250.25 - - [01/Aug/2026:23:46:58 +0200] "GET /srh/css/ HTTP/1.1" 200 826 "-" "Mozilla/5.0 (Macintosh; Intel Mac OS X 10_15_7) AppleWebKit/537.36 (KHTML, like Gecko) Chrome/131.0.0.0 Safari/537.36"
103.4.250.25 - - [01/Aug/2026:23:46:58 +0200] "GET /srh/index.html HTTP/1.1" 200 10919 "-" "Mozilla/5.0 (Macintosh; Intel Mac OS X 10_15_7) AppleWebKit/537.36 (KHTML, like Gecko) Chrome/131.0.0.0 Safari/537.36"
47.239.116.165 - - [01/Aug/2026:23:46:58 +0200] "GET /application.properties HTTP/1.1" 404 220 "-" "Mozilla/5.0 (Windows NT 10.0; Win64; x64) AppleWebKit/537.36 (KHTML, like Gecko) Chrome/136.0.0.0 Safari/537.36 (Silvy X Ran; +https://silvyxran.love; +https://silver.inc)"
103.4.250.25 - - [01/Aug/2026:23:46:58 +0200] "GET /srh/js/ HTTP/1.1" 200 546 "-" "Mozilla/5.0 (Macintosh; Intel Mac OS X 10_15_7) AppleWebKit/537.36 (KHTML, like Gecko) Chrome/131.0.0.0 Safari/537.36"
103.4.250.25 - - [01/Aug/2026:23:46:58 +0200] "GET /srh/fonts/ HTTP/1.1" 200 2064 "-" "Mozilla/5.0 (Macintosh; Intel Mac OS X 10_15_7) AppleWebKit/537.36 (KHTML, like Gecko) Chrome/131.0.0.0 Safari/537.36"
103.4.250.25 - - [01/Aug/2026:23:46:58 +0200] "GET /srh/images/ HTTP/1.1" 200 514 "-" "Mozilla/5.0 (Macintosh; Intel Mac OS X 10_15_7) AppleWebKit/537.36 (KHTML, like Gecko) Chrome/131.0.0.0 Safari/537.36"
66.80.0.98 - - [01/Aug/2026:23:46:58 +0200] "GET /config.yaml HTTP/1.1" 404 209 "-" "Mozilla/5.0 (Windows NT 10.0; Win64; x64) AppleWebKit/537.36 (KHTML, like Gecko) Chrome/136.0.0.0 Safari/537.36 (Silvy X Ran; +https://silvyxran.love; +https://silver.inc)"
143.198.85.89 - - [01/Aug/2026:23:46:58 +0200] "GET /backups/.env HTTP/1.1" 404 210 "-" "Mozilla/5.0 (Windows NT 10.0; Win64; x64) AppleWebKit/537.36 (KHTML, like Gecko) Chrome/136.0.0.0 Safari/537.36 (Silvy X Ran; +https://silvyxran.love; +https://silver.inc)"
103.4.250.25 - - [01/Aug/2026:23:46:58 +0200] "GET /phpServerStatus/phemplate.class.php HTTP/1.1" 200 - "-" "Mozilla/5.0 (Macintosh; Intel Mac OS X 10_15_7) AppleWebKit/537.36 (KHTML, like Gecko) Chrome/131.0.0.0 Safari/537.36"
103.4.250.25 - - [01/Aug/2026:23:46:58 +0200] "GET /srh/music/ HTTP/1.1" 200 432 "-" "Mozilla/5.0 (Macintosh; Intel Mac OS X 10_15_7) AppleWebKit/537.36 (KHTML, like Gecko) Chrome/131.0.0.0 Safari/537.36"
103.4.250.25 - - [01/Aug/2026:23:46:58 +0200] "GET /srh/_ARCHIV/ HTTP/1.1" 200 682 "-" "Mozilla/5.0 (Macintosh; Intel Mac OS X 10_15_7) AppleWebKit/537.36 (KHTML, like Gecko) Chrome/131.0.0.0 Safari/537.36"
103.4.250.25 - - [01/Aug/2026:23:46:58 +0200] "GET /lks/_ARCHIV/ HTTP/1.1" 200 640 "-" "Mozilla/5.0 (Macintosh; Intel Mac OS X 10_15_7) AppleWebKit/537.36 (KHTML, like Gecko) Chrome/131.0.0.0 Safari/537.36"
152.53.242.93 - - [01/Aug/2026:23:46:58 +0200] "GET /config.yml HTTP/1.1" 404 208 "-" "Mozilla/5.0 (Windows NT 10.0; Win64; x64) AppleWebKit/537.36 (KHTML, like Gecko) Chrome/136.0.0.0 Safari/537.36 (Silvy X Ran; +https://silvyxran.love; +https://silver.inc)"
103.4.250.25 - - [01/Aug/2026:23:46:58 +0200] "GET /lks/images/ HTTP/1.1" 200 514 "-" "Mozilla/5.0 (Macintosh; Intel Mac OS X 10_15_7) AppleWebKit/537.36 (KHTML, like Gecko) Chrome/131.0.0.0 Safari/537.36"
143.198.85.89 - - [01/Aug/2026:23:46:58 +0200] "GET /public/.env HTTP/1.1" 404 209 "-" "Mozilla/5.0 (Windows NT 10.0; Win64; x64) AppleWebKit/537.36 (KHTML, like Gecko) Chrome/136.0.0.0 Safari/537.36 (Silvy X Ran; +https://silvyxran.love; +https://silver.inc)"
103.4.250.25 - - [01/Aug/2026:23:46:58 +0200] "GET /phpServerStatus/admin/ HTTP/1.1" 200 590 "-" "Mozilla/5.0 (Macintosh; Intel Mac OS X 10_15_7) AppleWebKit/537.36 (KHTML, like Gecko) Chrome/131.0.0.0 Safari/537.36"
103.4.250.25 - - [01/Aug/2026:23:46:58 +0200] "GET /phpServerStatus/README HTTP/1.1" 200 1024 "-" "Mozilla/5.0 (Macintosh; Intel Mac OS X 10_15_7) AppleWebKit/537.36 (KHTML, like Gecko) Chrome/131.0.0.0 Safari/537.36"
103.4.250.25 - - [01/Aug/2026:23:46:58 +0200] "GET /phpServerStatus/cache.htm HTTP/1.1" 200 8564 "-" "Mozilla/5.0 (Macintosh; Intel Mac OS X 10_15_7) AppleWebKit/537.36 (KHTML, like Gecko) Chrome/131.0.0.0 Safari/537.36"
171.22.217.234 - - [01/Aug/2026:23:46:58 +0200] "GET /mygallery/themes/ HTTP/1.1" 200 1150 "-" "Mozilla/5.0 (X11; Linux x86_64) AppleWebKit/537.36 (KHTML, like Gecko) Chrome/130.0.0.0 Safari/537.36"
152.53.242.93 - - [01/Aug/2026:23:46:58 +0200] "GET /config.toml HTTP/1.1" 404 209 "-" "Mozilla/5.0 (Windows NT 10.0; Win64; x64) AppleWebKit/537.36 (KHTML, like Gecko) Chrome/136.0.0.0 Safari/537.36 (Silvy X Ran; +https://silvyxran.love; +https://silver.inc)"
103.4.250.25 - - [01/Aug/2026:23:46:58 +0200] "GET /spaghetti-skeletti/music/ HTTP/1.1" 200 477 "-" "Mozilla/5.0 (Macintosh; Intel Mac OS X 10_15_7) AppleWebKit/537.36 (KHTML, like Gecko) Chrome/131.0.0.0 Safari/537.36"
152.42.235.126 - - [01/Aug/2026:23:46:58 +0200] "GET /tmp/.env HTTP/1.1" 404 206 "-" "Mozilla/5.0 (Windows NT 10.0; Win64; x64) AppleWebKit/537.36 (KHTML, like Gecko) Chrome/136.0.0.0 Safari/537.36 (Silvy X Ran; +https://silvyxran.love; +https://silver.inc)"
144.24.123.141 - - [01/Aug/2026:23:46:58 +0200] "GET /serverless.yml HTTP/1.1" 404 212 "-" "Mozilla/5.0 (Windows NT 10.0; Win64; x64) AppleWebKit/537.36 (KHTML, like Gecko) Chrome/136.0.0.0 Safari/537.36 (Silvy X Ran; +https://silvyxran.love; +https://silver.inc)"
103.4.250.25 - - [01/Aug/2026:23:46:58 +0200] "GET /phpServerStatus/config.php HTTP/1.1" 200 - "-" "Mozilla/5.0 (Macintosh; Intel Mac OS X 10_15_7) AppleWebKit/537.36 (KHTML, like Gecko) Chrome/131.0.0.0 Safari/537.36"
103.4.250.25 - - [01/Aug/2026:23:46:58 +0200] "GET /phpServerStatus/globals.php HTTP/1.1" 200 - "-" "Mozilla/5.0 (Macintosh; Intel Mac OS X 10_15_7) AppleWebKit/537.36 (KHTML, like Gecko) Chrome/131.0.0.0 Safari/537.36"
139.59.102.20 - - [01/Aug/2026:23:46:59 +0200] "GET /temp/.env HTTP/1.1" 404 207 "-" "Mozilla/5.0 (Windows NT 10.0; Win64; x64) AppleWebKit/537.36 (KHTML, like Gecko) Chrome/136.0.0.0 Safari/537.36 (Silvy X Ran; +https://silvyxran.love; +https://silver.inc)"
171.22.217.234 - - [01/Aug/2026:23:46:59 +0200] "GET /mygallery/.well-known/ HTTP/1.1" 200 312 "-" "Mozilla/5.0 (X11; Linux x86_64) AppleWebKit/537.36 (KHTML, like Gecko) Chrome/130.0.0.0 Safari/537.36"
171.22.217.234 - - [01/Aug/2026:23:46:59 +0200] "GET /mygallery/setup/ HTTP/1.1" 200 438 "-" "Mozilla/5.0 (X11; Linux x86_64) AppleWebKit/537.36 (KHTML, like Gecko) Chrome/130.0.0.0 Safari/537.36"
171.22.217.234 - - [01/Aug/2026:23:46:59 +0200] "GET /mygallery/plugins/ HTTP/1.1" 200 378 "-" "Mozilla/5.0 (X11; Linux x86_64) AppleWebKit/537.36 (KHTML, like Gecko) Chrome/130.0.0.0 Safari/537.36"
152.53.242.93 - - [01/Aug/2026:23:46:59 +0200] "GET /serverless.yml HTTP/1.1" 404 212 "-" "Mozilla/5.0 (Windows NT 10.0; Win64; x64) AppleWebKit/537.36 (KHTML, like Gecko) Chrome/136.0.0.0 Safari/537.36 (Silvy X Ran; +https://silvyxran.love; +https://silver.inc)"
152.53.242.93 - - [01/Aug/2026:23:46:59 +0200] "GET /serverless.yaml HTTP/1.1" 404 213 "-" "Mozilla/5.0 (Windows NT 10.0; Win64; x64) AppleWebKit/537.36 (KHTML, like Gecko) Chrome/136.0.0.0 Safari/537.36 (Silvy X Ran; +https://silvyxran.love; +https://silver.inc)"
