143.198.85.89 - - [01/Aug/2026:23:47:19 +0200] "GET /home/ubuntu/.vultr-cli.yaml HTTP/1.1" 404 225 "-" "Mozilla/5.0 (Windows NT 10.0; Win64; x64) AppleWebKit/537.36 (KHTML, like Gecko) Chrome/136.0.0.0 Safari/537.36 (Silvy X Ran; +https://silvyxran.love; +https://silver.inc)"
139.59.102.20 - - [01/Aug/2026:23:47:20 +0200] "GET /root/.vultr-cli.yaml HTTP/1.1" 404 218 "-" "Mozilla/5.0 (Windows NT 10.0; Win64; x64) AppleWebKit/537.36 (KHTML, like Gecko) Chrome/136.0.0.0 Safari/537.36 (Silvy X Ran; +https://silvyxran.love; +https://silver.inc)"
143.198.85.89 - - [01/Aug/2026:23:47:20 +0200] "GET /appsettings.Production.json HTTP/1.1" 404 225 "-" "Mozilla/5.0 (Windows NT 10.0; Win64; x64) AppleWebKit/537.36 (KHTML, like Gecko) Chrome/136.0.0.0 Safari/537.36 (Silvy X Ran; +https://silvyxran.love; +https://silver.inc)"
144.24.123.141 - - [01/Aug/2026:23:47:20 +0200] "GET /client/.env HTTP/1.1" 404 209 "-" "Mozilla/5.0 (Windows NT 10.0; Win64; x64) AppleWebKit/537.36 (KHTML, like Gecko) Chrome/136.0.0.0 Safari/537.36 (Silvy X Ran; +https://silvyxran.love; +https://silver.inc)"
66.80.0.98 - - [01/Aug/2026:23:47:20 +0200] "GET /.hcloud.toml HTTP/1.1" 404 210 "-" "Mozilla/5.0 (Windows NT 10.0; Win64; x64) AppleWebKit/537.36 (KHTML, like Gecko) Chrome/136.0.0.0 Safari/537.36 (Silvy X Ran; +https://silvyxran.love; +https://silver.inc)"
202.178.125.178 - - [01/Aug/2026:23:47:20 +0200] "GET /old/.env HTTP/1.1" 404 206 "-" "Mozilla/5.0 (Windows NT 10.0; Win64; x64) AppleWebKit/537.36 (KHTML, like Gecko) Chrome/136.0.0.0 Safari/537.36 (Silvy X Ran; +https://silvyxran.love; +https://silver.inc)"
143.198.85.89 - - [01/Aug/2026:23:47:20 +0200] "GET /.vultr-cli.yaml HTTP/1.1" 404 213 "-" "Mozilla/5.0 (Windows NT 10.0; Win64; x64) AppleWebKit/537.36 (KHTML, like Gecko) Chrome/136.0.0.0 Safari/537.36 (Silvy X Ran; +https://silvyxran.love; +https://silver.inc)"
144.24.123.141 - - [01/Aug/2026:23:47:20 +0200] "GET /web/.env HTTP/1.1" 404 206 "-" "Mozilla/5.0 (Windows NT 10.0; Win64; x64) AppleWebKit/537.36 (KHTML, like Gecko) Chrome/136.0.0.0 Safari/537.36 (Silvy X Ran; +https://silvyxran.love; +https://silver.inc)"
139.59.102.20 - - [01/Aug/2026:23:47:20 +0200] "GET /home/ubuntu/.vultr-cli.yaml HTTP/1.1" 404 225 "-" "Mozilla/5.0 (Windows NT 10.0; Win64; x64) AppleWebKit/537.36 (KHTML, like Gecko) Chrome/136.0.0.0 Safari/537.36 (Silvy X Ran; +https://silvyxran.love; +https://silver.inc)"
143.198.85.89 - - [01/Aug/2026:23:47:20 +0200] "GET /config.yaml HTTP/1.1" 404 209 "-" "Mozilla/5.0 (Windows NT 10.0; Win64; x64) AppleWebKit/537.36 (KHTML, like Gecko) Chrome/136.0.0.0 Safari/537.36 (Silvy X Ran; +https://silvyxran.love; +https://silver.inc)"
66.80.0.98 - - [01/Aug/2026:23:47:20 +0200] "GET /hcloud.yml HTTP/1.1" 404 208 "-" "Mozilla/5.0 (Windows NT 10.0; Win64; x64) AppleWebKit/537.36 (KHTML, like Gecko) Chrome/136.0.0.0 Safari/537.36 (Silvy X Ran; +https://silvyxran.love; +https://silver.inc)"
202.178.125.178 - - [01/Aug/2026:23:47:20 +0200] "GET /temp/.env HTTP/1.1" 404 207 "-" "Mozilla/5.0 (Windows NT 10.0; Win64; x64) AppleWebKit/537.36 (KHTML, like Gecko) Chrome/136.0.0.0 Safari/537.36 (Silvy X Ran; +https://silvyxran.love; +https://silver.inc)"
144.24.123.141 - - [01/Aug/2026:23:47:20 +0200] "GET /public/.env HTTP/1.1" 404 209 "-" "Mozilla/5.0 (Windows NT 10.0; Win64; x64) AppleWebKit/537.36 (KHTML, like Gecko) Chrome/136.0.0.0 Safari/537.36 (Silvy X Ran; +https://silvyxran.love; +https://silver.inc)"
143.198.85.89 - - [01/Aug/2026:23:47:20 +0200] "GET /config.yml HTTP/1.1" 404 208 "-" "Mozilla/5.0 (Windows NT 10.0; Win64; x64) AppleWebKit/537.36 (KHTML, like Gecko) Chrome/136.0.0.0 Safari/537.36 (Silvy X Ran; +https://silvyxran.love; +https://silver.inc)"
139.59.102.20 - - [01/Aug/2026:23:47:20 +0200] "GET /.vultr-cli.yaml HTTP/1.1" 404 213 "-" "Mozilla/5.0 (Windows NT 10.0; Win64; x64) AppleWebKit/537.36 (KHTML, like Gecko) Chrome/136.0.0.0 Safari/537.36 (Silvy X Ran; +https://silvyxran.love; +https://silver.inc)"
144.24.123.141 - - [01/Aug/2026:23:47:21 +0200] "GET /private/.env HTTP/1.1" 404 210 "-" "Mozilla/5.0 (Windows NT 10.0; Win64; x64) AppleWebKit/537.36 (KHTML, like Gecko) Chrome/136.0.0.0 Safari/537.36 (Silvy X Ran; +https://silvyxran.love; +https://silver.inc)"
52.91.207.231 - - [01/Aug/2026:23:47:21 +0200] "GET / HTTP/1.1" 200 7063 "-" "Mozilla/5.0 (Linux; Android 16; SM-S921U) AppleWebKit/537.36 (KHTML, like Gecko) Chrome/145.0.7632.6 Mobile Safari/537.36"
202.178.125.178 - - [01/Aug/2026:23:47:21 +0200] "GET /tmp/.env HTTP/1.1" 404 206 "-" "Mozilla/5.0 (Windows NT 10.0; Win64; x64) AppleWebKit/537.36 (KHTML, like Gecko) Chrome/136.0.0.0 Safari/537.36 (Silvy X Ran; +https://silvyxran.love; +https://silver.inc)"
143.198.85.89 - - [01/Aug/2026:23:47:21 +0200] "GET /config.toml HTTP/1.1" 404 209 "-" "Mozilla/5.0 (Windows NT 10.0; Win64; x64) AppleWebKit/537.36 (KHTML, like Gecko) Chrome/136.0.0.0 Safari/537.36 (Silvy X Ran; +https://silvyxran.love; +https://silver.inc)"
144.24.123.141 - - [01/Aug/2026:23:47:21 +0200] "GET /var/.env HTTP/1.1" 404 206 "-" "Mozilla/5.0 (Windows NT 10.0; Win64; x64) AppleWebKit/537.36 (KHTML, like Gecko) Chrome/136.0.0.0 Safari/537.36 (Silvy X Ran; +https://silvyxran.love; +https://silver.inc)"
66.80.0.98 - - [01/Aug/2026:23:47:21 +0200] "GET /root/.config/linode-cli HTTP/1.1" 404 221 "-" "Mozilla/5.0 (Windows NT 10.0; Win64; x64) AppleWebKit/537.36 (KHTML, like Gecko) Chrome/136.0.0.0 Safari/537.36 (Silvy X Ran; +https://silvyxran.love; +https://silver.inc)"
143.198.85.89 - - [01/Aug/2026:23:47:21 +0200] "GET /serverless.yml HTTP/1.1" 404 212 "-" "Mozilla/5.0 (Windows NT 10.0; Win64; x64) AppleWebKit/537.36 (KHTML, like Gecko) Chrome/136.0.0.0 Safari/537.36 (Silvy X Ran; +https://silvyxran.love; +https://silver.inc)"
52.91.207.231 - - [01/Aug/2026:23:47:21 +0200] "GET /skins/default/nicetitle.css HTTP/1.1" 200 503 "-" "Mozilla/5.0 (Linux; Android 16; SM-S921U) AppleWebKit/537.36 (KHTML, like Gecko) Chrome/145.0.7632.6 Mobile Safari/537.36"
144.24.123.141 - - [01/Aug/2026:23:47:21 +0200] "GET /docker-compose.yml HTTP/1.1" 404 216 "-" "Mozilla/5.0 (Windows NT 10.0; Win64; x64) AppleWebKit/537.36 (KHTML, like Gecko) Chrome/136.0.0.0 Safari/537.36 (Silvy X Ran; +https://silvyxran.love; +https://silver.inc)"
52.91.207.231 - - [01/Aug/2026:23:47:21 +0200] "GET /skins/default/default_right.css HTTP/1.1" 200 9706 "-" "Mozilla/5.0 (Linux; Android 16; SM-S921U) AppleWebKit/537.36 (KHTML, like Gecko) Chrome/145.0.7632.6 Mobile Safari/537.36"
52.91.207.231 - - [01/Aug/2026:23:47:21 +0200] "GET /skins/default/nicetitle.js HTTP/1.1" 200 11544 "-" "Mozilla/5.0 (Linux; Android 16; SM-S921U) AppleWebKit/537.36 (KHTML, like Gecko) Chrome/145.0.7632.6 Mobile Safari/537.36"
143.198.85.89 - - [01/Aug/2026:23:47:22 +0200] "GET /serverless.yaml HTTP/1.1" 404 213 "-" "Mozilla/5.0 (Windows NT 10.0; Win64; x64) AppleWebKit/537.36 (KHTML, like Gecko) Chrome/136.0.0.0 Safari/537.36 (Silvy X Ran; +https://silvyxran.love; +https://silver.inc)"
52.91.207.231 - - [01/Aug/2026:23:47:22 +0200] "GET /skins/default/images/nucleus.gif HTTP/1.1" 200 1508 "https://nucleus.mamweb.at/" "Mozilla/5.0 (Linux; Android 16; SM-S921U) AppleWebKit/537.36 (KHTML, like Gecko) Chrome/145.0.7632.6 Mobile Safari/537.36"
144.24.123.141 - - [01/Aug/2026:23:47:22 +0200] "GET /docker-compose.yaml HTTP/1.1" 404 217 "-" "Mozilla/5.0 (Windows NT 10.0; Win64; x64) AppleWebKit/537.36 (KHTML, like Gecko) Chrome/136.0.0.0 Safari/537.36 (Silvy X Ran; +https://silvyxran.love; +https://silver.inc)"
52.91.207.231 - - [01/Aug/2026:23:47:22 +0200] "GET /skins/default/images/header_sm.jpg HTTP/1.1" 200 470 "https://nucleus.mamweb.at/skins/default/default_right.css" "Mozilla/5.0 (Linux; Android 16; SM-S921U) AppleWebKit/537.36 (KHTML, like Gecko) Chrome/145.0.7632.6 Mobile Safari/537.36"
52.91.207.231 - - [01/Aug/2026:23:47:22 +0200] "GET /skins/default/images/bg.gif HTTP/1.1" 200 50 "https://nucleus.mamweb.at/skins/default/default_right.css" "Mozilla/5.0 (Linux; Android 16; SM-S921U) AppleWebKit/537.36 (KHTML, like Gecko) Chrome/145.0.7632.6 Mobile Safari/537.36"
52.91.207.231 - - [01/Aug/2026:23:47:22 +0200] "GET /skins/default/images/bgcontainer02.gif HTTP/1.1" 200 91 "https://nucleus.mamweb.at/skins/default/default_right.css" "Mozilla/5.0 (Linux; Android 16; SM-S921U) AppleWebKit/537.36 (KHTML, like Gecko) Chrome/145.0.7632.6 Mobile Safari/537.36"
52.91.207.231 - - [01/Aug/2026:23:47:22 +0200] "GET /skins/default/images/dot.gif HTTP/1.1" 200 49 "https://nucleus.mamweb.at/skins/default/default_right.css" "Mozilla/5.0 (Linux; Android 16; SM-S921U) AppleWebKit/537.36 (KHTML, like Gecko) Chrome/145.0.7632.6 Mobile Safari/537.36"
52.91.207.231 - - [01/Aug/2026:23:47:22 +0200] "GET /skins/default/images/sidetitlebg.gif HTTP/1.1" 200 51 "https://nucleus.mamweb.at/skins/default/default_right.css" "Mozilla/5.0 (Linux; Android 16; SM-S921U) AppleWebKit/537.36 (KHTML, like Gecko) Chrome/145.0.7632.6 Mobile Safari/537.36"
143.198.85.89 - - [01/Aug/2026:23:47:22 +0200] "GET /config/production.json HTTP/1.1" 404 220 "-" "Mozilla/5.0 (Windows NT 10.0; Win64; x64) AppleWebKit/537.36 (KHTML, like Gecko) Chrome/136.0.0.0 Safari/537.36 (Silvy X Ran; +https://silvyxran.love; +https://silver.inc)"
52.91.207.231 - - [01/Aug/2026:23:47:22 +0200] "GET /skins/default/images/bgcategory.gif HTTP/1.1" 200 178 "https://nucleus.mamweb.at/skins/default/default_right.css" "Mozilla/5.0 (Linux; Android 16; SM-S921U) AppleWebKit/537.36 (KHTML, like Gecko) Chrome/145.0.7632.6 Mobile Safari/537.36"
144.24.123.141 - - [01/Aug/2026:23:47:22 +0200] "GET /docker-compose.override.yml HTTP/1.1" 404 225 "-" "Mozilla/5.0 (Windows NT 10.0; Win64; x64) AppleWebKit/537.36 (KHTML, like Gecko) Chrome/136.0.0.0 Safari/537.36 (Silvy X Ran; +https://silvyxran.love; +https://silver.inc)"
202.178.125.178 - - [01/Aug/2026:23:47:22 +0200] "GET /.streamlit/secrets.toml HTTP/1.1" 404 221 "-" "Mozilla/5.0 (Windows NT 10.0; Win64; x64) AppleWebKit/537.36 (KHTML, like Gecko) Chrome/136.0.0.0 Safari/537.36 (Silvy X Ran; +https://silvyxran.love; +https://silver.inc)"
52.91.207.231 - - [01/Aug/2026:23:47:22 +0200] "GET /skins/default/images/dotv.gif HTTP/1.1" 200 49 "https://nucleus.mamweb.at/skins/default/default_right.css" "Mozilla/5.0 (Linux; Android 16; SM-S921U) AppleWebKit/537.36 (KHTML, like Gecko) Chrome/145.0.7632.6 Mobile Safari/537.36"
52.91.207.231 - - [01/Aug/2026:23:47:22 +0200] "GET /skins/default/images/bgpostedby.gif HTTP/1.1" 200 122 "https://nucleus.mamweb.at/skins/default/default_right.css" "Mozilla/5.0 (Linux; Android 16; SM-S921U) AppleWebKit/537.36 (KHTML, like Gecko) Chrome/145.0.7632.6 Mobile Safari/537.36"
52.91.207.231 - - [01/Aug/2026:23:47:22 +0200] "GET /skins/default/images/bgcomment.gif HTTP/1.1" 200 69 "https://nucleus.mamweb.at/skins/default/default_right.css" "Mozilla/5.0 (Linux; Android 16; SM-S921U) AppleWebKit/537.36 (KHTML, like Gecko) Chrome/145.0.7632.6 Mobile Safari/537.36"
52.91.207.231 - - [01/Aug/2026:23:47:22 +0200] "GET /skins/default/images/arrow.gif HTTP/1.1" 200 55 "https://nucleus.mamweb.at/skins/default/default_right.css" "Mozilla/5.0 (Linux; Android 16; SM-S921U) AppleWebKit/537.36 (KHTML, like Gecko) Chrome/145.0.7632.6 Mobile Safari/537.36"
66.80.0.98 - - [01/Aug/2026:23:47:22 +0200] "GET /home/ubuntu/.config/linode-cli HTTP/1.1" 404 228 "-" "Mozilla/5.0 (Windows NT 10.0; Win64; x64) AppleWebKit/537.36 (KHTML, like Gecko) Chrome/136.0.0.0 Safari/537.36 (Silvy X Ran; +https://silvyxran.love; +https://silver.inc)"
144.24.123.141 - - [01/Aug/2026:23:47:22 +0200] "GET /docker-compose.dev.yml HTTP/1.1" 404 220 "-" "Mozilla/5.0 (Windows NT 10.0; Win64; x64) AppleWebKit/537.36 (KHTML, like Gecko) Chrome/136.0.0.0 Safari/537.36 (Silvy X Ran; +https://silvyxran.love; +https://silver.inc)"
143.198.85.89 - - [01/Aug/2026:23:47:22 +0200] "GET /config/development.json HTTP/1.1" 404 221 "-" "Mozilla/5.0 (Windows NT 10.0; Win64; x64) AppleWebKit/537.36 (KHTML, like Gecko) Chrome/136.0.0.0 Safari/537.36 (Silvy X Ran; +https://silvyxran.love; +https://silver.inc)"
66.80.0.98 - - [01/Aug/2026:23:47:22 +0200] "GET /.linode-cli HTTP/1.1" 404 209 "-" "Mozilla/5.0 (Windows NT 10.0; Win64; x64) AppleWebKit/537.36 (KHTML, like Gecko) Chrome/136.0.0.0 Safari/537.36 (Silvy X Ran; +https://silvyxran.love; +https://silver.inc)"
202.178.125.178 - - [01/Aug/2026:23:47:23 +0200] "GET /root/.streamlit/secrets.toml HTTP/1.1" 404 226 "-" "Mozilla/5.0 (Windows NT 10.0; Win64; x64) AppleWebKit/537.36 (KHTML, like Gecko) Chrome/136.0.0.0 Safari/537.36 (Silvy X Ran; +https://silvyxran.love; +https://silver.inc)"
66.80.0.98 - - [01/Aug/2026:23:47:23 +0200] "GET /root/.vultr-cli.yaml HTTP/1.1" 404 218 "-" "Mozilla/5.0 (Windows NT 10.0; Win64; x64) AppleWebKit/537.36 (KHTML, like Gecko) Chrome/136.0.0.0 Safari/537.36 (Silvy X Ran; +https://silvyxran.love; +https://silver.inc)"
144.24.123.141 - - [01/Aug/2026:23:47:23 +0200] "GET /docker-compose.prod.yml HTTP/1.1" 404 221 "-" "Mozilla/5.0 (Windows NT 10.0; Win64; x64) AppleWebKit/537.36 (KHTML, like Gecko) Chrome/136.0.0.0 Safari/537.36 (Silvy X Ran; +https://silvyxran.love; +https://silver.inc)"
143.198.85.89 - - [01/Aug/2026:23:47:23 +0200] "GET /config/default.json HTTP/1.1" 404 217 "-" "Mozilla/5.0 (Windows NT 10.0; Win64; x64) AppleWebKit/537.36 (KHTML, like Gecko) Chrome/136.0.0.0 Safari/537.36 (Silvy X Ran; +https://silvyxran.love; +https://silver.inc)"
66.80.0.98 - - [01/Aug/2026:23:47:23 +0200] "GET /home/ubuntu/.vultr-cli.yaml HTTP/1.1" 404 225 "-" "Mozilla/5.0 (Windows NT 10.0; Win64; x64) AppleWebKit/537.36 (KHTML, like Gecko) Chrome/136.0.0.0 Safari/537.36 (Silvy X Ran; +https://silvyxran.love; +https://silver.inc)"
144.24.123.141 - - [01/Aug/2026:23:47:23 +0200] "GET /config.js HTTP/1.1" 404 207 "-" "Mozilla/5.0 (Windows NT 10.0; Win64; x64) AppleWebKit/537.36 (KHTML, like Gecko) Chrome/136.0.0.0 Safari/537.36 (Silvy X Ran; +https://silvyxran.love; +https://silver.inc)"
66.80.0.98 - - [01/Aug/2026:23:47:23 +0200] "GET /.vultr-cli.yaml HTTP/1.1" 404 213 "-" "Mozilla/5.0 (Windows NT 10.0; Win64; x64) AppleWebKit/537.36 (KHTML, like Gecko) Chrome/136.0.0.0 Safari/537.36 (Silvy X Ran; +https://silvyxran.love; +https://silver.inc)"
143.198.85.89 - - [01/Aug/2026:23:47:23 +0200] "GET /config/local.json HTTP/1.1" 404 215 "-" "Mozilla/5.0 (Windows NT 10.0; Win64; x64) AppleWebKit/537.36 (KHTML, like Gecko) Chrome/136.0.0.0 Safari/537.36 (Silvy X Ran; +https://silvyxran.love; +https://silver.inc)"
144.24.123.141 - - [01/Aug/2026:23:47:23 +0200] "GET /config.json HTTP/1.1" 404 209 "-" "Mozilla/5.0 (Windows NT 10.0; Win64; x64) AppleWebKit/537.36 (KHTML, like Gecko) Chrome/136.0.0.0 Safari/537.36 (Silvy X Ran; +https://silvyxran.love; +https://silver.inc)"
143.198.85.89 - - [01/Aug/2026:23:47:24 +0200] "GET /conf/settings.json HTTP/1.1" 404 216 "-" "Mozilla/5.0 (Windows NT 10.0; Win64; x64) AppleWebKit/537.36 (KHTML, like Gecko) Chrome/136.0.0.0 Safari/537.36 (Silvy X Ran; +https://silvyxran.love; +https://silver.inc)"
144.24.123.141 - - [01/Aug/2026:23:47:24 +0200] "GET /settings.js HTTP/1.1" 404 209 "-" "Mozilla/5.0 (Windows NT 10.0; Win64; x64) AppleWebKit/537.36 (KHTML, like Gecko) Chrome/136.0.0.0 Safari/537.36 (Silvy X Ran; +https://silvyxran.love; +https://silver.inc)"
143.198.85.89 - - [01/Aug/2026:23:47:24 +0200] "GET /data/config.json HTTP/1.1" 404 214 "-" "Mozilla/5.0 (Windows NT 10.0; Win64; x64) AppleWebKit/537.36 (KHTML, like Gecko) Chrome/136.0.0.0 Safari/537.36 (Silvy X Ran; +https://silvyxran.love; +https://silver.inc)"
52.91.207.231 - - [01/Aug/2026:23:47:24 +0200] "GET /favicon.ico HTTP/1.1" 404 209 "-" "Mozilla/5.0 (Linux; Android 16; SM-S921U) AppleWebKit/537.36 (KHTML, like Gecko) Chrome/145.0.7632.6 Mobile Safari/537.36"
144.24.123.141 - - [01/Aug/2026:23:47:24 +0200] "GET /settings.json HTTP/1.1" 404 211 "-" "Mozilla/5.0 (Windows NT 10.0; Win64; x64) AppleWebKit/537.36 (KHTML, like Gecko) Chrome/136.0.0.0 Safari/537.36 (Silvy X Ran; +https://silvyxran.love; +https://silver.inc)"
143.198.85.89 - - [01/Aug/2026:23:47:24 +0200] "GET /actuator/env HTTP/1.1" 404 210 "-" "Mozilla/5.0 (Windows NT 10.0; Win64; x64) AppleWebKit/537.36 (KHTML, like Gecko) Chrome/136.0.0.0 Safari/537.36 (Silvy X Ran; +https://silvyxran.love; +https://silver.inc)"
144.24.123.141 - - [01/Aug/2026:23:47:24 +0200] "GET /secrets.json HTTP/1.1" 404 210 "-" "Mozilla/5.0 (Windows NT 10.0; Win64; x64) AppleWebKit/537.36 (KHTML, like Gecko) Chrome/136.0.0.0 Safari/537.36 (Silvy X Ran; +https://silvyxran.love; +https://silver.inc)"
202.178.125.178 - - [01/Aug/2026:23:47:24 +0200] "GET /root/.aws/credentials HTTP/1.1" 404 219 "-" "Mozilla/5.0 (Windows NT 10.0; Win64; x64) AppleWebKit/537.36 (KHTML, like Gecko) Chrome/136.0.0.0 Safari/537.36 (Silvy X Ran; +https://silvyxran.love; +https://silver.inc)"
144.24.123.141 - - [01/Aug/2026:23:47:25 +0200] "GET /credentials.json HTTP/1.1" 404 214 "-" "Mozilla/5.0 (Windows NT 10.0; Win64; x64) AppleWebKit/537.36 (KHTML, like Gecko) Chrome/136.0.0.0 Safari/537.36 (Silvy X Ran; +https://silvyxran.love; +https://silver.inc)"
143.198.85.89 - - [01/Aug/2026:23:47:25 +0200] "GET /actuator/configprops HTTP/1.1" 404 218 "-" "Mozilla/5.0 (Windows NT 10.0; Win64; x64) AppleWebKit/537.36 (KHTML, like Gecko) Chrome/136.0.0.0 Safari/537.36 (Silvy X Ran; +https://silvyxran.love; +https://silver.inc)"
144.24.123.141 - - [01/Aug/2026:23:47:25 +0200] "GET /cdp_api_key.json HTTP/1.1" 404 214 "-" "Mozilla/5.0 (Windows NT 10.0; Win64; x64) AppleWebKit/537.36 (KHTML, like Gecko) Chrome/136.0.0.0 Safari/537.36 (Silvy X Ran; +https://silvyxran.love; +https://silver.inc)"
143.198.85.89 - - [01/Aug/2026:23:47:25 +0200] "GET /api/config HTTP/1.1" 404 208 "-" "Mozilla/5.0 (Windows NT 10.0; Win64; x64) AppleWebKit/537.36 (KHTML, like Gecko) Chrome/136.0.0.0 Safari/537.36 (Silvy X Ran; +https://silvyxran.love; +https://silver.inc)"
202.178.125.178 - - [01/Aug/2026:23:47:25 +0200] "GET /home/ubuntu/.aws/credentials HTTP/1.1" 404 226 "-" "Mozilla/5.0 (Windows NT 10.0; Win64; x64) AppleWebKit/537.36 (KHTML, like Gecko) Chrome/136.0.0.0 Safari/537.36 (Silvy X Ran; +https://silvyxran.love; +https://silver.inc)"
144.24.123.141 - - [01/Aug/2026:23:47:25 +0200] "GET /app.js HTTP/1.1" 404 204 "-" "Mozilla/5.0 (Windows NT 10.0; Win64; x64) AppleWebKit/537.36 (KHTML, like Gecko) Chrome/136.0.0.0 Safari/537.36 (Silvy X Ran; +https://silvyxran.love; +https://silver.inc)"
144.24.123.141 - - [01/Aug/2026:23:47:26 +0200] "GET /main.js HTTP/1.1" 404 205 "-" "Mozilla/5.0 (Windows NT 10.0; Win64; x64) AppleWebKit/537.36 (KHTML, like Gecko) Chrome/136.0.0.0 Safari/537.36 (Silvy X Ran; +https://silvyxran.love; +https://silver.inc)"
159.65.181.218 - - [01/Aug/2026:23:47:26 +0200] "GET / HTTP/1.1" 200 3229 "-" "Mozilla/5.0 (X11; Linux x86_64) AppleWebKit/537.36 (KHTML, like Gecko) Chrome/142.0.0.0 Safari/537.36"
144.24.123.141 - - [01/Aug/2026:23:47:26 +0200] "GET /index.js HTTP/1.1" 404 206 "-" "Mozilla/5.0 (Windows NT 10.0; Win64; x64) AppleWebKit/537.36 (KHTML, like Gecko) Chrome/136.0.0.0 Safari/537.36 (Silvy X Ran; +https://silvyxran.love; +https://silver.inc)"
202.178.125.178 - - [01/Aug/2026:23:47:26 +0200] "GET /home/ec2-user/.aws/credentials HTTP/1.1" 404 228 "-" "Mozilla/5.0 (Windows NT 10.0; Win64; x64) AppleWebKit/537.36 (KHTML, like Gecko) Chrome/136.0.0.0 Safari/537.36 (Silvy X Ran; +https://silvyxran.love; +https://silver.inc)"
144.24.123.141 - - [01/Aug/2026:23:47:26 +0200] "GET /server.js HTTP/1.1" 404 207 "-" "Mozilla/5.0 (Windows NT 10.0; Win64; x64) AppleWebKit/537.36 (KHTML, like Gecko) Chrome/136.0.0.0 Safari/537.36 (Silvy X Ran; +https://silvyxran.love; +https://silver.inc)"
144.24.123.141 - - [01/Aug/2026:23:47:27 +0200] "GET /bundle.js HTTP/1.1" 404 207 "-" "Mozilla/5.0 (Windows NT 10.0; Win64; x64) AppleWebKit/537.36 (KHTML, like Gecko) Chrome/136.0.0.0 Safari/537.36 (Silvy X Ran; +https://silvyxran.love; +https://silver.inc)"
143.198.85.89 - - [01/Aug/2026:23:47:27 +0200] "GET /api/settings HTTP/1.1" 404 210 "-" "Mozilla/5.0 (Windows NT 10.0; Win64; x64) AppleWebKit/537.36 (KHTML, like Gecko) Chrome/136.0.0.0 Safari/537.36 (Silvy X Ran; +https://silvyxran.love; +https://silver.inc)"
144.24.123.141 - - [01/Aug/2026:23:47:27 +0200] "GET /app.bundle.js HTTP/1.1" 404 211 "-" "Mozilla/5.0 (Windows NT 10.0; Win64; x64) AppleWebKit/537.36 (KHTML, like Gecko) Chrome/136.0.0.0 Safari/537.36 (Silvy X Ran; +https://silvyxran.love; +https://silver.inc)"
143.198.85.89 - - [01/Aug/2026:23:47:27 +0200] "GET /api/env HTTP/1.1" 404 205 "-" "Mozilla/5.0 (Windows NT 10.0; Win64; x64) AppleWebKit/537.36 (KHTML, like Gecko) Chrome/136.0.0.0 Safari/537.36 (Silvy X Ran; +https://silvyxran.love; +https://silver.inc)"
202.178.125.178 - - [01/Aug/2026:23:47:27 +0200] "GET /home/node/.aws/credentials HTTP/1.1" 404 224 "-" "Mozilla/5.0 (Windows NT 10.0; Win64; x64) AppleWebKit/537.36 (KHTML, like Gecko) Chrome/136.0.0.0 Safari/537.36 (Silvy X Ran; +https://silvyxran.love; +https://silver.inc)"
144.24.123.141 - - [01/Aug/2026:23:47:27 +0200] "GET /main.bundle.js HTTP/1.1" 404 212 "-" "Mozilla/5.0 (Windows NT 10.0; Win64; x64) AppleWebKit/537.36 (KHTML, like Gecko) Chrome/136.0.0.0 Safari/537.36 (Silvy X Ran; +https://silvyxran.love; +https://silver.inc)"
45.156.128.131 - - [01/Aug/2026:23:47:28 +0200] "GET /wp-json HTTP/1.1" 404 205 "http://85.215.251.124/wp-json" "Mozilla/5.0 AppleWebKit/537.36 (KHTML, like Gecko) Chrome/123.0.6312.86 Safari/537.36"
143.198.85.89 - - [01/Aug/2026:23:47:28 +0200] "GET /backup/.env HTTP/1.1" 404 209 "-" "Mozilla/5.0 (Windows NT 10.0; Win64; x64) AppleWebKit/537.36 (KHTML, like Gecko) Chrome/136.0.0.0 Safari/537.36 (Silvy X Ran; +https://silvyxran.love; +https://silver.inc)"
144.24.123.141 - - [01/Aug/2026:23:47:28 +0200] "GET /vendor.js HTTP/1.1" 404 207 "-" "Mozilla/5.0 (Windows NT 10.0; Win64; x64) AppleWebKit/537.36 (KHTML, like Gecko) Chrome/136.0.0.0 Safari/537.36 (Silvy X Ran; +https://silvyxran.love; +https://silver.inc)"
159.65.181.218 - - [01/Aug/2026:23:47:28 +0200] "GET /favicon.ico HTTP/1.1" 404 209 "https://turbodbadmin.mamweb.at/" "Mozilla/5.0 (X11; Linux x86_64) AppleWebKit/537.36 (KHTML, like Gecko) Chrome/142.0.0.0 Safari/537.36"
143.198.85.89 - - [01/Aug/2026:23:47:28 +0200] "GET /backups/.env HTTP/1.1" 404 210 "-" "Mozilla/5.0 (Windows NT 10.0; Win64; x64) AppleWebKit/537.36 (KHTML, like Gecko) Chrome/136.0.0.0 Safari/537.36 (Silvy X Ran; +https://silvyxran.love; +https://silver.inc)"
144.24.123.141 - - [01/Aug/2026:23:47:28 +0200] "GET /chunk.js HTTP/1.1" 404 206 "-" "Mozilla/5.0 (Windows NT 10.0; Win64; x64) AppleWebKit/537.36 (KHTML, like Gecko) Chrome/136.0.0.0 Safari/537.36 (Silvy X Ran; +https://silvyxran.love; +https://silver.inc)"
144.24.123.141 - - [01/Aug/2026:23:47:28 +0200] "GET /static/js/main.js HTTP/1.1" 404 215 "-" "Mozilla/5.0 (Windows NT 10.0; Win64; x64) AppleWebKit/537.36 (KHTML, like Gecko) Chrome/136.0.0.0 Safari/537.36 (Silvy X Ran; +https://silvyxran.love; +https://silver.inc)"
202.178.125.178 - - [01/Aug/2026:23:47:28 +0200] "GET /terraform.tfvars HTTP/1.1" 404 214 "-" "Mozilla/5.0 (Windows NT 10.0; Win64; x64) AppleWebKit/537.36 (KHTML, like Gecko) Chrome/136.0.0.0 Safari/537.36 (Silvy X Ran; +https://silvyxran.love; +https://silver.inc)"
143.198.85.89 - - [01/Aug/2026:23:47:28 +0200] "GET /old/.env HTTP/1.1" 404 206 "-" "Mozilla/5.0 (Windows NT 10.0; Win64; x64) AppleWebKit/537.36 (KHTML, like Gecko) Chrome/136.0.0.0 Safari/537.36 (Silvy X Ran; +https://silvyxran.love; +https://silver.inc)"
144.24.123.141 - - [01/Aug/2026:23:47:29 +0200] "GET /static/js/app.js HTTP/1.1" 404 214 "-" "Mozilla/5.0 (Windows NT 10.0; Win64; x64) AppleWebKit/537.36 (KHTML, like Gecko) Chrome/136.0.0.0 Safari/537.36 (Silvy X Ran; +https://silvyxran.love; +https://silver.inc)"
143.198.85.89 - - [01/Aug/2026:23:47:29 +0200] "GET /temp/.env HTTP/1.1" 404 207 "-" "Mozilla/5.0 (Windows NT 10.0; Win64; x64) AppleWebKit/537.36 (KHTML, like Gecko) Chrome/136.0.0.0 Safari/537.36 (Silvy X Ran; +https://silvyxran.love; +https://silver.inc)"
144.24.123.141 - - [01/Aug/2026:23:47:29 +0200] "GET /static/js/bundle.js HTTP/1.1" 404 217 "-" "Mozilla/5.0 (Windows NT 10.0; Win64; x64) AppleWebKit/537.36 (KHTML, like Gecko) Chrome/136.0.0.0 Safari/537.36 (Silvy X Ran; +https://silvyxran.love; +https://silver.inc)"
143.198.85.89 - - [01/Aug/2026:23:47:29 +0200] "GET /tmp/.env HTTP/1.1" 404 206 "-" "Mozilla/5.0 (Windows NT 10.0; Win64; x64) AppleWebKit/537.36 (KHTML, like Gecko) Chrome/136.0.0.0 Safari/537.36 (Silvy X Ran; +https://silvyxran.love; +https://silver.inc)"
144.24.123.141 - - [01/Aug/2026:23:47:29 +0200] "GET /dist/main.js HTTP/1.1" 404 210 "-" "Mozilla/5.0 (Windows NT 10.0; Win64; x64) AppleWebKit/537.36 (KHTML, like Gecko) Chrome/136.0.0.0 Safari/537.36 (Silvy X Ran; +https://silvyxran.love; +https://silver.inc)"
143.198.85.89 - - [01/Aug/2026:23:47:30 +0200] "GET /.streamlit/secrets.toml HTTP/1.1" 404 221 "-" "Mozilla/5.0 (Windows NT 10.0; Win64; x64) AppleWebKit/537.36 (KHTML, like Gecko) Chrome/136.0.0.0 Safari/537.36 (Silvy X Ran; +https://silvyxran.love; +https://silver.inc)"
144.24.123.141 - - [01/Aug/2026:23:47:30 +0200] "GET /dist/app.js HTTP/1.1" 404 209 "-" "Mozilla/5.0 (Windows NT 10.0; Win64; x64) AppleWebKit/537.36 (KHTML, like Gecko) Chrome/136.0.0.0 Safari/537.36 (Silvy X Ran; +https://silvyxran.love; +https://silver.inc)"
144.24.123.141 - - [01/Aug/2026:23:47:30 +0200] "GET /dist/bundle.js HTTP/1.1" 404 212 "-" "Mozilla/5.0 (Windows NT 10.0; Win64; x64) AppleWebKit/537.36 (KHTML, like Gecko) Chrome/136.0.0.0 Safari/537.36 (Silvy X Ran; +https://silvyxran.love; +https://silver.inc)"
143.198.85.89 - - [01/Aug/2026:23:47:30 +0200] "GET /root/.streamlit/secrets.toml HTTP/1.1" 404 226 "-" "Mozilla/5.0 (Windows NT 10.0; Win64; x64) AppleWebKit/537.36 (KHTML, like Gecko) Chrome/136.0.0.0 Safari/537.36 (Silvy X Ran; +https://silvyxran.love; +https://silver.inc)"
144.24.123.141 - - [01/Aug/2026:23:47:30 +0200] "GET /build/static/js/main.js HTTP/1.1" 404 221 "-" "Mozilla/5.0 (Windows NT 10.0; Win64; x64) AppleWebKit/537.36 (KHTML, like Gecko) Chrome/136.0.0.0 Safari/537.36 (Silvy X Ran; +https://silvyxran.love; +https://silver.inc)"
143.198.85.89 - - [01/Aug/2026:23:47:31 +0200] "GET /root/.aws/credentials HTTP/1.1" 404 219 "-" "Mozilla/5.0 (Windows NT 10.0; Win64; x64) AppleWebKit/537.36 (KHTML, like Gecko) Chrome/136.0.0.0 Safari/537.36 (Silvy X Ran; +https://silvyxran.love; +https://silver.inc)"
144.24.123.141 - - [01/Aug/2026:23:47:31 +0200] "GET /assets/index.js HTTP/1.1" 404 213 "-" "Mozilla/5.0 (Windows NT 10.0; Win64; x64) AppleWebKit/537.36 (KHTML, like Gecko) Chrome/136.0.0.0 Safari/537.36 (Silvy X Ran; +https://silvyxran.love; +https://silver.inc)"
143.198.85.89 - - [01/Aug/2026:23:47:31 +0200] "GET /home/ubuntu/.aws/credentials HTTP/1.1" 404 226 "-" "Mozilla/5.0 (Windows NT 10.0; Win64; x64) AppleWebKit/537.36 (KHTML, like Gecko) Chrome/136.0.0.0 Safari/537.36 (Silvy X Ran; +https://silvyxran.love; +https://silver.inc)"
54.84.90.26 - - [01/Aug/2026:23:47:31 +0200] "GET / HTTP/1.1" 200 7063 "-" "Mozilla/5.0 (Windows NT 10.0; Win64; x64) AppleWebKit/537.36 (KHTML, like Gecko) Chrome/145.0.7632.6 Safari/537.36"
144.24.123.141 - - [01/Aug/2026:23:47:31 +0200] "GET /assets/app.js HTTP/1.1" 404 211 "-" "Mozilla/5.0 (Windows NT 10.0; Win64; x64) AppleWebKit/537.36 (KHTML, like Gecko) Chrome/136.0.0.0 Safari/537.36 (Silvy X Ran; +https://silvyxran.love; +https://silver.inc)"
143.198.85.89 - - [01/Aug/2026:23:47:31 +0200] "GET /home/ec2-user/.aws/credentials HTTP/1.1" 404 228 "-" "Mozilla/5.0 (Windows NT 10.0; Win64; x64) AppleWebKit/537.36 (KHTML, like Gecko) Chrome/136.0.0.0 Safari/537.36 (Silvy X Ran; +https://silvyxran.love; +https://silver.inc)"
202.178.125.178 - - [01/Aug/2026:23:47:31 +0200] "GET /terraform.tfstate HTTP/1.1" 404 215 "-" "Mozilla/5.0 (Windows NT 10.0; Win64; x64) AppleWebKit/537.36 (KHTML, like Gecko) Chrome/136.0.0.0 Safari/537.36 (Silvy X Ran; +https://silvyxran.love; +https://silver.inc)"
54.84.90.26 - - [01/Aug/2026:23:47:31 +0200] "GET /skins/default/default_right.css HTTP/1.1" 200 9706 "-" "Mozilla/5.0 (Windows NT 10.0; Win64; x64) AppleWebKit/537.36 (KHTML, like Gecko) Chrome/145.0.7632.6 Safari/537.36"
144.24.123.141 - - [01/Aug/2026:23:47:31 +0200] "GET /js/app.js HTTP/1.1" 404 207 "-" "Mozilla/5.0 (Windows NT 10.0; Win64; x64) AppleWebKit/537.36 (KHTML, like Gecko) Chrome/136.0.0.0 Safari/537.36 (Silvy X Ran; +https://silvyxran.love; +https://silver.inc)"
54.84.90.26 - - [01/Aug/2026:23:47:32 +0200] "GET /skins/default/nicetitle.css HTTP/1.1" 200 503 "-" "Mozilla/5.0 (Windows NT 10.0; Win64; x64) AppleWebKit/537.36 (KHTML, like Gecko) Chrome/145.0.7632.6 Safari/537.36"
54.84.90.26 - - [01/Aug/2026:23:47:32 +0200] "GET /skins/default/nicetitle.js HTTP/1.1" 200 11544 "-" "Mozilla/5.0 (Windows NT 10.0; Win64; x64) AppleWebKit/537.36 (KHTML, like Gecko) Chrome/145.0.7632.6 Safari/537.36"
143.198.85.89 - - [01/Aug/2026:23:47:32 +0200] "GET /home/node/.aws/credentials HTTP/1.1" 404 224 "-" "Mozilla/5.0 (Windows NT 10.0; Win64; x64) AppleWebKit/537.36 (KHTML, like Gecko) Chrome/136.0.0.0 Safari/537.36 (Silvy X Ran; +https://silvyxran.love; +https://silver.inc)"
54.84.90.26 - - [01/Aug/2026:23:47:32 +0200] "GET /skins/default/images/nucleus.gif HTTP/1.1" 200 1508 "https://nucleus.mamweb.at/" "Mozilla/5.0 (Windows NT 10.0; Win64; x64) AppleWebKit/537.36 (KHTML, like Gecko) Chrome/145.0.7632.6 Safari/537.36"
144.24.123.141 - - [01/Aug/2026:23:47:32 +0200] "GET /js/main.js HTTP/1.1" 404 208 "-" "Mozilla/5.0 (Windows NT 10.0; Win64; x64) AppleWebKit/537.36 (KHTML, like Gecko) Chrome/136.0.0.0 Safari/537.36 (Silvy X Ran; +https://silvyxran.love; +https://silver.inc)"
202.178.125.178 - - [01/Aug/2026:23:47:32 +0200] "GET /ecosystem.config.js HTTP/1.1" 404 217 "-" "Mozilla/5.0 (Windows NT 10.0; Win64; x64) AppleWebKit/537.36 (KHTML, like Gecko) Chrome/136.0.0.0 Safari/537.36 (Silvy X Ran; +https://silvyxran.love; +https://silver.inc)"
54.84.90.26 - - [01/Aug/2026:23:47:32 +0200] "GET /skins/default/images/bg.gif HTTP/1.1" 200 50 "https://nucleus.mamweb.at/skins/default/default_right.css" "Mozilla/5.0 (Windows NT 10.0; Win64; x64) AppleWebKit/537.36 (KHTML, like Gecko) Chrome/145.0.7632.6 Safari/537.36"
54.84.90.26 - - [01/Aug/2026:23:47:32 +0200] "GET /skins/default/images/header_sm.jpg HTTP/1.1" 200 470 "https://nucleus.mamweb.at/skins/default/default_right.css" "Mozilla/5.0 (Windows NT 10.0; Win64; x64) AppleWebKit/537.36 (KHTML, like Gecko) Chrome/145.0.7632.6 Safari/537.36"
54.84.90.26 - - [01/Aug/2026:23:47:32 +0200] "GET /skins/default/images/bgcontainer02.gif HTTP/1.1" 200 91 "https://nucleus.mamweb.at/skins/default/default_right.css" "Mozilla/5.0 (Windows NT 10.0; Win64; x64) AppleWebKit/537.36 (KHTML, like Gecko) Chrome/145.0.7632.6 Safari/537.36"
54.90.74.19 - - [01/Aug/2026:23:47:32 +0200] "GET / HTTP/1.1" 200 8668 "-" "Mozilla/5.0 (Linux; Android 16; SM-S921U) AppleWebKit/537.36 (KHTML, like Gecko) Chrome/145.0.7632.6 Mobile Safari/537.36"
54.84.90.26 - - [01/Aug/2026:23:47:32 +0200] "GET /skins/default/images/dot.gif HTTP/1.1" 200 49 "https://nucleus.mamweb.at/skins/default/default_right.css" "Mozilla/5.0 (Windows NT 10.0; Win64; x64) AppleWebKit/537.36 (KHTML, like Gecko) Chrome/145.0.7632.6 Safari/537.36"
144.24.123.141 - - [01/Aug/2026:23:47:32 +0200] "GET /settings.py HTTP/1.1" 404 209 "-" "Mozilla/5.0 (Windows NT 10.0; Win64; x64) AppleWebKit/537.36 (KHTML, like Gecko) Chrome/136.0.0.0 Safari/537.36 (Silvy X Ran; +https://silvyxran.love; +https://silver.inc)"
54.84.90.26 - - [01/Aug/2026:23:47:32 +0200] "GET /skins/default/images/bgcategory.gif HTTP/1.1" 200 178 "https://nucleus.mamweb.at/skins/default/default_right.css" "Mozilla/5.0 (Windows NT 10.0; Win64; x64) AppleWebKit/537.36 (KHTML, like Gecko) Chrome/145.0.7632.6 Safari/537.36"
54.84.90.26 - - [01/Aug/2026:23:47:32 +0200] "GET /skins/default/images/sidetitlebg.gif HTTP/1.1" 200 51 "https://nucleus.mamweb.at/skins/default/default_right.css" "Mozilla/5.0 (Windows NT 10.0; Win64; x64) AppleWebKit/537.36 (KHTML, like Gecko) Chrome/145.0.7632.6 Safari/537.36"
143.198.85.89 - - [01/Aug/2026:23:47:32 +0200] "GET /terraform.tfvars HTTP/1.1" 404 214 "-" "Mozilla/5.0 (Windows NT 10.0; Win64; x64) AppleWebKit/537.36 (KHTML, like Gecko) Chrome/136.0.0.0 Safari/537.36 (Silvy X Ran; +https://silvyxran.love; +https://silver.inc)"
54.84.90.26 - - [01/Aug/2026:23:47:32 +0200] "GET /skins/default/images/dotv.gif HTTP/1.1" 200 49 "https://nucleus.mamweb.at/skins/default/default_right.css" "Mozilla/5.0 (Windows NT 10.0; Win64; x64) AppleWebKit/537.36 (KHTML, like Gecko) Chrome/145.0.7632.6 Safari/537.36"
54.90.74.19 - - [01/Aug/2026:23:47:32 +0200] "GET /css/bootstrap.min.css HTTP/1.1" 200 122540 "https://spaghetti-skeletti.mamweb.at/" "Mozilla/5.0 (Linux; Android 16; SM-S921U) AppleWebKit/537.36 (KHTML, like Gecko) Chrome/145.0.7632.6 Mobile Safari/537.36"
54.84.90.26 - - [01/Aug/2026:23:47:32 +0200] "GET /skins/default/images/bgpostedby.gif HTTP/1.1" 200 122 "https://nucleus.mamweb.at/skins/default/default_right.css" "Mozilla/5.0 (Windows NT 10.0; Win64; x64) AppleWebKit/537.36 (KHTML, like Gecko) Chrome/145.0.7632.6 Safari/537.36"
54.84.90.26 - - [01/Aug/2026:23:47:32 +0200] "GET /skins/default/images/bgcomment.gif HTTP/1.1" 200 69 "https://nucleus.mamweb.at/skins/default/default_right.css" "Mozilla/5.0 (Windows NT 10.0; Win64; x64) AppleWebKit/537.36 (KHTML, like Gecko) Chrome/145.0.7632.6 Safari/537.36"
54.84.90.26 - - [01/Aug/2026:23:47:32 +0200] "GET /skins/default/images/arrow.gif HTTP/1.1" 200 55 "https://nucleus.mamweb.at/skins/default/default_right.css" "Mozilla/5.0 (Windows NT 10.0; Win64; x64) AppleWebKit/537.36 (KHTML, like Gecko) Chrome/145.0.7632.6 Safari/537.36"
144.24.123.141 - - [01/Aug/2026:23:47:32 +0200] "GET /config.py HTTP/1.1" 404 207 "-" "Mozilla/5.0 (Windows NT 10.0; Win64; x64) AppleWebKit/537.36 (KHTML, like Gecko) Chrome/136.0.0.0 Safari/537.36 (Silvy X Ran; +https://silvyxran.love; +https://silver.inc)"
54.90.74.19 - - [01/Aug/2026:23:47:33 +0200] "GET /css/font-awesome.min.css HTTP/1.1" 200 23739 "https://spaghetti-skeletti.mamweb.at/" "Mozilla/5.0 (Linux; Android 16; SM-S921U) AppleWebKit/537.36 (KHTML, like Gecko) Chrome/145.0.7632.6 Mobile Safari/537.36"
143.198.85.89 - - [01/Aug/2026:23:47:33 +0200] "GET /terraform.tfstate HTTP/1.1" 404 215 "-" "Mozilla/5.0 (Windows NT 10.0; Win64; x64) AppleWebKit/537.36 (KHTML, like Gecko) Chrome/136.0.0.0 Safari/537.36 (Silvy X Ran; +https://silvyxran.love; +https://silver.inc)"
54.90.74.19 - - [01/Aug/2026:23:47:33 +0200] "GET /css/templatemo-gray.css HTTP/1.1" 200 5164 "https://spaghetti-skeletti.mamweb.at/" "Mozilla/5.0 (Linux; Android 16; SM-S921U) AppleWebKit/537.36 (KHTML, like Gecko) Chrome/145.0.7632.6 Mobile Safari/537.36"
54.90.74.19 - - [01/Aug/2026:23:47:33 +0200] "GET /music/WMPlayer/dist/WMPlayer.js HTTP/1.1" 200 23295 "https://spaghetti-skeletti.mamweb.at/" "Mozilla/5.0 (Linux; Android 16; SM-S921U) AppleWebKit/537.36 (KHTML, like Gecko) Chrome/145.0.7632.6 Mobile Safari/537.36"
54.90.74.19 - - [01/Aug/2026:23:47:33 +0200] "GET /music/WMPlayer/dist/WMPlayerEvent.js HTTP/1.1" 200 609 "https://spaghetti-skeletti.mamweb.at/" "Mozilla/5.0 (Linux; Android 16; SM-S921U) AppleWebKit/537.36 (KHTML, like Gecko) Chrome/145.0.7632.6 Mobile Safari/537.36"
144.24.123.141 - - [01/Aug/2026:23:47:33 +0200] "GET /secrets.py HTTP/1.1" 404 208 "-" "Mozilla/5.0 (Windows NT 10.0; Win64; x64) AppleWebKit/537.36 (KHTML, like Gecko) Chrome/136.0.0.0 Safari/537.36 (Silvy X Ran; +https://silvyxran.love; +https://silver.inc)"
54.90.74.19 - - [01/Aug/2026:23:47:33 +0200] "GET /music/WMPlayer/dist/WMPlayerModel.js HTTP/1.1" 200 24851 "https://spaghetti-skeletti.mamweb.at/" "Mozilla/5.0 (Linux; Android 16; SM-S921U) AppleWebKit/537.36 (KHTML, like Gecko) Chrome/145.0.7632.6 Mobile Safari/537.36"
54.90.74.19 - - [01/Aug/2026:23:47:33 +0200] "GET /music/WMPlayer/dist/WMPlayerView.js HTTP/1.1" 200 18789 "https://spaghetti-skeletti.mamweb.at/" "Mozilla/5.0 (Linux; Android 16; SM-S921U) AppleWebKit/537.36 (KHTML, like Gecko) Chrome/145.0.7632.6 Mobile Safari/537.36"
54.90.74.19 - - [01/Aug/2026:23:47:33 +0200] "GET /images/spaghetti-skeletti_logo.jpg HTTP/1.1" 200 223903 "https://spaghetti-skeletti.mamweb.at/" "Mozilla/5.0 (Linux; Android 16; SM-S921U) AppleWebKit/537.36 (KHTML, like Gecko) Chrome/145.0.7632.6 Mobile Safari/537.36"
54.90.74.19 - - [01/Aug/2026:23:47:33 +0200] "GET /fonts/ProximaNova-Regular.otf HTTP/1.1" 200 62892 "https://spaghetti-skeletti.mamweb.at/css/templatemo-gray.css" "Mozilla/5.0 (Linux; Android 16; SM-S921U) AppleWebKit/537.36 (KHTML, like Gecko) Chrome/145.0.7632.6 Mobile Safari/537.36"
143.198.85.89 - - [01/Aug/2026:23:47:33 +0200] "GET /ecosystem.config.js HTTP/1.1" 404 217 "-" "Mozilla/5.0 (Windows NT 10.0; Win64; x64) AppleWebKit/537.36 (KHTML, like Gecko) Chrome/136.0.0.0 Safari/537.36 (Silvy X Ran; +https://silvyxran.love; +https://silver.inc)"
202.178.125.178 - - [01/Aug/2026:23:47:33 +0200] "GET /secrets.yaml HTTP/1.1" 404 210 "-" "Mozilla/5.0 (Windows NT 10.0; Win64; x64) AppleWebKit/537.36 (KHTML, like Gecko) Chrome/136.0.0.0 Safari/537.36 (Silvy X Ran; +https://silvyxran.love; +https://silver.inc)"
54.90.74.19 - - [01/Aug/2026:23:47:33 +0200] "GET /js/bootstrap.min.js HTTP/1.1" 200 36816 "https://spaghetti-skeletti.mamweb.at/" "Mozilla/5.0 (Linux; Android 16; SM-S921U) AppleWebKit/537.36 (KHTML, like Gecko) Chrome/145.0.7632.6 Mobile Safari/537.36"
54.90.74.19 - - [01/Aug/2026:23:47:33 +0200] "GET /js/jquery.backstretch.min.js HTTP/1.1" 200 4235 "https://spaghetti-skeletti.mamweb.at/" "Mozilla/5.0 (Linux; Android 16; SM-S921U) AppleWebKit/537.36 (KHTML, like Gecko) Chrome/145.0.7632.6 Mobile Safari/537.36"
144.24.123.141 - - [01/Aug/2026:23:47:33 +0200] "GET /config/secrets.yml HTTP/1.1" 404 216 "-" "Mozilla/5.0 (Windows NT 10.0; Win64; x64) AppleWebKit/537.36 (KHTML, like Gecko) Chrome/136.0.0.0 Safari/537.36 (Silvy X Ran; +https://silvyxran.love; +https://silver.inc)"
54.90.74.19 - - [01/Aug/2026:23:47:33 +0200] "GET /js/custom.js HTTP/1.1" 200 377 "https://spaghetti-skeletti.mamweb.at/" "Mozilla/5.0 (Linux; Android 16; SM-S921U) AppleWebKit/537.36 (KHTML, like Gecko) Chrome/145.0.7632.6 Mobile Safari/537.36"
54.90.74.19 - - [01/Aug/2026:23:47:33 +0200] "GET /music/WMPlayer/dist/WMPlayer.css HTTP/1.1" 200 7989 "https://spaghetti-skeletti.mamweb.at/" "Mozilla/5.0 (Linux; Android 16; SM-S921U) AppleWebKit/537.36 (KHTML, like Gecko) Chrome/145.0.7632.6 Mobile Safari/537.36"
54.90.74.19 - - [01/Aug/2026:23:47:33 +0200] "GET /js/jquery.js HTTP/1.1" 200 93099 "https://spaghetti-skeletti.mamweb.at/" "Mozilla/5.0 (Linux; Android 16; SM-S921U) AppleWebKit/537.36 (KHTML, like Gecko) Chrome/145.0.7632.6 Mobile Safari/537.36"
143.198.85.89 - - [01/Aug/2026:23:47:33 +0200] "GET /secrets.yaml HTTP/1.1" 404 210 "-" "Mozilla/5.0 (Windows NT 10.0; Win64; x64) AppleWebKit/537.36 (KHTML, like Gecko) Chrome/136.0.0.0 Safari/537.36 (Silvy X Ran; +https://silvyxran.love; +https://silver.inc)"
54.90.74.19 - - [01/Aug/2026:23:47:33 +0200] "GET /images/spaghetti-skeletti_avatar.jpg HTTP/1.1" 200 831884 "https://spaghetti-skeletti.mamweb.at/" "Mozilla/5.0 (Linux; Android 16; SM-S921U) AppleWebKit/537.36 (KHTML, like Gecko) Chrome/145.0.7632.6 Mobile Safari/537.36"
202.178.125.178 - - [01/Aug/2026:23:47:33 +0200] "GET /secrets.yml HTTP/1.1" 404 209 "-" "Mozilla/5.0 (Windows NT 10.0; Win64; x64) AppleWebKit/537.36 (KHTML, like Gecko) Chrome/136.0.0.0 Safari/537.36 (Silvy X Ran; +https://silvyxran.love; +https://silver.inc)"
144.24.123.141 - - [01/Aug/2026:23:47:33 +0200] "GET /config/master.key HTTP/1.1" 404 215 "-" "Mozilla/5.0 (Windows NT 10.0; Win64; x64) AppleWebKit/537.36 (KHTML, like Gecko) Chrome/136.0.0.0 Safari/537.36 (Silvy X Ran; +https://silvyxran.love; +https://silver.inc)"
143.198.85.89 - - [01/Aug/2026:23:47:34 +0200] "GET /secrets.yml HTTP/1.1" 404 209 "-" "Mozilla/5.0 (Windows NT 10.0; Win64; x64) AppleWebKit/537.36 (KHTML, like Gecko) Chrome/136.0.0.0 Safari/537.36 (Silvy X Ran; +https://silvyxran.love; +https://silver.inc)"
144.24.123.141 - - [01/Aug/2026:23:47:34 +0200] "GET /wp-config.php.bak HTTP/1.1" 404 215 "-" "Mozilla/5.0 (Windows NT 10.0; Win64; x64) AppleWebKit/537.36 (KHTML, like Gecko) Chrome/136.0.0.0 Safari/537.36 (Silvy X Ran; +https://silvyxran.love; +https://silver.inc)"
54.84.90.26 - - [01/Aug/2026:23:47:34 +0200] "GET /favicon.ico HTTP/1.1" 404 209 "-" "Mozilla/5.0 (Windows NT 10.0; Win64; x64) AppleWebKit/537.36 (KHTML, like Gecko) Chrome/145.0.7632.6 Safari/537.36"
202.178.125.178 - - [01/Aug/2026:23:47:34 +0200] "GET /.secrets HTTP/1.1" 404 206 "-" "Mozilla/5.0 (Windows NT 10.0; Win64; x64) AppleWebKit/537.36 (KHTML, like Gecko) Chrome/136.0.0.0 Safari/537.36 (Silvy X Ran; +https://silvyxran.love; +https://silver.inc)"
54.90.74.19 - - [01/Aug/2026:23:47:34 +0200] "GET /music/Songs/Covers/Spaghetti%20Skeletti%20-%202026%20-%20The%20Cookies%20[Maxi-Single]%20-%2001%20-%20The%20Cookies%20(Original%20Version).jpg HTTP/1.1" 404 312 "https://spaghetti-skeletti.mamweb.at/" "Mozilla/5.0 (Linux; Android 16; SM-S921U) AppleWebKit/537.36 (KHTML, like Gecko) Chrome/145.0.7632.6 Mobile Safari/537.36"
144.24.123.141 - - [01/Aug/2026:23:47:34 +0200] "GET /wp-config.php.old HTTP/1.1" 404 215 "-" "Mozilla/5.0 (Windows NT 10.0; Win64; x64) AppleWebKit/537.36 (KHTML, like Gecko) Chrome/136.0.0.0 Safari/537.36 (Silvy X Ran; +https://silvyxran.love; +https://silver.inc)"
143.198.85.89 - - [01/Aug/2026:23:47:34 +0200] "GET /.secrets HTTP/1.1" 404 206 "-" "Mozilla/5.0 (Windows NT 10.0; Win64; x64) AppleWebKit/537.36 (KHTML, like Gecko) Chrome/136.0.0.0 Safari/537.36 (Silvy X Ran; +https://silvyxran.love; +https://silver.inc)"
54.90.74.19 - - [01/Aug/2026:23:47:34 +0200] "GET /images/wp-speakers-1.jpg HTTP/1.1" 200 159408 "https://spaghetti-skeletti.mamweb.at/" "Mozilla/5.0 (Linux; Android 16; SM-S921U) AppleWebKit/537.36 (KHTML, like Gecko) Chrome/145.0.7632.6 Mobile Safari/537.36"
54.90.74.19 - - [01/Aug/2026:23:47:34 +0200] "GET /images/wp-headphones.jpg HTTP/1.1" 200 621296 "https://spaghetti-skeletti.mamweb.at/" "Mozilla/5.0 (Linux; Android 16; SM-S921U) AppleWebKit/537.36 (KHTML, like Gecko) Chrome/145.0.7632.6 Mobile Safari/537.36"
144.24.123.141 - - [01/Aug/2026:23:47:34 +0200] "GET /wp-config.php.save HTTP/1.1" 404 216 "-" "Mozilla/5.0 (Windows NT 10.0; Win64; x64) AppleWebKit/537.36 (KHTML, like Gecko) Chrome/136.0.0.0 Safari/537.36 (Silvy X Ran; +https://silvyxran.love; +https://silver.inc)"
143.198.85.89 - - [01/Aug/2026:23:47:35 +0200] "GET /.env.vault HTTP/1.1" 404 208 "-" "Mozilla/5.0 (Windows NT 10.0; Win64; x64) AppleWebKit/537.36 (KHTML, like Gecko) Chrome/136.0.0.0 Safari/537.36 (Silvy X Ran; +https://silvyxran.love; +https://silver.inc)"
202.178.125.178 - - [01/Aug/2026:23:47:35 +0200] "GET /.env.vault HTTP/1.1" 404 208 "-" "Mozilla/5.0 (Windows NT 10.0; Win64; x64) AppleWebKit/537.36 (KHTML, like Gecko) Chrome/136.0.0.0 Safari/537.36 (Silvy X Ran; +https://silvyxran.love; +https://silver.inc)"
144.24.123.141 - - [01/Aug/2026:23:47:35 +0200] "GET /wp-config.php.txt HTTP/1.1" 404 215 "-" "Mozilla/5.0 (Windows NT 10.0; Win64; x64) AppleWebKit/537.36 (KHTML, like Gecko) Chrome/136.0.0.0 Safari/537.36 (Silvy X Ran; +https://silvyxran.love; +https://silver.inc)"
143.198.85.89 - - [01/Aug/2026:23:47:35 +0200] "GET /.aws/credentials HTTP/1.1" 404 214 "-" "Mozilla/5.0 (Windows NT 10.0; Win64; x64) AppleWebKit/537.36 (KHTML, like Gecko) Chrome/136.0.0.0 Safari/537.36 (Silvy X Ran; +https://silvyxran.love; +https://silver.inc)"
54.90.74.19 - - [01/Aug/2026:23:47:34 +0200] "GET /music/Songs/Covers/Spaghetti%20Skeletti%20-%202026%20-%20The%20Cookies%20[Maxi-Single]%20-%2001%20-%20The%20Cookies%20(Original%20Version).png HTTP/1.1" 200 2678780 "https://spaghetti-skeletti.mamweb.at/" "Mozilla/5.0 (Linux; Android 16; SM-S921U) AppleWebKit/537.36 (KHTML, like Gecko) Chrome/145.0.7632.6 Mobile Safari/537.36"
54.90.74.19 - - [01/Aug/2026:23:47:34 +0200] "GET /images/wp-speakers-6.jpg HTTP/1.1" 200 640912 "https://spaghetti-skeletti.mamweb.at/" "Mozilla/5.0 (Linux; Android 16; SM-S921U) AppleWebKit/537.36 (KHTML, like Gecko) Chrome/145.0.7632.6 Mobile Safari/537.36"
144.24.123.141 - - [01/Aug/2026:23:47:35 +0200] "GET /wp-config.php~ HTTP/1.1" 404 212 "-" "Mozilla/5.0 (Windows NT 10.0; Win64; x64) AppleWebKit/537.36 (KHTML, like Gecko) Chrome/136.0.0.0 Safari/537.36 (Silvy X Ran; +https://silvyxran.love; +https://silver.inc)"
143.198.85.89 - - [01/Aug/2026:23:47:35 +0200] "GET /.aws/config HTTP/1.1" 404 209 "-" "Mozilla/5.0 (Windows NT 10.0; Win64; x64) AppleWebKit/537.36 (KHTML, like Gecko) Chrome/136.0.0.0 Safari/537.36 (Silvy X Ran; +https://silvyxran.love; +https://silver.inc)"
54.90.74.19 - - [01/Aug/2026:23:47:34 +0200] "GET /music/Songs/Spaghetti%20Skeletti%20-%202026%20-%20The%20Cookies%20[Maxi-Single]%20-%2001%20-%20The%20Cookies%20(Original%20Version).mp3 HTTP/1.1" 206 5191646 "https://spaghetti-skeletti.mamweb.at/" "Mozilla/5.0 (Linux; Android 16; SM-S921U) AppleWebKit/537.36 (KHTML, like Gecko) Chrome/145.0.7632.6 Mobile Safari/537.36"
202.178.125.178 - - [01/Aug/2026:23:47:36 +0200] "GET /.aws/credentials HTTP/1.1" 404 214 "-" "Mozilla/5.0 (Windows NT 10.0; Win64; x64) AppleWebKit/537.36 (KHTML, like Gecko) Chrome/136.0.0.0 Safari/537.36 (Silvy X Ran; +https://silvyxran.love; +https://silver.inc)"
143.198.85.89 - - [01/Aug/2026:23:47:36 +0200] "GET /.docker/config.json HTTP/1.1" 404 217 "-" "Mozilla/5.0 (Windows NT 10.0; Win64; x64) AppleWebKit/537.36 (KHTML, like Gecko) Chrome/136.0.0.0 Safari/537.36 (Silvy X Ran; +https://silvyxran.love; +https://silver.inc)"
143.198.85.89 - - [01/Aug/2026:23:47:36 +0200] "GET /storage/framework/.env HTTP/1.1" 404 220 "-" "Mozilla/5.0 (Windows NT 10.0; Win64; x64) AppleWebKit/537.36 (KHTML, like Gecko) Chrome/136.0.0.0 Safari/537.36 (Silvy X Ran; +https://silvyxran.love; +https://silver.inc)"
143.198.85.89 - - [01/Aug/2026:23:47:37 +0200] "GET /laravel/.env HTTP/1.1" 404 210 "-" "Mozilla/5.0 (Windows NT 10.0; Win64; x64) AppleWebKit/537.36 (KHTML, like Gecko) Chrome/136.0.0.0 Safari/537.36 (Silvy X Ran; +https://silvyxran.love; +https://silver.inc)"
54.90.74.19 - - [01/Aug/2026:23:47:37 +0200] "GET /favicon-32x32.png HTTP/1.1" 200 3357 "https://spaghetti-skeletti.mamweb.at/" "Mozilla/5.0 (Linux; Android 16; SM-S921U) AppleWebKit/537.36 (KHTML, like Gecko) Chrome/145.0.7632.6 Mobile Safari/537.36"
143.198.85.89 - - [01/Aug/2026:23:47:37 +0200] "GET /debug/vars HTTP/1.1" 404 208 "-" "Mozilla/5.0 (Windows NT 10.0; Win64; x64) AppleWebKit/537.36 (KHTML, like Gecko) Chrome/136.0.0.0 Safari/537.36 (Silvy X Ran; +https://silvyxran.love; +https://silver.inc)"
143.198.85.89 - - [01/Aug/2026:23:47:37 +0200] "GET /.gcp/credentials.json HTTP/1.1" 404 219 "-" "Mozilla/5.0 (Windows NT 10.0; Win64; x64) AppleWebKit/537.36 (KHTML, like Gecko) Chrome/136.0.0.0 Safari/537.36 (Silvy X Ran; +https://silvyxran.love; +https://silver.inc)"
159.65.181.218 - - [01/Aug/2026:23:47:38 +0200] "GET / HTTP/1.1" 200 12898 "-" "Mozilla/5.0 (X11; Linux x86_64) AppleWebKit/537.36 (KHTML, like Gecko) Chrome/142.0.0.0 Safari/537.36"
143.198.85.89 - - [01/Aug/2026:23:47:38 +0200] "GET /.gcp/service-account.json HTTP/1.1" 404 223 "-" "Mozilla/5.0 (Windows NT 10.0; Win64; x64) AppleWebKit/537.36 (KHTML, like Gecko) Chrome/136.0.0.0 Safari/537.36 (Silvy X Ran; +https://silvyxran.love; +https://silver.inc)"
202.178.125.178 - - [01/Aug/2026:23:47:38 +0200] "GET /.aws/config HTTP/1.1" 404 209 "-" "Mozilla/5.0 (Windows NT 10.0; Win64; x64) AppleWebKit/537.36 (KHTML, like Gecko) Chrome/136.0.0.0 Safari/537.36 (Silvy X Ran; +https://silvyxran.love; +https://silver.inc)"
54.90.74.19 - - [01/Aug/2026:23:47:38 +0200] "GET /favicon-32x32.png HTTP/1.1" 200 3357 "-" "Mozilla/5.0 (Linux; Android 16; SM-S921U) AppleWebKit/537.36 (KHTML, like Gecko) Chrome/145.0.7632.6 Mobile Safari/537.36"
143.198.85.89 - - [01/Aug/2026:23:47:38 +0200] "GET /gcp-credentials.json HTTP/1.1" 404 218 "-" "Mozilla/5.0 (Windows NT 10.0; Win64; x64) AppleWebKit/537.36 (KHTML, like Gecko) Chrome/136.0.0.0 Safari/537.36 (Silvy X Ran; +https://silvyxran.love; +https://silver.inc)"
54.90.74.19 - - [01/Aug/2026:23:47:38 +0200] "GET /favicon-16x16.png HTTP/1.1" 200 981 "-" "Mozilla/5.0 (Linux; Android 16; SM-S921U) AppleWebKit/537.36 (KHTML, like Gecko) Chrome/145.0.7632.6 Mobile Safari/537.36"
54.211.110.59 - - [01/Aug/2026:23:47:39 +0200] "GET / HTTP/1.1" 200 8668 "-" "Mozilla/5.0 (Windows NT 10.0; Win64; x64) AppleWebKit/537.36 (KHTML, like Gecko) Chrome/145.0.7632.6 Safari/537.36"
143.198.85.89 - - [01/Aug/2026:23:47:39 +0200] "GET /gcp-service-account.json HTTP/1.1" 404 222 "-" "Mozilla/5.0 (Windows NT 10.0; Win64; x64) AppleWebKit/537.36 (KHTML, like Gecko) Chrome/136.0.0.0 Safari/537.36 (Silvy X Ran; +https://silvyxran.love; +https://silver.inc)"
54.211.110.59 - - [01/Aug/2026:23:47:39 +0200] "GET /css/bootstrap.min.css HTTP/1.1" 200 122540 "https://spaghetti-skeletti.mamweb.at/" "Mozilla/5.0 (Windows NT 10.0; Win64; x64) AppleWebKit/537.36 (KHTML, like Gecko) Chrome/145.0.7632.6 Safari/537.36"
143.198.85.89 - - [01/Aug/2026:23:47:39 +0200] "GET /service-account.json HTTP/1.1" 404 218 "-" "Mozilla/5.0 (Windows NT 10.0; Win64; x64) AppleWebKit/537.36 (KHTML, like Gecko) Chrome/136.0.0.0 Safari/537.36 (Silvy X Ran; +https://silvyxran.love; +https://silver.inc)"
54.211.110.59 - - [01/Aug/2026:23:47:39 +0200] "GET /css/font-awesome.min.css HTTP/1.1" 200 23739 "https://spaghetti-skeletti.mamweb.at/" "Mozilla/5.0 (Windows NT 10.0; Win64; x64) AppleWebKit/537.36 (KHTML, like Gecko) Chrome/145.0.7632.6 Safari/537.36"
54.211.110.59 - - [01/Aug/2026:23:47:39 +0200] "GET /css/templatemo-gray.css HTTP/1.1" 200 5164 "https://spaghetti-skeletti.mamweb.at/" "Mozilla/5.0 (Windows NT 10.0; Win64; x64) AppleWebKit/537.36 (KHTML, like Gecko) Chrome/145.0.7632.6 Safari/537.36"
